{"id":9077,"date":"2021-01-08T11:38:50","date_gmt":"2021-01-08T10:38:50","guid":{"rendered":"http:\/\/www.1010votropticien.com\/blog\/?page_id=9077"},"modified":"2021-01-08T11:42:05","modified_gmt":"2021-01-08T10:42:05","slug":"vicomte-arthur","status":"publish","type":"page","link":"http:\/\/www.1010votropticien.com\/blog\/vicomte-arthur\/","title":{"rendered":"Vicomte Arthur"},"content":{"rendered":"\n<h2 class=\"wp-block-heading\">Voici un petit aper\u00e7u des mod\u00e8les de la collection Vicomte Arthur &#8230; Venez vite en magasin les essayer et d\u00e9couvrir d&rsquo;autres mod\u00e8les!<\/h2>\n\n\n\n<figure class=\"wp-block-gallery columns-3 is-cropped wp-block-gallery-1 is-layout-flex\"><ul class=\"blocks-gallery-grid\"><li class=\"blocks-gallery-item\"><figure><a href=\"http:\/\/www.1010votropticien.com\/blog\/?attachment_id=9078\"><img decoding=\"async\" loading=\"lazy\" width=\"1920\" height=\"1920\" src=\"https:\/\/i2.wp.com\/www.1010votropticien.com\/blog\/wp-content\/uploads\/2021\/01\/VICOMTE-ARTHUR-VA40131-OPTIQUE-1010-FACHES-THUMESNIL-17625.jpg?fit=838%2C838\" alt=\"\" data-id=\"9078\" data-full-url=\"https:\/\/i2.wp.com\/www.1010votropticien.com\/blog\/wp-content\/uploads\/2021\/01\/VICOMTE-ARTHUR-VA40131-OPTIQUE-1010-FACHES-THUMESNIL-17625.jpg?fit=1920%2C1920\" data-link=\"http:\/\/www.1010votropticien.com\/blog\/?attachment_id=9078\" class=\"wp-image-9078\" srcset=\"http:\/\/www.1010votropticien.com\/blog\/wp-content\/uploads\/2021\/01\/VICOMTE-ARTHUR-VA40131-OPTIQUE-1010-FACHES-THUMESNIL-17625.jpg 1920w, http:\/\/www.1010votropticien.com\/blog\/wp-content\/uploads\/2021\/01\/VICOMTE-ARTHUR-VA40131-OPTIQUE-1010-FACHES-THUMESNIL-17625-300x300.jpg 300w, http:\/\/www.1010votropticien.com\/blog\/wp-content\/uploads\/2021\/01\/VICOMTE-ARTHUR-VA40131-OPTIQUE-1010-FACHES-THUMESNIL-17625-1024x1024.jpg 1024w, http:\/\/www.1010votropticien.com\/blog\/wp-content\/uploads\/2021\/01\/VICOMTE-ARTHUR-VA40131-OPTIQUE-1010-FACHES-THUMESNIL-17625-768x768.jpg 768w, http:\/\/www.1010votropticien.com\/blog\/wp-content\/uploads\/2021\/01\/VICOMTE-ARTHUR-VA40131-OPTIQUE-1010-FACHES-THUMESNIL-17625-1536x1536.jpg 1536w, http:\/\/www.1010votropticien.com\/blog\/wp-content\/uploads\/2021\/01\/VICOMTE-ARTHUR-VA40131-OPTIQUE-1010-FACHES-THUMESNIL-17625-160x160.jpg 160w, http:\/\/www.1010votropticien.com\/blog\/wp-content\/uploads\/2021\/01\/VICOMTE-ARTHUR-VA40131-OPTIQUE-1010-FACHES-THUMESNIL-17625-240x240.jpg 240w, http:\/\/www.1010votropticien.com\/blog\/wp-content\/uploads\/2021\/01\/VICOMTE-ARTHUR-VA40131-OPTIQUE-1010-FACHES-THUMESNIL-17625-60x60.jpg 60w, http:\/\/www.1010votropticien.com\/blog\/wp-content\/uploads\/2021\/01\/VICOMTE-ARTHUR-VA40131-OPTIQUE-1010-FACHES-THUMESNIL-17625-184x184.jpg 184w, http:\/\/www.1010votropticien.com\/blog\/wp-content\/uploads\/2021\/01\/VICOMTE-ARTHUR-VA40131-OPTIQUE-1010-FACHES-THUMESNIL-17625-50x50.jpg 50w\" sizes=\"(max-width: 1920px) 100vw, 1920px\" \/><\/a><\/figure><\/li><li class=\"blocks-gallery-item\"><figure><a href=\"http:\/\/www.1010votropticien.com\/blog\/?attachment_id=9079\"><img decoding=\"async\" loading=\"lazy\" width=\"1920\" height=\"1920\" src=\"https:\/\/i0.wp.com\/www.1010votropticien.com\/blog\/wp-content\/uploads\/2021\/01\/VICOMTE-ARTHUR-VA40134-OPTIQUE-1010-FACHES-THUMESNIL-17622.jpg?fit=838%2C838\" alt=\"\" data-id=\"9079\" data-full-url=\"https:\/\/i0.wp.com\/www.1010votropticien.com\/blog\/wp-content\/uploads\/2021\/01\/VICOMTE-ARTHUR-VA40134-OPTIQUE-1010-FACHES-THUMESNIL-17622.jpg?fit=1920%2C1920\" data-link=\"http:\/\/www.1010votropticien.com\/blog\/?attachment_id=9079\" class=\"wp-image-9079\" srcset=\"http:\/\/www.1010votropticien.com\/blog\/wp-content\/uploads\/2021\/01\/VICOMTE-ARTHUR-VA40134-OPTIQUE-1010-FACHES-THUMESNIL-17622.jpg 1920w, http:\/\/www.1010votropticien.com\/blog\/wp-content\/uploads\/2021\/01\/VICOMTE-ARTHUR-VA40134-OPTIQUE-1010-FACHES-THUMESNIL-17622-300x300.jpg 300w, http:\/\/www.1010votropticien.com\/blog\/wp-content\/uploads\/2021\/01\/VICOMTE-ARTHUR-VA40134-OPTIQUE-1010-FACHES-THUMESNIL-17622-1024x1024.jpg 1024w, http:\/\/www.1010votropticien.com\/blog\/wp-content\/uploads\/2021\/01\/VICOMTE-ARTHUR-VA40134-OPTIQUE-1010-FACHES-THUMESNIL-17622-768x768.jpg 768w, http:\/\/www.1010votropticien.com\/blog\/wp-content\/uploads\/2021\/01\/VICOMTE-ARTHUR-VA40134-OPTIQUE-1010-FACHES-THUMESNIL-17622-1536x1536.jpg 1536w, http:\/\/www.1010votropticien.com\/blog\/wp-content\/uploads\/2021\/01\/VICOMTE-ARTHUR-VA40134-OPTIQUE-1010-FACHES-THUMESNIL-17622-160x160.jpg 160w, http:\/\/www.1010votropticien.com\/blog\/wp-content\/uploads\/2021\/01\/VICOMTE-ARTHUR-VA40134-OPTIQUE-1010-FACHES-THUMESNIL-17622-240x240.jpg 240w, http:\/\/www.1010votropticien.com\/blog\/wp-content\/uploads\/2021\/01\/VICOMTE-ARTHUR-VA40134-OPTIQUE-1010-FACHES-THUMESNIL-17622-60x60.jpg 60w, http:\/\/www.1010votropticien.com\/blog\/wp-content\/uploads\/2021\/01\/VICOMTE-ARTHUR-VA40134-OPTIQUE-1010-FACHES-THUMESNIL-17622-184x184.jpg 184w, http:\/\/www.1010votropticien.com\/blog\/wp-content\/uploads\/2021\/01\/VICOMTE-ARTHUR-VA40134-OPTIQUE-1010-FACHES-THUMESNIL-17622-50x50.jpg 50w\" sizes=\"(max-width: 1920px) 100vw, 1920px\" \/><\/a><\/figure><\/li><li class=\"blocks-gallery-item\"><figure><a href=\"http:\/\/www.1010votropticien.com\/blog\/?attachment_id=9080\"><img decoding=\"async\" loading=\"lazy\" width=\"1920\" height=\"1920\" src=\"https:\/\/i2.wp.com\/www.1010votropticien.com\/blog\/wp-content\/uploads\/2021\/01\/VICOMTE-ARTHUR-VA47067-OPTIQUE-1010-FACHES-THUMESNIL-17641.jpg?fit=838%2C838\" alt=\"\" data-id=\"9080\" data-full-url=\"https:\/\/i2.wp.com\/www.1010votropticien.com\/blog\/wp-content\/uploads\/2021\/01\/VICOMTE-ARTHUR-VA47067-OPTIQUE-1010-FACHES-THUMESNIL-17641.jpg?fit=1920%2C1920\" data-link=\"http:\/\/www.1010votropticien.com\/blog\/?attachment_id=9080\" class=\"wp-image-9080\" srcset=\"http:\/\/www.1010votropticien.com\/blog\/wp-content\/uploads\/2021\/01\/VICOMTE-ARTHUR-VA47067-OPTIQUE-1010-FACHES-THUMESNIL-17641.jpg 1920w, http:\/\/www.1010votropticien.com\/blog\/wp-content\/uploads\/2021\/01\/VICOMTE-ARTHUR-VA47067-OPTIQUE-1010-FACHES-THUMESNIL-17641-300x300.jpg 300w, http:\/\/www.1010votropticien.com\/blog\/wp-content\/uploads\/2021\/01\/VICOMTE-ARTHUR-VA47067-OPTIQUE-1010-FACHES-THUMESNIL-17641-1024x1024.jpg 1024w, http:\/\/www.1010votropticien.com\/blog\/wp-content\/uploads\/2021\/01\/VICOMTE-ARTHUR-VA47067-OPTIQUE-1010-FACHES-THUMESNIL-17641-768x768.jpg 768w, http:\/\/www.1010votropticien.com\/blog\/wp-content\/uploads\/2021\/01\/VICOMTE-ARTHUR-VA47067-OPTIQUE-1010-FACHES-THUMESNIL-17641-1536x1536.jpg 1536w, http:\/\/www.1010votropticien.com\/blog\/wp-content\/uploads\/2021\/01\/VICOMTE-ARTHUR-VA47067-OPTIQUE-1010-FACHES-THUMESNIL-17641-160x160.jpg 160w, http:\/\/www.1010votropticien.com\/blog\/wp-content\/uploads\/2021\/01\/VICOMTE-ARTHUR-VA47067-OPTIQUE-1010-FACHES-THUMESNIL-17641-240x240.jpg 240w, http:\/\/www.1010votropticien.com\/blog\/wp-content\/uploads\/2021\/01\/VICOMTE-ARTHUR-VA47067-OPTIQUE-1010-FACHES-THUMESNIL-17641-60x60.jpg 60w, http:\/\/www.1010votropticien.com\/blog\/wp-content\/uploads\/2021\/01\/VICOMTE-ARTHUR-VA47067-OPTIQUE-1010-FACHES-THUMESNIL-17641-184x184.jpg 184w, http:\/\/www.1010votropticien.com\/blog\/wp-content\/uploads\/2021\/01\/VICOMTE-ARTHUR-VA47067-OPTIQUE-1010-FACHES-THUMESNIL-17641-50x50.jpg 50w\" sizes=\"(max-width: 1920px) 100vw, 1920px\" \/><\/a><\/figure><\/li><li class=\"blocks-gallery-item\"><figure><a href=\"http:\/\/www.1010votropticien.com\/blog\/?attachment_id=9081\"><img decoding=\"async\" loading=\"lazy\" width=\"1920\" height=\"1920\" src=\"https:\/\/i2.wp.com\/www.1010votropticien.com\/blog\/wp-content\/uploads\/2021\/01\/VICOMTE-ARTHUR-VA47075-OPTIQUE-1010-FACHES-THUMESNIL-17643.jpg?fit=838%2C838\" alt=\"\" data-id=\"9081\" data-full-url=\"https:\/\/i2.wp.com\/www.1010votropticien.com\/blog\/wp-content\/uploads\/2021\/01\/VICOMTE-ARTHUR-VA47075-OPTIQUE-1010-FACHES-THUMESNIL-17643.jpg?fit=1920%2C1920\" data-link=\"http:\/\/www.1010votropticien.com\/blog\/?attachment_id=9081\" class=\"wp-image-9081\" srcset=\"http:\/\/www.1010votropticien.com\/blog\/wp-content\/uploads\/2021\/01\/VICOMTE-ARTHUR-VA47075-OPTIQUE-1010-FACHES-THUMESNIL-17643.jpg 1920w, http:\/\/www.1010votropticien.com\/blog\/wp-content\/uploads\/2021\/01\/VICOMTE-ARTHUR-VA47075-OPTIQUE-1010-FACHES-THUMESNIL-17643-300x300.jpg 300w, http:\/\/www.1010votropticien.com\/blog\/wp-content\/uploads\/2021\/01\/VICOMTE-ARTHUR-VA47075-OPTIQUE-1010-FACHES-THUMESNIL-17643-1024x1024.jpg 1024w, http:\/\/www.1010votropticien.com\/blog\/wp-content\/uploads\/2021\/01\/VICOMTE-ARTHUR-VA47075-OPTIQUE-1010-FACHES-THUMESNIL-17643-768x768.jpg 768w, http:\/\/www.1010votropticien.com\/blog\/wp-content\/uploads\/2021\/01\/VICOMTE-ARTHUR-VA47075-OPTIQUE-1010-FACHES-THUMESNIL-17643-1536x1536.jpg 1536w, http:\/\/www.1010votropticien.com\/blog\/wp-content\/uploads\/2021\/01\/VICOMTE-ARTHUR-VA47075-OPTIQUE-1010-FACHES-THUMESNIL-17643-160x160.jpg 160w, http:\/\/www.1010votropticien.com\/blog\/wp-content\/uploads\/2021\/01\/VICOMTE-ARTHUR-VA47075-OPTIQUE-1010-FACHES-THUMESNIL-17643-240x240.jpg 240w, http:\/\/www.1010votropticien.com\/blog\/wp-content\/uploads\/2021\/01\/VICOMTE-ARTHUR-VA47075-OPTIQUE-1010-FACHES-THUMESNIL-17643-60x60.jpg 60w, http:\/\/www.1010votropticien.com\/blog\/wp-content\/uploads\/2021\/01\/VICOMTE-ARTHUR-VA47075-OPTIQUE-1010-FACHES-THUMESNIL-17643-184x184.jpg 184w, http:\/\/www.1010votropticien.com\/blog\/wp-content\/uploads\/2021\/01\/VICOMTE-ARTHUR-VA47075-OPTIQUE-1010-FACHES-THUMESNIL-17643-50x50.jpg 50w\" sizes=\"(max-width: 1920px) 100vw, 1920px\" \/><\/a><\/figure><\/li><li class=\"blocks-gallery-item\"><figure><a href=\"http:\/\/www.1010votropticien.com\/blog\/?attachment_id=9082\"><img decoding=\"async\" loading=\"lazy\" width=\"1920\" height=\"1920\" src=\"https:\/\/i0.wp.com\/www.1010votropticien.com\/blog\/wp-content\/uploads\/2021\/01\/VICOMTE-ARTHUR-VA47080-OPTIQUE-1010-FACHES-THUMESNIL-17639.jpg?fit=838%2C838\" alt=\"\" data-id=\"9082\" data-full-url=\"https:\/\/i0.wp.com\/www.1010votropticien.com\/blog\/wp-content\/uploads\/2021\/01\/VICOMTE-ARTHUR-VA47080-OPTIQUE-1010-FACHES-THUMESNIL-17639.jpg?fit=1920%2C1920\" data-link=\"http:\/\/www.1010votropticien.com\/blog\/?attachment_id=9082\" class=\"wp-image-9082\" srcset=\"http:\/\/www.1010votropticien.com\/blog\/wp-content\/uploads\/2021\/01\/VICOMTE-ARTHUR-VA47080-OPTIQUE-1010-FACHES-THUMESNIL-17639.jpg 1920w, http:\/\/www.1010votropticien.com\/blog\/wp-content\/uploads\/2021\/01\/VICOMTE-ARTHUR-VA47080-OPTIQUE-1010-FACHES-THUMESNIL-17639-300x300.jpg 300w, http:\/\/www.1010votropticien.com\/blog\/wp-content\/uploads\/2021\/01\/VICOMTE-ARTHUR-VA47080-OPTIQUE-1010-FACHES-THUMESNIL-17639-1024x1024.jpg 1024w, http:\/\/www.1010votropticien.com\/blog\/wp-content\/uploads\/2021\/01\/VICOMTE-ARTHUR-VA47080-OPTIQUE-1010-FACHES-THUMESNIL-17639-768x768.jpg 768w, http:\/\/www.1010votropticien.com\/blog\/wp-content\/uploads\/2021\/01\/VICOMTE-ARTHUR-VA47080-OPTIQUE-1010-FACHES-THUMESNIL-17639-1536x1536.jpg 1536w, http:\/\/www.1010votropticien.com\/blog\/wp-content\/uploads\/2021\/01\/VICOMTE-ARTHUR-VA47080-OPTIQUE-1010-FACHES-THUMESNIL-17639-160x160.jpg 160w, http:\/\/www.1010votropticien.com\/blog\/wp-content\/uploads\/2021\/01\/VICOMTE-ARTHUR-VA47080-OPTIQUE-1010-FACHES-THUMESNIL-17639-240x240.jpg 240w, http:\/\/www.1010votropticien.com\/blog\/wp-content\/uploads\/2021\/01\/VICOMTE-ARTHUR-VA47080-OPTIQUE-1010-FACHES-THUMESNIL-17639-60x60.jpg 60w, http:\/\/www.1010votropticien.com\/blog\/wp-content\/uploads\/2021\/01\/VICOMTE-ARTHUR-VA47080-OPTIQUE-1010-FACHES-THUMESNIL-17639-184x184.jpg 184w, http:\/\/www.1010votropticien.com\/blog\/wp-content\/uploads\/2021\/01\/VICOMTE-ARTHUR-VA47080-OPTIQUE-1010-FACHES-THUMESNIL-17639-50x50.jpg 50w\" sizes=\"(max-width: 1920px) 100vw, 1920px\" \/><\/a><\/figure><\/li><li class=\"blocks-gallery-item\"><figure><a href=\"http:\/\/www.1010votropticien.com\/blog\/?attachment_id=9083\"><img decoding=\"async\" loading=\"lazy\" width=\"1920\" height=\"1920\" src=\"https:\/\/i2.wp.com\/www.1010votropticien.com\/blog\/wp-content\/uploads\/2021\/01\/VICOMTE-ARTHUR-VA47087-OPTIQUE-1010-FACHES-THUMESNIL-17620.jpg?fit=838%2C838\" alt=\"\" data-id=\"9083\" data-full-url=\"https:\/\/i2.wp.com\/www.1010votropticien.com\/blog\/wp-content\/uploads\/2021\/01\/VICOMTE-ARTHUR-VA47087-OPTIQUE-1010-FACHES-THUMESNIL-17620.jpg?fit=1920%2C1920\" data-link=\"http:\/\/www.1010votropticien.com\/blog\/?attachment_id=9083\" class=\"wp-image-9083\" srcset=\"http:\/\/www.1010votropticien.com\/blog\/wp-content\/uploads\/2021\/01\/VICOMTE-ARTHUR-VA47087-OPTIQUE-1010-FACHES-THUMESNIL-17620.jpg 1920w, http:\/\/www.1010votropticien.com\/blog\/wp-content\/uploads\/2021\/01\/VICOMTE-ARTHUR-VA47087-OPTIQUE-1010-FACHES-THUMESNIL-17620-300x300.jpg 300w, http:\/\/www.1010votropticien.com\/blog\/wp-content\/uploads\/2021\/01\/VICOMTE-ARTHUR-VA47087-OPTIQUE-1010-FACHES-THUMESNIL-17620-1024x1024.jpg 1024w, http:\/\/www.1010votropticien.com\/blog\/wp-content\/uploads\/2021\/01\/VICOMTE-ARTHUR-VA47087-OPTIQUE-1010-FACHES-THUMESNIL-17620-768x768.jpg 768w, http:\/\/www.1010votropticien.com\/blog\/wp-content\/uploads\/2021\/01\/VICOMTE-ARTHUR-VA47087-OPTIQUE-1010-FACHES-THUMESNIL-17620-1536x1536.jpg 1536w, http:\/\/www.1010votropticien.com\/blog\/wp-content\/uploads\/2021\/01\/VICOMTE-ARTHUR-VA47087-OPTIQUE-1010-FACHES-THUMESNIL-17620-160x160.jpg 160w, http:\/\/www.1010votropticien.com\/blog\/wp-content\/uploads\/2021\/01\/VICOMTE-ARTHUR-VA47087-OPTIQUE-1010-FACHES-THUMESNIL-17620-240x240.jpg 240w, http:\/\/www.1010votropticien.com\/blog\/wp-content\/uploads\/2021\/01\/VICOMTE-ARTHUR-VA47087-OPTIQUE-1010-FACHES-THUMESNIL-17620-60x60.jpg 60w, http:\/\/www.1010votropticien.com\/blog\/wp-content\/uploads\/2021\/01\/VICOMTE-ARTHUR-VA47087-OPTIQUE-1010-FACHES-THUMESNIL-17620-184x184.jpg 184w, http:\/\/www.1010votropticien.com\/blog\/wp-content\/uploads\/2021\/01\/VICOMTE-ARTHUR-VA47087-OPTIQUE-1010-FACHES-THUMESNIL-17620-50x50.jpg 50w\" sizes=\"(max-width: 1920px) 100vw, 1920px\" \/><\/a><\/figure><\/li><li class=\"blocks-gallery-item\"><figure><a href=\"http:\/\/www.1010votropticien.com\/blog\/?attachment_id=9084\"><img decoding=\"async\" loading=\"lazy\" width=\"1920\" height=\"1920\" src=\"https:\/\/i2.wp.com\/www.1010votropticien.com\/blog\/wp-content\/uploads\/2021\/01\/VICOMTE-ARTHUR-VA47087-F-OPTIQUE-1010-FACHES-THUMESNIL-17620.jpg?fit=838%2C838\" alt=\"\" data-id=\"9084\" data-full-url=\"https:\/\/i2.wp.com\/www.1010votropticien.com\/blog\/wp-content\/uploads\/2021\/01\/VICOMTE-ARTHUR-VA47087-F-OPTIQUE-1010-FACHES-THUMESNIL-17620.jpg?fit=1920%2C1920\" data-link=\"http:\/\/www.1010votropticien.com\/blog\/?attachment_id=9084\" class=\"wp-image-9084\" srcset=\"http:\/\/www.1010votropticien.com\/blog\/wp-content\/uploads\/2021\/01\/VICOMTE-ARTHUR-VA47087-F-OPTIQUE-1010-FACHES-THUMESNIL-17620.jpg 1920w, http:\/\/www.1010votropticien.com\/blog\/wp-content\/uploads\/2021\/01\/VICOMTE-ARTHUR-VA47087-F-OPTIQUE-1010-FACHES-THUMESNIL-17620-300x300.jpg 300w, http:\/\/www.1010votropticien.com\/blog\/wp-content\/uploads\/2021\/01\/VICOMTE-ARTHUR-VA47087-F-OPTIQUE-1010-FACHES-THUMESNIL-17620-1024x1024.jpg 1024w, http:\/\/www.1010votropticien.com\/blog\/wp-content\/uploads\/2021\/01\/VICOMTE-ARTHUR-VA47087-F-OPTIQUE-1010-FACHES-THUMESNIL-17620-768x768.jpg 768w, http:\/\/www.1010votropticien.com\/blog\/wp-content\/uploads\/2021\/01\/VICOMTE-ARTHUR-VA47087-F-OPTIQUE-1010-FACHES-THUMESNIL-17620-1536x1536.jpg 1536w, http:\/\/www.1010votropticien.com\/blog\/wp-content\/uploads\/2021\/01\/VICOMTE-ARTHUR-VA47087-F-OPTIQUE-1010-FACHES-THUMESNIL-17620-160x160.jpg 160w, http:\/\/www.1010votropticien.com\/blog\/wp-content\/uploads\/2021\/01\/VICOMTE-ARTHUR-VA47087-F-OPTIQUE-1010-FACHES-THUMESNIL-17620-240x240.jpg 240w, http:\/\/www.1010votropticien.com\/blog\/wp-content\/uploads\/2021\/01\/VICOMTE-ARTHUR-VA47087-F-OPTIQUE-1010-FACHES-THUMESNIL-17620-60x60.jpg 60w, http:\/\/www.1010votropticien.com\/blog\/wp-content\/uploads\/2021\/01\/VICOMTE-ARTHUR-VA47087-F-OPTIQUE-1010-FACHES-THUMESNIL-17620-184x184.jpg 184w, http:\/\/www.1010votropticien.com\/blog\/wp-content\/uploads\/2021\/01\/VICOMTE-ARTHUR-VA47087-F-OPTIQUE-1010-FACHES-THUMESNIL-17620-50x50.jpg 50w\" sizes=\"(max-width: 1920px) 100vw, 1920px\" \/><\/a><\/figure><\/li><\/ul><\/figure>\n","protected":false},"excerpt":{"rendered":"<p>Voici un petit aper\u00e7u des mod\u00e8les de la collection Vicomte Arthur &#8230; Venez vite en magasin les essayer et d\u00e9couvrir d&rsquo;autres mod\u00e8les!<\/p>\n","protected":false},"author":4,"featured_media":0,"parent":0,"menu_order":0,"comment_status":"closed","ping_status":"closed","template":"","meta":{"ngg_post_thumbnail":0},"_links":{"self":[{"href":"http:\/\/www.1010votropticien.com\/blog\/wp-json\/wp\/v2\/pages\/9077"}],"collection":[{"href":"http:\/\/www.1010votropticien.com\/blog\/wp-json\/wp\/v2\/pages"}],"about":[{"href":"http:\/\/www.1010votropticien.com\/blog\/wp-json\/wp\/v2\/types\/page"}],"author":[{"embeddable":true,"href":"http:\/\/www.1010votropticien.com\/blog\/wp-json\/wp\/v2\/users\/4"}],"replies":[{"embeddable":true,"href":"http:\/\/www.1010votropticien.com\/blog\/wp-json\/wp\/v2\/comments?post=9077"}],"version-history":[{"count":2,"href":"http:\/\/www.1010votropticien.com\/blog\/wp-json\/wp\/v2\/pages\/9077\/revisions"}],"predecessor-version":[{"id":9088,"href":"http:\/\/www.1010votropticien.com\/blog\/wp-json\/wp\/v2\/pages\/9077\/revisions\/9088"}],"wp:attachment":[{"href":"http:\/\/www.1010votropticien.com\/blog\/wp-json\/wp\/v2\/media?parent=9077"}],"curies":[{"name":"wp","href":"https:\/\/api.w.org\/{rel}","templated":true}]}}