{"id":8,"date":"2009-05-30T15:13:12","date_gmt":"2009-05-30T14:13:12","guid":{"rendered":"http:\/\/www.1010votropticien.com\/blog\/?page_id=8"},"modified":"2019-04-03T11:39:29","modified_gmt":"2019-04-03T09:39:29","slug":"atelier-creations","status":"publish","type":"page","link":"http:\/\/www.1010votropticien.com\/blog\/atelier-creations\/","title":{"rendered":"Atelier cr\u00e9ation"},"content":{"rendered":"<p style=\"text-align: center; font-size: 24pt;\"><span style=\"color: #e3631c;\">Optez pour des lunettes uniques!<\/span><\/p>\n<p style=\"text-align: center; font-size: 24pt;\"><span style=\"font-size: 18pt;\">Sp\u00e9cialistes de la cr\u00e9ation sur-mesure, nous vous proposons:<\/span><\/p>\n<h2><span style=\"text-decoration: underline; font-size: 14pt;\"><strong>~ des strass Swarovski sur vos verres:<\/strong><\/span><\/h2>\n<p>&nbsp;<\/p>\n<div id=\"attachment_4557\" style=\"width: 848px\" class=\"wp-caption alignleft\"><img aria-describedby=\"caption-attachment-4557\" decoding=\"async\" loading=\"lazy\" class=\"size-large wp-image-4557\" src=\"http:\/\/www.1010votropticien.com\/blog\/wp-content\/uploads\/2015\/10\/ZIGGY-1024x679.jpg\" alt=\"Strass Swarovski sur monture Ziggy.OPTIQUE 10\/10\" width=\"838\" height=\"556\" srcset=\"http:\/\/www.1010votropticien.com\/blog\/wp-content\/uploads\/2015\/10\/ZIGGY-1024x679.jpg 1024w, http:\/\/www.1010votropticien.com\/blog\/wp-content\/uploads\/2015\/10\/ZIGGY-300x199.jpg 300w, http:\/\/www.1010votropticien.com\/blog\/wp-content\/uploads\/2015\/10\/ZIGGY-321x214.jpg 321w, http:\/\/www.1010votropticien.com\/blog\/wp-content\/uploads\/2015\/10\/ZIGGY-207x136.jpg 207w, http:\/\/www.1010votropticien.com\/blog\/wp-content\/uploads\/2015\/10\/ZIGGY-140x94.jpg 140w\" sizes=\"(max-width: 838px) 100vw, 838px\" \/><p id=\"caption-attachment-4557\" class=\"wp-caption-text\">Strass Swarovski sur monture Ziggy.OPTIQUE 10\/10<\/p><\/div>\n<p>&nbsp;<\/p>\n<p>&nbsp;<\/p>\n<p>&nbsp;<\/p>\n<p>&nbsp;<\/p>\n<p>&nbsp;<\/p>\n<p>&nbsp;<\/p>\n<p>&nbsp;<\/p>\n<p>&nbsp;<\/p>\n<p>&nbsp;<\/p>\n<p>&nbsp;<\/p>\n<p>&nbsp;<\/p>\n<h2>&nbsp;<\/h2>\n<h2>&nbsp;<\/h2>\n<h2><span style=\"text-decoration: underline; font-size: 14pt;\"><strong>~ des gravures personnalis\u00e9es sur vos verres:<\/strong><\/span><\/h2>\n<p>&nbsp;<\/p>\n<p>&nbsp;<\/p>\n<div id=\"attachment_4299\" style=\"width: 848px\" class=\"wp-caption alignleft\"><img aria-describedby=\"caption-attachment-4299\" decoding=\"async\" loading=\"lazy\" class=\"size-large wp-image-4299\" src=\"http:\/\/www.1010votropticien.com\/blog\/wp-content\/uploads\/2015\/10\/DSC_0120-2-1024x679.jpg\" alt=\"Gravure et strass Svarowski sur monture Slav Nowosad. Optique 10\/10\" width=\"838\" height=\"556\" srcset=\"http:\/\/www.1010votropticien.com\/blog\/wp-content\/uploads\/2015\/10\/DSC_0120-2-1024x679.jpg 1024w, http:\/\/www.1010votropticien.com\/blog\/wp-content\/uploads\/2015\/10\/DSC_0120-2-300x199.jpg 300w, http:\/\/www.1010votropticien.com\/blog\/wp-content\/uploads\/2015\/10\/DSC_0120-2-321x214.jpg 321w, http:\/\/www.1010votropticien.com\/blog\/wp-content\/uploads\/2015\/10\/DSC_0120-2-207x136.jpg 207w, http:\/\/www.1010votropticien.com\/blog\/wp-content\/uploads\/2015\/10\/DSC_0120-2-140x94.jpg 140w\" sizes=\"(max-width: 838px) 100vw, 838px\" \/><p id=\"caption-attachment-4299\" class=\"wp-caption-text\">Gravure et strass Svarowski sur monture Slav Nowosad. Optique 10\/10<\/p><\/div>\n<p>&nbsp;<\/p>\n<p>&nbsp;<\/p>\n<p>&nbsp;<\/p>\n<p>&nbsp;<\/p>\n<p>&nbsp;<\/p>\n<h2>&nbsp;<\/h2>\n<h2>&nbsp;<\/h2>\n<h2 style=\"text-align: justify;\"><span style=\"text-decoration: underline; font-size: 14pt;\"><strong>~ &nbsp;des d\u00e9coupes de verres originales:<\/strong><\/span><\/h2>\n<p>&nbsp;<\/p>\n<div id=\"attachment_6567\" style=\"width: 848px\" class=\"wp-caption alignleft\"><img aria-describedby=\"caption-attachment-6567\" decoding=\"async\" loading=\"lazy\" class=\"size-large wp-image-6567\" src=\"http:\/\/www.1010votropticien.com\/blog\/wp-content\/uploads\/2009\/05\/DSC_0106-1024x679.jpg\" alt=\"Forme d\u00e9coup\u00e9e sur monture Minima OPTIQUE 10\/10\" width=\"838\" height=\"556\" srcset=\"http:\/\/www.1010votropticien.com\/blog\/wp-content\/uploads\/2009\/05\/DSC_0106-1024x679.jpg 1024w, http:\/\/www.1010votropticien.com\/blog\/wp-content\/uploads\/2009\/05\/DSC_0106-300x199.jpg 300w, http:\/\/www.1010votropticien.com\/blog\/wp-content\/uploads\/2009\/05\/DSC_0106-768x509.jpg 768w, http:\/\/www.1010votropticien.com\/blog\/wp-content\/uploads\/2009\/05\/DSC_0106-321x214.jpg 321w, http:\/\/www.1010votropticien.com\/blog\/wp-content\/uploads\/2009\/05\/DSC_0106-207x136.jpg 207w, http:\/\/www.1010votropticien.com\/blog\/wp-content\/uploads\/2009\/05\/DSC_0106-140x94.jpg 140w\" sizes=\"(max-width: 838px) 100vw, 838px\" \/><p id=\"caption-attachment-6567\" class=\"wp-caption-text\">Forme d\u00e9coup\u00e9e sur monture Minima OPTIQUE 10\/10<\/p><\/div>\n<p>&nbsp;<\/p>\n<p>&nbsp;<\/p>\n<p>&nbsp;<\/p>\n<p>&nbsp;<\/p>\n<p>&nbsp;<\/p>\n<p>&nbsp;<\/p>\n<p>&nbsp;<\/p>\n<h3>&nbsp;<\/h3>\n<h3 style=\"text-align: justify;\"><span style=\"font-size: 12pt;\"><span style=\"color: #e3631c;\">Gravures<\/span> et <span style=\"color: #e3631c;\">strass<\/span> sont r\u00e9alis\u00e9s en magasin, selon vos envies, \u00e0 partir d&rsquo;un mod\u00e8le existant ou cr\u00e9\u00e9 uniquement pour vous&#8230;<\/span><\/h3>\n<h3 style=\"text-align: justify;\"><span style=\"font-size: 12pt;\">Les opticiens visagistes de 10\/10 sont l\u00e0 pour vous conseiller, <strong>respectant avant tout votre qualit\u00e9 de vision<\/strong>.<\/span><\/h3>\n<h3 style=\"text-align: justify;\"><span style=\"font-size: 12pt;\">A <span style=\"color: #e3631c;\">petit prix<\/span>, sur tout type de lunettes, venez vite en magasin en parler \u00e0 un opticien qui saura vous conseiller et vous aider dans votre choix.<\/span><\/h3>\n<h3 style=\"text-align: justify;\"><span style=\"font-size: 12pt;\">Un essai sera fait pour mieux vous rendre compte du r\u00e9sultat, en simulant la gravure ou le\/les strass directement sur vos lunettes ou encore via le&nbsp;logiciel <span style=\"text-decoration: underline; color: #333300;\"><a title=\"Optiform\" href=\"http:\/\/www.opti3fr.com\/\/p\/3\/133\/0\/\" target=\"_blank\" rel=\"noopener\"><span style=\"color: #333300; text-decoration: underline;\">OPTIFORM<\/span><\/a><\/span> de conception sur-mesure.<\/span><\/h3>\n<h3 style=\"text-align: justify;\"><span style=\"color: #e3631c; font-size: 12pt;\"> Et si finalement vous changez d&rsquo;avis pendant la simulation, \u00e7a ne vous co\u00fbte rien!<\/span><\/h3>\n<p><span style=\"border-radius: 2px; text-indent: 20px; width: auto; padding: 0px 4px 0px 0px; text-align: center; font: bold 11px\/20px 'Helvetica Neue',Helvetica,sans-serif; color: #ffffff; background: #bd081c no-repeat scroll 3px 50% \/ 14px 14px; position: absolute; opacity: 1; z-index: 8675309; display: none; cursor: pointer;\">Enregistrer<\/span><\/p>\n<p><span style=\"border-radius: 2px; text-indent: 20px; width: auto; padding: 0px 4px 0px 0px; text-align: center; font: bold 11px\/20px 'Helvetica Neue',Helvetica,sans-serif; color: #ffffff; background: #bd081c no-repeat scroll 3px 50% \/ 14px 14px; position: absolute; opacity: 1; z-index: 8675309; display: none; cursor: pointer;\">Enregistrer<\/span><\/p>\n<p><span style=\"border-radius: 2px; text-indent: 20px; width: auto; padding: 0px 4px 0px 0px; text-align: center; font: bold 11px\/20px 'Helvetica Neue',Helvetica,sans-serif; color: #ffffff; background: #bd081c no-repeat scroll 3px 50% \/ 14px 14px; position: absolute; opacity: 1; z-index: 8675309; display: none; cursor: pointer;\">Enregistrer<\/span><\/p>\n","protected":false},"excerpt":{"rendered":"<p>Optez pour des lunettes uniques! Sp\u00e9cialistes de la cr\u00e9ation sur-mesure, nous vous proposons: ~ des strass Swarovski sur vos verres: &nbsp; &nbsp; &nbsp; &nbsp; &nbsp; &nbsp; &nbsp; &nbsp; &nbsp; &nbsp; &nbsp; &nbsp; &nbsp; &nbsp; ~ des gravures personnalis\u00e9es sur vos verres: &nbsp; &nbsp; &nbsp; &nbsp; &nbsp; &nbsp; &nbsp; &nbsp; &nbsp; ~ &nbsp;des d\u00e9coupes de verres [&hellip;]<\/p>\n","protected":false},"author":1,"featured_media":0,"parent":0,"menu_order":16,"comment_status":"open","ping_status":"open","template":"","meta":{"ngg_post_thumbnail":0},"_links":{"self":[{"href":"http:\/\/www.1010votropticien.com\/blog\/wp-json\/wp\/v2\/pages\/8"}],"collection":[{"href":"http:\/\/www.1010votropticien.com\/blog\/wp-json\/wp\/v2\/pages"}],"about":[{"href":"http:\/\/www.1010votropticien.com\/blog\/wp-json\/wp\/v2\/types\/page"}],"author":[{"embeddable":true,"href":"http:\/\/www.1010votropticien.com\/blog\/wp-json\/wp\/v2\/users\/1"}],"replies":[{"embeddable":true,"href":"http:\/\/www.1010votropticien.com\/blog\/wp-json\/wp\/v2\/comments?post=8"}],"version-history":[{"count":4,"href":"http:\/\/www.1010votropticien.com\/blog\/wp-json\/wp\/v2\/pages\/8\/revisions"}],"predecessor-version":[{"id":8360,"href":"http:\/\/www.1010votropticien.com\/blog\/wp-json\/wp\/v2\/pages\/8\/revisions\/8360"}],"wp:attachment":[{"href":"http:\/\/www.1010votropticien.com\/blog\/wp-json\/wp\/v2\/media?parent=8"}],"curies":[{"name":"wp","href":"https:\/\/api.w.org\/{rel}","templated":true}]}}