{"id":66,"date":"2009-08-28T17:40:25","date_gmt":"2009-08-28T16:40:25","guid":{"rendered":"http:\/\/www.1010votropticien.com\/blog\/?page_id=66"},"modified":"2021-01-11T17:53:30","modified_gmt":"2021-01-11T16:53:30","slug":"galerie-traction","status":"publish","type":"page","link":"http:\/\/www.1010votropticien.com\/blog\/lunettes-de-vue\/galerie-traction\/","title":{"rendered":"Traction Production"},"content":{"rendered":"<h3 style=\"text-align: justify;\">Voici un petit aper\u00e7u des mod\u00e8les de la collection Traction Production &#8230; Venez vite en magasin les essayer et d\u00e9couvrir d&rsquo;autres mod\u00e8les!<\/h3>\n\n\t\t<style type=\"text\/css\">\n\t\t\t#gallery-1 {\n\t\t\t\tmargin: auto;\n\t\t\t}\n\t\t\t#gallery-1 .gallery-item {\n\t\t\t\tfloat: left;\n\t\t\t\tmargin-top: 10px;\n\t\t\t\ttext-align: center;\n\t\t\t\twidth: 33%;\n\t\t\t}\n\t\t\t#gallery-1 img {\n\t\t\t\tborder: 2px solid #cfcfcf;\n\t\t\t}\n\t\t\t#gallery-1 .gallery-caption {\n\t\t\t\tmargin-left: 0;\n\t\t\t}\n\t\t\t\/* see gallery_shortcode() in wp-includes\/media.php *\/\n\t\t<\/style>\n\t\t<div id='gallery-1' class='gallery galleryid-66 gallery-columns-3 gallery-size-thumbnail'><dl class='gallery-item'>\n\t\t\t<dt class='gallery-icon landscape'>\n\t\t\t\t<a href='http:\/\/www.1010votropticien.com\/blog\/lunettes-de-vue\/galerie-traction\/traction-production-cassiopee-optique1010-faches-thumesnil-ref-6308\/'><img width=\"293\" height=\"200\" src=\"http:\/\/www.1010votropticien.com\/blog\/wp-content\/uploads\/2021\/01\/TRACTION-PRODUCTION-CASSIOPEE-OPTIQUE1010-FACHES-THUMESNIL-R\u00e9f-6308-293x200.jpg\" class=\"attachment-thumbnail size-thumbnail\" alt=\"TRACTION PRODUCTION CASSIOPEE OPTIQUE1010 FACHES THUMESNIL R\u00e9f 6308\" decoding=\"async\" loading=\"lazy\" aria-describedby=\"gallery-1-9454\" \/><\/a>\n\t\t\t<\/dt>\n\t\t\t\t<dd class='wp-caption-text gallery-caption' id='gallery-1-9454'>\n\t\t\t\tTRACTION PRODUCTION CASSIOPEE OPTIQUE1010 FACHES THUMESNIL R\u00e9f 6308\n\t\t\t\t<\/dd><\/dl><dl class='gallery-item'>\n\t\t\t<dt class='gallery-icon landscape'>\n\t\t\t\t<a href='http:\/\/www.1010votropticien.com\/blog\/lunettes-de-vue\/galerie-traction\/traction-production-cassiopee-b-optique1010-faches-thumesnil-ref-6308\/'><img width=\"293\" height=\"200\" src=\"http:\/\/www.1010votropticien.com\/blog\/wp-content\/uploads\/2021\/01\/TRACTION-PRODUCTION-CASSIOPEE-B-OPTIQUE1010-FACHES-THUMESNIL-R\u00e9f-6308-293x200.jpg\" class=\"attachment-thumbnail size-thumbnail\" alt=\"TRACTION PRODUCTION CASSIOPEE B OPTIQUE1010 FACHES THUMESNIL R\u00e9f 6308\" decoding=\"async\" loading=\"lazy\" aria-describedby=\"gallery-1-9455\" \/><\/a>\n\t\t\t<\/dt>\n\t\t\t\t<dd class='wp-caption-text gallery-caption' id='gallery-1-9455'>\n\t\t\t\tTRACTION PRODUCTION CASSIOPEE B OPTIQUE1010 FACHES THUMESNIL R\u00e9f 6308\n\t\t\t\t<\/dd><\/dl><dl class='gallery-item'>\n\t\t\t<dt class='gallery-icon landscape'>\n\t\t\t\t<a href='http:\/\/www.1010votropticien.com\/blog\/lunettes-de-vue\/galerie-traction\/traction-production-cassiopee-v-optique1010-faches-thumesnil-ref-6308\/'><img width=\"293\" height=\"200\" src=\"http:\/\/www.1010votropticien.com\/blog\/wp-content\/uploads\/2021\/01\/TRACTION-PRODUCTION-CASSIOPEE-V-OPTIQUE1010-FACHES-THUMESNIL-R\u00e9f-6308-293x200.jpg\" class=\"attachment-thumbnail size-thumbnail\" alt=\"TRACTION PRODUCTION CASSIOPEE V OPTIQUE1010 FACHES THUMESNIL R\u00e9f 6308\" decoding=\"async\" loading=\"lazy\" aria-describedby=\"gallery-1-9456\" \/><\/a>\n\t\t\t<\/dt>\n\t\t\t\t<dd class='wp-caption-text gallery-caption' id='gallery-1-9456'>\n\t\t\t\tTRACTION PRODUCTION CASSIOPEE V OPTIQUE1010 FACHES THUMESNIL R\u00e9f 6308\n\t\t\t\t<\/dd><\/dl><br style=\"clear: both\" \/><dl class='gallery-item'>\n\t\t\t<dt class='gallery-icon landscape'>\n\t\t\t\t<a href='http:\/\/www.1010votropticien.com\/blog\/lunettes-de-vue\/galerie-traction\/traction-production-festina-optique1010-faches-thumesnil-ref-11211\/'><img width=\"293\" height=\"200\" src=\"http:\/\/www.1010votropticien.com\/blog\/wp-content\/uploads\/2021\/01\/TRACTION-PRODUCTION-FESTINA-OPTIQUE1010-FACHES-THUMESNIL-R\u00e9f-11211-293x200.jpg\" class=\"attachment-thumbnail size-thumbnail\" alt=\"TRACTION PRODUCTION FESTINA OPTIQUE1010 FACHES THUMESNIL R\u00e9f 11211\" decoding=\"async\" loading=\"lazy\" aria-describedby=\"gallery-1-9457\" \/><\/a>\n\t\t\t<\/dt>\n\t\t\t\t<dd class='wp-caption-text gallery-caption' id='gallery-1-9457'>\n\t\t\t\tTRACTION PRODUCTION FESTINA OPTIQUE1010 FACHES THUMESNIL R\u00e9f 11211\n\t\t\t\t<\/dd><\/dl><dl class='gallery-item'>\n\t\t\t<dt class='gallery-icon landscape'>\n\t\t\t\t<a href='http:\/\/www.1010votropticien.com\/blog\/lunettes-de-vue\/galerie-traction\/traction-production-festina-d-optique1010-faches-thumesnil-ref-11211\/'><img width=\"293\" height=\"200\" src=\"http:\/\/www.1010votropticien.com\/blog\/wp-content\/uploads\/2021\/01\/TRACTION-PRODUCTION-FESTINA-D-OPTIQUE1010-FACHES-THUMESNIL-R\u00e9f-11211-293x200.jpg\" class=\"attachment-thumbnail size-thumbnail\" alt=\"TRACTION PRODUCTION FESTINA D OPTIQUE1010 FACHES THUMESNIL R\u00e9f 11211\" decoding=\"async\" loading=\"lazy\" aria-describedby=\"gallery-1-9458\" \/><\/a>\n\t\t\t<\/dt>\n\t\t\t\t<dd class='wp-caption-text gallery-caption' id='gallery-1-9458'>\n\t\t\t\tTRACTION PRODUCTION FESTINA D OPTIQUE1010 FACHES THUMESNIL R\u00e9f 11211\n\t\t\t\t<\/dd><\/dl><dl class='gallery-item'>\n\t\t\t<dt class='gallery-icon landscape'>\n\t\t\t\t<a href='http:\/\/www.1010votropticien.com\/blog\/lunettes-de-vue\/galerie-traction\/traction-production-festina-v-optique1010-faches-thumesnil-ref-11211\/'><img width=\"293\" height=\"200\" src=\"http:\/\/www.1010votropticien.com\/blog\/wp-content\/uploads\/2021\/01\/TRACTION-PRODUCTION-FESTINA-V-OPTIQUE1010-FACHES-THUMESNIL-R\u00e9f-11211-293x200.jpg\" class=\"attachment-thumbnail size-thumbnail\" alt=\"TRACTION PRODUCTION FESTINA V OPTIQUE1010 FACHES THUMESNIL R\u00e9f 11211\" decoding=\"async\" loading=\"lazy\" aria-describedby=\"gallery-1-9459\" \/><\/a>\n\t\t\t<\/dt>\n\t\t\t\t<dd class='wp-caption-text gallery-caption' id='gallery-1-9459'>\n\t\t\t\tTRACTION PRODUCTION FESTINA V OPTIQUE1010 FACHES THUMESNIL R\u00e9f 11211\n\t\t\t\t<\/dd><\/dl><br style=\"clear: both\" \/><dl class='gallery-item'>\n\t\t\t<dt class='gallery-icon landscape'>\n\t\t\t\t<a href='http:\/\/www.1010votropticien.com\/blog\/lunettes-de-vue\/galerie-traction\/traction-production-fizz-b-optique1010-faches-thumesnil-ref-6307\/'><img width=\"293\" height=\"200\" src=\"http:\/\/www.1010votropticien.com\/blog\/wp-content\/uploads\/2021\/01\/TRACTION-PRODUCTION-FIZZ-B-OPTIQUE1010-FACHES-THUMESNIL-R\u00e9f-6307-293x200.jpg\" class=\"attachment-thumbnail size-thumbnail\" alt=\"TRACTION PRODUCTION FIZZ B OPTIQUE1010 FACHES THUMESNIL R\u00e9f 6307\" decoding=\"async\" loading=\"lazy\" aria-describedby=\"gallery-1-9461\" \/><\/a>\n\t\t\t<\/dt>\n\t\t\t\t<dd class='wp-caption-text gallery-caption' id='gallery-1-9461'>\n\t\t\t\tTRACTION PRODUCTION FIZZ B OPTIQUE1010 FACHES THUMESNIL R\u00e9f 6307\n\t\t\t\t<\/dd><\/dl><dl class='gallery-item'>\n\t\t\t<dt class='gallery-icon landscape'>\n\t\t\t\t<a href='http:\/\/www.1010votropticien.com\/blog\/lunettes-de-vue\/galerie-traction\/traction-production-fizz-optique1010-faches-thumesnil-ref-6307\/'><img width=\"293\" height=\"200\" src=\"http:\/\/www.1010votropticien.com\/blog\/wp-content\/uploads\/2021\/01\/TRACTION-PRODUCTION-FIZZ-OPTIQUE1010-FACHES-THUMESNIL-R\u00e9f-6307-293x200.jpg\" class=\"attachment-thumbnail size-thumbnail\" alt=\"TRACTION PRODUCTION FIZZ OPTIQUE1010 FACHES THUMESNIL R\u00e9f 6307\" decoding=\"async\" loading=\"lazy\" aria-describedby=\"gallery-1-9462\" \/><\/a>\n\t\t\t<\/dt>\n\t\t\t\t<dd class='wp-caption-text gallery-caption' id='gallery-1-9462'>\n\t\t\t\tTRACTION PRODUCTION FIZZ OPTIQUE1010 FACHES THUMESNIL R\u00e9f 6307\n\t\t\t\t<\/dd><\/dl><dl class='gallery-item'>\n\t\t\t<dt class='gallery-icon landscape'>\n\t\t\t\t<a href='http:\/\/www.1010votropticien.com\/blog\/lunettes-de-vue\/galerie-traction\/traction-production-fizz-v-optique1010-faches-thumesnil-ref-6307\/'><img width=\"293\" height=\"200\" src=\"http:\/\/www.1010votropticien.com\/blog\/wp-content\/uploads\/2021\/01\/TRACTION-PRODUCTION-FIZZ-V-OPTIQUE1010-FACHES-THUMESNIL-R\u00e9f-6307-293x200.jpg\" class=\"attachment-thumbnail size-thumbnail\" alt=\"TRACTION PRODUCTION FIZZ V OPTIQUE1010 FACHES THUMESNIL R\u00e9f 6307\" decoding=\"async\" loading=\"lazy\" aria-describedby=\"gallery-1-9463\" \/><\/a>\n\t\t\t<\/dt>\n\t\t\t\t<dd class='wp-caption-text gallery-caption' id='gallery-1-9463'>\n\t\t\t\tTRACTION PRODUCTION FIZZ V OPTIQUE1010 FACHES THUMESNIL R\u00e9f 6307\n\t\t\t\t<\/dd><\/dl><br style=\"clear: both\" \/><dl class='gallery-item'>\n\t\t\t<dt class='gallery-icon landscape'>\n\t\t\t\t<a href='http:\/\/www.1010votropticien.com\/blog\/lunettes-de-vue\/galerie-traction\/traction-production-fogo-optique1010-faches-thumesnil-ref-15661\/'><img width=\"293\" height=\"200\" src=\"http:\/\/www.1010votropticien.com\/blog\/wp-content\/uploads\/2021\/01\/TRACTION-PRODUCTION-FOGO-OPTIQUE1010-FACHES-THUMESNIL-R\u00e9f-15661-293x200.jpg\" class=\"attachment-thumbnail size-thumbnail\" alt=\"TRACTION PRODUCTION FOGO OPTIQUE1010 FACHES THUMESNIL R\u00e9f 15661\" decoding=\"async\" loading=\"lazy\" aria-describedby=\"gallery-1-9464\" \/><\/a>\n\t\t\t<\/dt>\n\t\t\t\t<dd class='wp-caption-text gallery-caption' id='gallery-1-9464'>\n\t\t\t\tTRACTION PRODUCTION FOGO OPTIQUE1010 FACHES THUMESNIL R\u00e9f 15661\n\t\t\t\t<\/dd><\/dl><dl class='gallery-item'>\n\t\t\t<dt class='gallery-icon landscape'>\n\t\t\t\t<a href='http:\/\/www.1010votropticien.com\/blog\/lunettes-de-vue\/galerie-traction\/traction-production-fogo-b-optique1010-faches-thumesnil-ref-15661\/'><img width=\"293\" height=\"200\" src=\"http:\/\/www.1010votropticien.com\/blog\/wp-content\/uploads\/2021\/01\/TRACTION-PRODUCTION-FOGO-B-OPTIQUE1010-FACHES-THUMESNIL-R\u00e9f-15661-293x200.jpg\" class=\"attachment-thumbnail size-thumbnail\" alt=\"TRACTION PRODUCTION FOGO B OPTIQUE1010 FACHES THUMESNIL R\u00e9f 15661\" decoding=\"async\" loading=\"lazy\" aria-describedby=\"gallery-1-9465\" \/><\/a>\n\t\t\t<\/dt>\n\t\t\t\t<dd class='wp-caption-text gallery-caption' id='gallery-1-9465'>\n\t\t\t\tTRACTION PRODUCTION FOGO B OPTIQUE1010 FACHES THUMESNIL R\u00e9f 15661\n\t\t\t\t<\/dd><\/dl><dl class='gallery-item'>\n\t\t\t<dt class='gallery-icon landscape'>\n\t\t\t\t<a href='http:\/\/www.1010votropticien.com\/blog\/lunettes-de-vue\/galerie-traction\/traction-production-fogo-v-optique1010-faches-thumesnil-ref-15661\/'><img width=\"293\" height=\"200\" src=\"http:\/\/www.1010votropticien.com\/blog\/wp-content\/uploads\/2021\/01\/TRACTION-PRODUCTION-FOGO-V-OPTIQUE1010-FACHES-THUMESNIL-R\u00e9f-15661-293x200.jpg\" class=\"attachment-thumbnail size-thumbnail\" alt=\"\" decoding=\"async\" loading=\"lazy\" \/><\/a>\n\t\t\t<\/dt><\/dl><br style=\"clear: both\" \/><dl class='gallery-item'>\n\t\t\t<dt class='gallery-icon landscape'>\n\t\t\t\t<a href='http:\/\/www.1010votropticien.com\/blog\/lunettes-de-vue\/galerie-traction\/traction-production-mayfair-b-optique1010-faches-thumesnil-ref-11470\/'><img width=\"293\" height=\"200\" src=\"http:\/\/www.1010votropticien.com\/blog\/wp-content\/uploads\/2021\/01\/TRACTION-PRODUCTION-MAYFAIR-B-OPTIQUE1010-FACHES-THUMESNIL-R\u00e9f-11470-293x200.jpg\" class=\"attachment-thumbnail size-thumbnail\" alt=\"TRACTION PRODUCTION MAYFAIR B OPTIQUE1010 FACHES THUMESNIL R\u00e9f 11470\" decoding=\"async\" loading=\"lazy\" aria-describedby=\"gallery-1-9467\" \/><\/a>\n\t\t\t<\/dt>\n\t\t\t\t<dd class='wp-caption-text gallery-caption' id='gallery-1-9467'>\n\t\t\t\tTRACTION PRODUCTION MAYFAIR B OPTIQUE1010 FACHES THUMESNIL R\u00e9f 11470\n\t\t\t\t<\/dd><\/dl><dl class='gallery-item'>\n\t\t\t<dt class='gallery-icon landscape'>\n\t\t\t\t<a href='http:\/\/www.1010votropticien.com\/blog\/lunettes-de-vue\/galerie-traction\/traction-production-mayfair-optique1010-faches-thumesnil-ref-11470\/'><img width=\"293\" height=\"200\" src=\"http:\/\/www.1010votropticien.com\/blog\/wp-content\/uploads\/2021\/01\/TRACTION-PRODUCTION-MAYFAIR-OPTIQUE1010-FACHES-THUMESNIL-R\u00e9f-11470-293x200.jpg\" class=\"attachment-thumbnail size-thumbnail\" alt=\"TRACTION PRODUCTION MAYFAIR OPTIQUE1010 FACHES THUMESNIL R\u00e9f 11470\" decoding=\"async\" loading=\"lazy\" aria-describedby=\"gallery-1-9468\" \/><\/a>\n\t\t\t<\/dt>\n\t\t\t\t<dd class='wp-caption-text gallery-caption' id='gallery-1-9468'>\n\t\t\t\tTRACTION PRODUCTION MAYFAIR OPTIQUE1010 FACHES THUMESNIL R\u00e9f 11470\n\t\t\t\t<\/dd><\/dl><dl class='gallery-item'>\n\t\t\t<dt class='gallery-icon landscape'>\n\t\t\t\t<a href='http:\/\/www.1010votropticien.com\/blog\/lunettes-de-vue\/galerie-traction\/traction-production-mayfair-v-optique1010-faches-thumesnil-ref-11470\/'><img width=\"293\" height=\"200\" src=\"http:\/\/www.1010votropticien.com\/blog\/wp-content\/uploads\/2021\/01\/TRACTION-PRODUCTION-MAYFAIR-V-OPTIQUE1010-FACHES-THUMESNIL-R\u00e9f-11470-293x200.jpg\" class=\"attachment-thumbnail size-thumbnail\" alt=\"TRACTION PRODUCTION MAYFAIR V OPTIQUE1010 FACHES THUMESNIL R\u00e9f 11470\" decoding=\"async\" loading=\"lazy\" aria-describedby=\"gallery-1-9469\" \/><\/a>\n\t\t\t<\/dt>\n\t\t\t\t<dd class='wp-caption-text gallery-caption' id='gallery-1-9469'>\n\t\t\t\tTRACTION PRODUCTION MAYFAIR V OPTIQUE1010 FACHES THUMESNIL R\u00e9f 11470\n\t\t\t\t<\/dd><\/dl><br style=\"clear: both\" \/><dl class='gallery-item'>\n\t\t\t<dt class='gallery-icon landscape'>\n\t\t\t\t<a href='http:\/\/www.1010votropticien.com\/blog\/lunettes-de-vue\/galerie-traction\/traction-production-sophocle-optique1010-faches-thumesnil-ref-11474\/'><img width=\"293\" height=\"200\" src=\"http:\/\/www.1010votropticien.com\/blog\/wp-content\/uploads\/2021\/01\/TRACTION-PRODUCTION-SOPHOCLE-OPTIQUE1010-FACHES-THUMESNIL-R\u00e9f-11474-293x200.jpg\" class=\"attachment-thumbnail size-thumbnail\" alt=\"TRACTION PRODUCTION SOPHOCLE OPTIQUE1010 FACHES THUMESNIL R\u00e9f 11474\" decoding=\"async\" loading=\"lazy\" aria-describedby=\"gallery-1-9470\" \/><\/a>\n\t\t\t<\/dt>\n\t\t\t\t<dd class='wp-caption-text gallery-caption' id='gallery-1-9470'>\n\t\t\t\tTRACTION PRODUCTION SOPHOCLE OPTIQUE1010 FACHES THUMESNIL R\u00e9f 11474\n\t\t\t\t<\/dd><\/dl><dl class='gallery-item'>\n\t\t\t<dt class='gallery-icon landscape'>\n\t\t\t\t<a href='http:\/\/www.1010votropticien.com\/blog\/lunettes-de-vue\/galerie-traction\/traction-production-sophocle-b-optique1010-faches-thumesnil-ref-11474\/'><img width=\"293\" height=\"200\" src=\"http:\/\/www.1010votropticien.com\/blog\/wp-content\/uploads\/2021\/01\/TRACTION-PRODUCTION-SOPHOCLE-B-OPTIQUE1010-FACHES-THUMESNIL-R\u00e9f-11474-293x200.jpg\" class=\"attachment-thumbnail size-thumbnail\" alt=\"TRACTION PRODUCTION SOPHOCLE B OPTIQUE1010 FACHES THUMESNIL R\u00e9f 11474\" decoding=\"async\" loading=\"lazy\" aria-describedby=\"gallery-1-9471\" \/><\/a>\n\t\t\t<\/dt>\n\t\t\t\t<dd class='wp-caption-text gallery-caption' id='gallery-1-9471'>\n\t\t\t\tTRACTION PRODUCTION SOPHOCLE B OPTIQUE1010 FACHES THUMESNIL R\u00e9f 11474\n\t\t\t\t<\/dd><\/dl><dl class='gallery-item'>\n\t\t\t<dt class='gallery-icon landscape'>\n\t\t\t\t<a href='http:\/\/www.1010votropticien.com\/blog\/lunettes-de-vue\/galerie-traction\/traction-production-sophocle-v-optique1010-faches-thumesnil-ref-11474\/'><img width=\"293\" height=\"200\" src=\"http:\/\/www.1010votropticien.com\/blog\/wp-content\/uploads\/2021\/01\/TRACTION-PRODUCTION-SOPHOCLE-V-OPTIQUE1010-FACHES-THUMESNIL-R\u00e9f-11474-293x200.jpg\" class=\"attachment-thumbnail size-thumbnail\" alt=\"TRACTION PRODUCTION SOPHOCLE V OPTIQUE1010 FACHES THUMESNIL R\u00e9f 11474\" decoding=\"async\" loading=\"lazy\" aria-describedby=\"gallery-1-9472\" \/><\/a>\n\t\t\t<\/dt>\n\t\t\t\t<dd class='wp-caption-text gallery-caption' id='gallery-1-9472'>\n\t\t\t\tTRACTION PRODUCTION SOPHOCLE V OPTIQUE1010 FACHES THUMESNIL R\u00e9f 11474\n\t\t\t\t<\/dd><\/dl><br style=\"clear: both\" \/><dl class='gallery-item'>\n\t\t\t<dt class='gallery-icon landscape'>\n\t\t\t\t<a href='http:\/\/www.1010votropticien.com\/blog\/lunettes-de-vue\/galerie-traction\/traction-production-wizard-optique1010-faches-thumesnil-ref-17548\/'><img width=\"293\" height=\"200\" src=\"http:\/\/www.1010votropticien.com\/blog\/wp-content\/uploads\/2021\/01\/TRACTION-PRODUCTION-WIZARD-OPTIQUE1010-FACHES-THUMESNIL-R\u00e9f-17548-293x200.jpg\" class=\"attachment-thumbnail size-thumbnail\" alt=\"TRACTION PRODUCTION WIZARD OPTIQUE1010 FACHES THUMESNIL R\u00e9f 17548\" decoding=\"async\" loading=\"lazy\" aria-describedby=\"gallery-1-9473\" \/><\/a>\n\t\t\t<\/dt>\n\t\t\t\t<dd class='wp-caption-text gallery-caption' id='gallery-1-9473'>\n\t\t\t\tTRACTION PRODUCTION WIZARD OPTIQUE1010 FACHES THUMESNIL R\u00e9f 17548\n\t\t\t\t<\/dd><\/dl><dl class='gallery-item'>\n\t\t\t<dt class='gallery-icon landscape'>\n\t\t\t\t<a href='http:\/\/www.1010votropticien.com\/blog\/lunettes-de-vue\/galerie-traction\/traction-production-wizard-v-optique1010-faches-thumesnil-ref-17548\/'><img width=\"293\" height=\"200\" src=\"http:\/\/www.1010votropticien.com\/blog\/wp-content\/uploads\/2021\/01\/TRACTION-PRODUCTION-WIZARD-V-OPTIQUE1010-FACHES-THUMESNIL-R\u00e9f-17548-293x200.jpg\" class=\"attachment-thumbnail size-thumbnail\" alt=\"TRACTION PRODUCTION WIZARD V OPTIQUE1010 FACHES THUMESNIL R\u00e9f 17548\" decoding=\"async\" loading=\"lazy\" aria-describedby=\"gallery-1-9474\" \/><\/a>\n\t\t\t<\/dt>\n\t\t\t\t<dd class='wp-caption-text gallery-caption' id='gallery-1-9474'>\n\t\t\t\tTRACTION PRODUCTION WIZARD V OPTIQUE1010 FACHES THUMESNIL R\u00e9f 17548\n\t\t\t\t<\/dd><\/dl>\n\t\t\t<br style='clear: both' \/>\n\t\t<\/div>\n\n<h4 style=\"text-align: justify;\"><span style=\"color: #ff0000;\">Traction<\/span>, c\u2019est une association de <span style=\"color: #ff0000;\"><strong>formes<\/strong><\/span> et de <span style=\"color: #ff0000;\"><strong>couleurs<\/strong><\/span> sans aucune restriction, ces lunettes ne sont pas un simple rem\u00e8de aux probl\u00e8mes de vue, elles ont aussi pour vocation d\u2019<span style=\"color: #ff0000;\">habiller le visage<\/span> au m\u00eame titre qu\u2019un <span style=\"color: #ff0000;\"><strong>accessoire de mode<\/strong><\/span>.<\/h4>\n<h4 style=\"text-align: justify;\">Dans une recherche constante d\u2019harmonie avec les visages, <span style=\"color: #ff0000;\">Victor Gros<\/span> cr\u00e9e des lunettes pour <span style=\"color: #ff0000;\">looker<\/span> une personne <span style=\"color: #ff0000;\">sans en changer sa personnalit\u00e9<\/span>, elles s\u2019inspirent de \u00ab\u00a0<span style=\"color: #ff0000;\">l\u2019air du temps<\/span>\u00a0\u00bb de la <span style=\"color: #ff0000;\">Californie, de New York et de l\u2019Europe<\/span>.<\/h4>\n<h5>&nbsp;<\/h5>\n","protected":false},"excerpt":{"rendered":"<p>Voici un petit aper\u00e7u des mod\u00e8les de la collection Traction Production &#8230; Venez vite en magasin les essayer et d\u00e9couvrir d&rsquo;autres mod\u00e8les! Traction, c\u2019est une association de formes et de couleurs sans aucune restriction, ces lunettes ne sont pas un simple rem\u00e8de aux probl\u00e8mes de vue, elles ont aussi pour vocation d\u2019habiller le visage au [&hellip;]<\/p>\n","protected":false},"author":1,"featured_media":0,"parent":1290,"menu_order":34,"comment_status":"open","ping_status":"closed","template":"","meta":{"ngg_post_thumbnail":0},"_links":{"self":[{"href":"http:\/\/www.1010votropticien.com\/blog\/wp-json\/wp\/v2\/pages\/66"}],"collection":[{"href":"http:\/\/www.1010votropticien.com\/blog\/wp-json\/wp\/v2\/pages"}],"about":[{"href":"http:\/\/www.1010votropticien.com\/blog\/wp-json\/wp\/v2\/types\/page"}],"author":[{"embeddable":true,"href":"http:\/\/www.1010votropticien.com\/blog\/wp-json\/wp\/v2\/users\/1"}],"replies":[{"embeddable":true,"href":"http:\/\/www.1010votropticien.com\/blog\/wp-json\/wp\/v2\/comments?post=66"}],"version-history":[{"count":2,"href":"http:\/\/www.1010votropticien.com\/blog\/wp-json\/wp\/v2\/pages\/66\/revisions"}],"predecessor-version":[{"id":9475,"href":"http:\/\/www.1010votropticien.com\/blog\/wp-json\/wp\/v2\/pages\/66\/revisions\/9475"}],"up":[{"embeddable":true,"href":"http:\/\/www.1010votropticien.com\/blog\/wp-json\/wp\/v2\/pages\/1290"}],"wp:attachment":[{"href":"http:\/\/www.1010votropticien.com\/blog\/wp-json\/wp\/v2\/media?parent=66"}],"curies":[{"name":"wp","href":"https:\/\/api.w.org\/{rel}","templated":true}]}}