{"id":6456,"date":"2017-03-02T14:47:46","date_gmt":"2017-03-02T13:47:46","guid":{"rendered":"http:\/\/www.1010votropticien.com\/blog\/?page_id=6456"},"modified":"2023-01-26T17:45:46","modified_gmt":"2023-01-26T16:45:46","slug":"krom-eyewear","status":"publish","type":"page","link":"http:\/\/www.1010votropticien.com\/blog\/lunettes-de-vue\/krom-eyewear\/","title":{"rendered":"Krom Eyewear"},"content":{"rendered":"<h3>Voici un petit aper\u00e7u des mod\u00e8les de la collection Krom Eyewear&#8230; Venez vite en magasin les essayer et d\u00e9couvrir d&rsquo;autres mod\u00e8les!<\/h3>\n\n\t\t<style type=\"text\/css\">\n\t\t\t#gallery-1 {\n\t\t\t\tmargin: auto;\n\t\t\t}\n\t\t\t#gallery-1 .gallery-item {\n\t\t\t\tfloat: left;\n\t\t\t\tmargin-top: 10px;\n\t\t\t\ttext-align: center;\n\t\t\t\twidth: 33%;\n\t\t\t}\n\t\t\t#gallery-1 img {\n\t\t\t\tborder: 2px solid #cfcfcf;\n\t\t\t}\n\t\t\t#gallery-1 .gallery-caption {\n\t\t\t\tmargin-left: 0;\n\t\t\t}\n\t\t\t\/* see gallery_shortcode() in wp-includes\/media.php *\/\n\t\t<\/style>\n\t\t<div id='gallery-1' class='gallery galleryid-6456 gallery-columns-3 gallery-size-thumbnail'><dl class='gallery-item'>\n\t\t\t<dt class='gallery-icon landscape'>\n\t\t\t\t<a href='http:\/\/www.1010votropticien.com\/blog\/lunettes-de-vue\/krom-eyewear\/inshot_20230126_1718597871\/'><img width=\"293\" height=\"200\" src=\"http:\/\/www.1010votropticien.com\/blog\/wp-content\/uploads\/2023\/01\/InShot_20230126_1718597871-293x200.jpg\" class=\"attachment-thumbnail size-thumbnail\" alt=\"\" decoding=\"async\" loading=\"lazy\" \/><\/a>\n\t\t\t<\/dt><\/dl><dl class='gallery-item'>\n\t\t\t<dt class='gallery-icon landscape'>\n\t\t\t\t<a href='http:\/\/www.1010votropticien.com\/blog\/lunettes-de-vue\/krom-eyewear\/inshot_20230126_1719159491\/'><img width=\"293\" height=\"200\" src=\"http:\/\/www.1010votropticien.com\/blog\/wp-content\/uploads\/2023\/01\/InShot_20230126_1719159491-293x200.jpg\" class=\"attachment-thumbnail size-thumbnail\" alt=\"\" decoding=\"async\" loading=\"lazy\" \/><\/a>\n\t\t\t<\/dt><\/dl><dl class='gallery-item'>\n\t\t\t<dt class='gallery-icon landscape'>\n\t\t\t\t<a href='http:\/\/www.1010votropticien.com\/blog\/lunettes-de-vue\/krom-eyewear\/inshot_20230126_1719282351\/'><img width=\"293\" height=\"200\" src=\"http:\/\/www.1010votropticien.com\/blog\/wp-content\/uploads\/2023\/01\/InShot_20230126_1719282351-293x200.jpg\" class=\"attachment-thumbnail size-thumbnail\" alt=\"\" decoding=\"async\" loading=\"lazy\" \/><\/a>\n\t\t\t<\/dt><\/dl><br style=\"clear: both\" \/><dl class='gallery-item'>\n\t\t\t<dt class='gallery-icon landscape'>\n\t\t\t\t<a href='http:\/\/www.1010votropticien.com\/blog\/lunettes-de-vue\/krom-eyewear\/inshot_20230126_1719431341\/'><img width=\"293\" height=\"200\" src=\"http:\/\/www.1010votropticien.com\/blog\/wp-content\/uploads\/2023\/01\/InShot_20230126_1719431341-293x200.jpg\" class=\"attachment-thumbnail size-thumbnail\" alt=\"\" decoding=\"async\" loading=\"lazy\" \/><\/a>\n\t\t\t<\/dt><\/dl><dl class='gallery-item'>\n\t\t\t<dt class='gallery-icon landscape'>\n\t\t\t\t<a href='http:\/\/www.1010votropticien.com\/blog\/lunettes-de-vue\/krom-eyewear\/inshot_20230126_1719561801\/'><img width=\"293\" height=\"200\" src=\"http:\/\/www.1010votropticien.com\/blog\/wp-content\/uploads\/2023\/01\/InShot_20230126_1719561801-293x200.jpg\" class=\"attachment-thumbnail size-thumbnail\" alt=\"\" decoding=\"async\" loading=\"lazy\" \/><\/a>\n\t\t\t<\/dt><\/dl><dl class='gallery-item'>\n\t\t\t<dt class='gallery-icon landscape'>\n\t\t\t\t<a href='http:\/\/www.1010votropticien.com\/blog\/lunettes-de-vue\/krom-eyewear\/inshot_20230126_1720087071\/'><img width=\"293\" height=\"200\" src=\"http:\/\/www.1010votropticien.com\/blog\/wp-content\/uploads\/2023\/01\/InShot_20230126_1720087071-293x200.jpg\" class=\"attachment-thumbnail size-thumbnail\" alt=\"\" decoding=\"async\" loading=\"lazy\" \/><\/a>\n\t\t\t<\/dt><\/dl><br style=\"clear: both\" \/><dl class='gallery-item'>\n\t\t\t<dt class='gallery-icon landscape'>\n\t\t\t\t<a href='http:\/\/www.1010votropticien.com\/blog\/lunettes-de-vue\/krom-eyewear\/inshot_20230126_1720241811\/'><img width=\"293\" height=\"200\" src=\"http:\/\/www.1010votropticien.com\/blog\/wp-content\/uploads\/2023\/01\/InShot_20230126_1720241811-293x200.jpg\" class=\"attachment-thumbnail size-thumbnail\" alt=\"\" decoding=\"async\" loading=\"lazy\" \/><\/a>\n\t\t\t<\/dt><\/dl><dl class='gallery-item'>\n\t\t\t<dt class='gallery-icon landscape'>\n\t\t\t\t<a href='http:\/\/www.1010votropticien.com\/blog\/lunettes-de-vue\/krom-eyewear\/inshot_20230126_1720362181\/'><img width=\"293\" height=\"200\" src=\"http:\/\/www.1010votropticien.com\/blog\/wp-content\/uploads\/2023\/01\/InShot_20230126_1720362181-293x200.jpg\" class=\"attachment-thumbnail size-thumbnail\" alt=\"\" decoding=\"async\" loading=\"lazy\" \/><\/a>\n\t\t\t<\/dt><\/dl><dl class='gallery-item'>\n\t\t\t<dt class='gallery-icon landscape'>\n\t\t\t\t<a href='http:\/\/www.1010votropticien.com\/blog\/lunettes-de-vue\/krom-eyewear\/inshot_20230126_1720494281\/'><img width=\"293\" height=\"200\" src=\"http:\/\/www.1010votropticien.com\/blog\/wp-content\/uploads\/2023\/01\/InShot_20230126_1720494281-293x200.jpg\" class=\"attachment-thumbnail size-thumbnail\" alt=\"\" decoding=\"async\" loading=\"lazy\" \/><\/a>\n\t\t\t<\/dt><\/dl><br style=\"clear: both\" \/><dl class='gallery-item'>\n\t\t\t<dt class='gallery-icon landscape'>\n\t\t\t\t<a href='http:\/\/www.1010votropticien.com\/blog\/lunettes-de-vue\/krom-eyewear\/inshot_20230126_1721025631\/'><img width=\"293\" height=\"200\" src=\"http:\/\/www.1010votropticien.com\/blog\/wp-content\/uploads\/2023\/01\/InShot_20230126_1721025631-293x200.jpg\" class=\"attachment-thumbnail size-thumbnail\" alt=\"\" decoding=\"async\" loading=\"lazy\" \/><\/a>\n\t\t\t<\/dt><\/dl>\n\t\t\t<br style='clear: both' \/>\n\t\t<\/div>\n\n<h4>&nbsp;<\/h4>\n<h4>&nbsp;<\/h4>\n<h4>&nbsp;<\/h4>\n<h4>&nbsp;<\/h4>\n<h4>&nbsp;<\/h4>\n<h4>&nbsp;<\/h4>\n<h4>En combinant le <span style=\"color: #ff0000;\">savoir-faire traditionnel fran\u00e7ais<\/span> avec un esprit d<span style=\"color: #ff0000;\">&lsquo;innovation<\/span>, les cr\u00e9ations KROM sont en perp\u00e9tuel mouvement, parfois en contournant et repoussant les limites et les r\u00e8gles \u00e9tablies de fabrication.&nbsp;<\/h4>\n<h4>Loin d\u2019une mode standardis\u00e9e et d\u2019une conformit\u00e9 aux tendances, l&rsquo;objectif de la marque est de transformer la mati\u00e8re, l\u2019<span style=\"color: #ff0000;\">acier inox<\/span> de <span style=\"color: #ff0000;\">haute qualit\u00e9<\/span>, en une <span style=\"color: #ff0000;\">monture artistique<span style=\"color: #333333;\"> et d<\/span><\/span><span style=\"color: #333333;\">&lsquo;exp\u00e9rimen<\/span>ter <span style=\"color: #ff0000;\">sans contrainte<\/span>, afin de transformer les r\u00eaves les plus fous en r\u00e9alit\u00e9.&nbsp;<\/h4>\n<h4>Gr\u00e2ce \u00e0 une approche multidirectionnelle, tous les&nbsp;<span style=\"color: #ff0000;\">prototypes<\/span> sont d\u00e9velopp\u00e9s en interne, avant une mise en production r\u00e9elle. L\u2019ensemble du processus, \u00e0 travers chaque \u00e9tape, passe par un <span style=\"color: #ff0000;\">contr\u00f4le qualit\u00e9 rigoureux<\/span>.<\/h4>\n<h4>Et en plus de la&nbsp;<span style=\"color: #ff0000;\">pr\u00e9cision technique<\/span> des outils, chaque monture est termin\u00e9e et valid\u00e9e manuellement.<\/h4>\n<p>&nbsp;<\/p>\n<h5><a href=\"https:\/\/youtu.be\/H8oguPVjcuc\" target=\"_blank\" rel=\"noopener noreferrer\"><span style=\"color: #ff6600;\">Krom Eyewear, collection fran\u00e7aise, mise \u00e0 l&rsquo;honneur sur FRANCE 3:<\/span><\/a><\/h5>\n<h5><span style=\"color: #ff6600;\"><a style=\"color: #ff6600;\" href=\"http:\/\/krom-eyewear.com\/\" target=\"_blank\" rel=\"noopener noreferrer\">Retrouvez ici l&rsquo;univers de Krom Eyewear.<\/a><\/span><\/h5>\n<p>&nbsp;<\/p>\n","protected":false},"excerpt":{"rendered":"<p>Voici un petit aper\u00e7u des mod\u00e8les de la collection Krom Eyewear&#8230; Venez vite en magasin les essayer et d\u00e9couvrir d&rsquo;autres mod\u00e8les! &nbsp; &nbsp; &nbsp; &nbsp; &nbsp; &nbsp; En combinant le savoir-faire traditionnel fran\u00e7ais avec un esprit d&lsquo;innovation, les cr\u00e9ations KROM sont en perp\u00e9tuel mouvement, parfois en contournant et repoussant les limites et les r\u00e8gles \u00e9tablies [&hellip;]<\/p>\n","protected":false},"author":4,"featured_media":0,"parent":1290,"menu_order":0,"comment_status":"closed","ping_status":"closed","template":"","meta":{"ngg_post_thumbnail":0},"_links":{"self":[{"href":"http:\/\/www.1010votropticien.com\/blog\/wp-json\/wp\/v2\/pages\/6456"}],"collection":[{"href":"http:\/\/www.1010votropticien.com\/blog\/wp-json\/wp\/v2\/pages"}],"about":[{"href":"http:\/\/www.1010votropticien.com\/blog\/wp-json\/wp\/v2\/types\/page"}],"author":[{"embeddable":true,"href":"http:\/\/www.1010votropticien.com\/blog\/wp-json\/wp\/v2\/users\/4"}],"replies":[{"embeddable":true,"href":"http:\/\/www.1010votropticien.com\/blog\/wp-json\/wp\/v2\/comments?post=6456"}],"version-history":[{"count":1,"href":"http:\/\/www.1010votropticien.com\/blog\/wp-json\/wp\/v2\/pages\/6456\/revisions"}],"predecessor-version":[{"id":10939,"href":"http:\/\/www.1010votropticien.com\/blog\/wp-json\/wp\/v2\/pages\/6456\/revisions\/10939"}],"up":[{"embeddable":true,"href":"http:\/\/www.1010votropticien.com\/blog\/wp-json\/wp\/v2\/pages\/1290"}],"wp:attachment":[{"href":"http:\/\/www.1010votropticien.com\/blog\/wp-json\/wp\/v2\/media?parent=6456"}],"curies":[{"name":"wp","href":"https:\/\/api.w.org\/{rel}","templated":true}]}}