{"id":4081,"date":"2015-09-25T18:42:44","date_gmt":"2015-09-25T16:42:44","guid":{"rendered":"http:\/\/www.1010votropticien.com\/blog\/?page_id=4081"},"modified":"2025-05-19T11:37:42","modified_gmt":"2025-05-19T09:37:42","slug":"votre-magasin-2","status":"publish","type":"page","link":"http:\/\/www.1010votropticien.com\/blog\/votre-magasin-2\/","title":{"rendered":"Votre magasin"},"content":{"rendered":"<h4>&nbsp;<\/h4>\n<h4>Nouveau, prenez rendez-vous directement de chez vous pour venir au drive ou au magasin en cliquant ici: <strong style=\"color: #ff0000; font-size: 1.25em;\"><a style=\"color: #ff0000;\" href=\"https:\/\/s06.fr\/3jzlgu\" target=\"_blank\" rel=\"noreferrer noopener\">https:\/\/s06.fr\/3jzlgu<\/a><\/strong><\/h4>\n<h4>&nbsp;<\/h4>\n<h4>&nbsp;<\/h4>\n<h4 style=\"text-align: center;\"><a href=\"http:\/\/www.1010votropticien.com\/blog\/nous-trouver\/\"><span style=\"color: #ff0000;\">Vous cherchez les horaires ou l&rsquo;adresse &#8230; c&rsquo;est ici!<\/span><\/a><\/h4>\n<p>&nbsp;<\/p>\n<h2 style=\"text-align: center;\"><span style=\"color: #000000;\">Nous vous proposons un grand choix de montures de marque et cr\u00e9ateurs, vous y trouverez des univers d\u00e9di\u00e9s &#8230;<\/span><\/h2>\n<ul>\n<li>\n<h5><span style=\"font-size: 12pt;\"><a href=\"http:\/\/www.1010votropticien.com\/blog\/lunettes-de-vue\/\"><span style=\"color: #ff0000;\">aux montures de marque<\/span><\/a><\/span><\/h5>\n<\/li>\n<li>\n<h5><span style=\"font-size: 12pt;\">aux montures cr\u00e9ateur<\/span><\/h5>\n<\/li>\n<li>\n<h5><span style=\"font-size: 12pt;\">aux lunettes enfants<\/span><\/h5>\n<\/li>\n<li>\n<h5><span style=\"font-size: 12pt;\"><a href=\"http:\/\/www.1010votropticien.com\/blog\/solaires\/\"><span style=\"color: #ff0000;\">aux lunettes de soleil<\/span><\/a><\/span><\/h5>\n<\/li>\n<li>\n<h5><span style=\"font-size: 12pt;\"><a href=\"http:\/\/www.1010votropticien.com\/blog\/atelier-creations\/\"><span style=\"color: #ff0000;\">\u00e0 la cr\u00e9ation sur-mesure<\/span><\/a> (pour tatouer vos verres ou d\u00e9corer vos branches)<\/span><\/h5>\n<\/li>\n<li>\n<h5><span style=\"font-size: 12pt;\">et bien d&rsquo;autres univers \u00e0 d\u00e9couvrir &#8230;<\/span><\/h5>\n<\/li>\n<\/ul>\n<p>&nbsp;<\/p>\n<h2 style=\"text-align: center;\"><span style=\"color: #000000;\">Nos <strong>opticiens dipl\u00f4m\u00e9s<\/strong> sont l\u00e0 pour vous conseiller, d&rsquo;un grand professionnalisme, ils sauront vous \u00e9couter pour r\u00e9pondre \u00e0 votre demande.<\/span><\/h2>\n<p>&nbsp;<\/p>\n<h3><span style=\"color: #ff0000;\"><strong>OPTIQUE 10.10 c&rsquo;est:<\/strong><\/span><\/h3>\n<ul>\n<li>\n<h5><span style=\"font-size: 12pt;\"><span style=\"text-decoration: underline; color: #ff0000;\"><strong>Le plus grand choix de la m\u00e9tropole <\/strong><\/span><span style=\"color: #000000;\">: avec 2500 montures, vous en trouverez pour tous les go\u00fbts, tous les \u00e2ges, tous les budgets&#8230; Et votre opticien peut vous commander une monture &#8230; juste pour vous &#8230; et sans engagement !<\/span><\/span><\/h5>\n<\/li>\n<li>\n<h5><span style=\"font-size: 12pt;\"><span style=\"text-decoration: underline; color: #ff0000;\"><strong>0 papier \u00e0 envoyer<\/strong><\/span><span style=\"color: #000000;\">, votre opticien s&rsquo;occupe de tout! Quelle que soit votre mutuelle votre opticien se met en relation avec elle, avec votre accord, pour vous proposer un \u00e9quipement avec<\/span><span style=\"text-decoration: underline; color: #ff0000;\"><strong> 0 reste \u00e0 charge si vous le souhaitez!<\/strong><\/span><\/span><\/h5>\n<\/li>\n<li>\n<h5><span style=\"font-size: 12pt;\"><a href=\"http:\/\/www.1010votropticien.com\/blog\/offre-parrainage\/\"><span style=\"text-decoration: underline; color: #ff0000;\"><strong>Le parrainage<\/strong> <\/span><\/a><span style=\"color: #000000;\">&#8230; parlez-en autour de vous, parrain et filleuls seront r\u00e9compens\u00e9s !<\/span><\/span><\/h5>\n<\/li>\n<li>\n<h5><span style=\"font-size: 12pt;\"><span style=\"color: #ff0000;\"><strong><span style=\"text-decoration: underline;\"><a href=\"http:\/\/www.1010votropticien.com\/blog\/atelier-creations\/\">La personnalisation<\/a><\/span><\/strong><\/span><span style=\"color: #000000;\"><span style=\"color: #ff0000;\">:<\/span> votre opticien 10.10 est le sp\u00e9cialiste des d\u00e9cors sur verres (gravures, strass Swarovski, tranches color\u00e9es, formes d\u00e9coup\u00e9es &#8230;)<\/span><span style=\"color: #e3631c;\"><span style=\"color: #ff0000;\"> \u00e0 partir de 10\u20ac seulement!<\/span> <span style=\"color: #000000;\">Votre opticien vous pr\u00e9sentera l&rsquo;atelier de cr\u00e9ation d\u00e9di\u00e9 au sur-mesure directement au magasin.<\/span><\/span><\/span><\/h5>\n<\/li>\n<li>\n<h5><span style=\"color: #000000; font-size: 12pt;\"><span style=\"color: #ff0000;\"><strong><span style=\"text-decoration: underline;\">Des ventes priv\u00e9es<\/span><\/strong><\/span>:<span style=\"color: #e3631c;\"> <a style=\"color: #e3631c;\" href=\"http:\/\/www.1010votropticien.com\/blog\/nous-contacter\/\"><span style=\"color: #ff0000;\">envoyez-nous vos coordonn\u00e9es<\/span><\/a><\/span>&nbsp;via le <span style=\"color: #e3631c;\"><a style=\"color: #e3631c;\" href=\"http:\/\/www.1010votropticien.com\/blog\/nous-contacter\/\"><span style=\"color: #ff0000;\">formulaire de contact<\/span><\/a><\/span> pour y \u00eatre invit\u00e9 la prochaine fois!<\/span><\/h5>\n<\/li>\n<li>\n<h5><span style=\"font-size: 12pt;\"><span style=\"color: #000000;\"><strong><span style=\"text-decoration: underline;\"><a href=\"http:\/\/www.1010votropticien.com\/blog\/drive\/\">Un Drive Optique<\/a><\/span><\/strong>: Pour les personnes \u00e0 mobilit\u00e9 r\u00e9duite, ou pour tout service rapide&#8230; votre opticien est l\u00e0 pour vous faciliter la vie &#8230; et gagner du temps! Vous restez dans votre voiture &#8230; et ce service est <span style=\"color: #ff0000;\">gratuit!<\/span><\/span><\/span><\/h5>\n<\/li>\n<\/ul>\n<h5>&nbsp;<\/h5>\n<h5>&nbsp;<\/h5>\n<h5>&nbsp;<\/h5>\n<h2 style=\"text-align: center;\">&nbsp;<\/h2>\n\n\n<figure class=\"wp-block-image size-full\"><img decoding=\"async\" loading=\"lazy\" width=\"1360\" height=\"1020\" src=\"https:\/\/www.1010votropticien.com\/blog\/wp-content\/uploads\/2025\/05\/optique-1.webp\" alt=\"\" class=\"wp-image-11407\"\/><\/figure>\n\n\n\n<figure class=\"wp-block-image size-full\"><img decoding=\"async\" loading=\"lazy\" width=\"1020\" height=\"1020\" src=\"https:\/\/www.1010votropticien.com\/blog\/wp-content\/uploads\/2025\/05\/interieur-magasin-1.webp\" alt=\"\" class=\"wp-image-11406\"\/><\/figure>\n","protected":false},"excerpt":{"rendered":"<p>&nbsp; Nouveau, prenez rendez-vous directement de chez vous pour venir au drive ou au magasin en cliquant ici: https:\/\/s06.fr\/3jzlgu &nbsp; &nbsp; Vous cherchez les horaires ou l&rsquo;adresse &#8230; c&rsquo;est ici! &nbsp; Nous vous proposons un grand choix de montures de marque et cr\u00e9ateurs, vous y trouverez des univers d\u00e9di\u00e9s &#8230; aux montures de marque aux [&hellip;]<\/p>\n","protected":false},"author":4,"featured_media":11387,"parent":0,"menu_order":0,"comment_status":"closed","ping_status":"closed","template":"","meta":{"ngg_post_thumbnail":0},"_links":{"self":[{"href":"http:\/\/www.1010votropticien.com\/blog\/wp-json\/wp\/v2\/pages\/4081"}],"collection":[{"href":"http:\/\/www.1010votropticien.com\/blog\/wp-json\/wp\/v2\/pages"}],"about":[{"href":"http:\/\/www.1010votropticien.com\/blog\/wp-json\/wp\/v2\/types\/page"}],"author":[{"embeddable":true,"href":"http:\/\/www.1010votropticien.com\/blog\/wp-json\/wp\/v2\/users\/4"}],"replies":[{"embeddable":true,"href":"http:\/\/www.1010votropticien.com\/blog\/wp-json\/wp\/v2\/comments?post=4081"}],"version-history":[{"count":2,"href":"http:\/\/www.1010votropticien.com\/blog\/wp-json\/wp\/v2\/pages\/4081\/revisions"}],"predecessor-version":[{"id":11408,"href":"http:\/\/www.1010votropticien.com\/blog\/wp-json\/wp\/v2\/pages\/4081\/revisions\/11408"}],"wp:featuredmedia":[{"embeddable":true,"href":"http:\/\/www.1010votropticien.com\/blog\/wp-json\/wp\/v2\/media\/11387"}],"wp:attachment":[{"href":"http:\/\/www.1010votropticien.com\/blog\/wp-json\/wp\/v2\/media?parent=4081"}],"curies":[{"name":"wp","href":"https:\/\/api.w.org\/{rel}","templated":true}]}}