{"id":22,"date":"2009-08-28T17:17:19","date_gmt":"2009-08-28T16:17:19","guid":{"rendered":"http:\/\/www.1010votropticien.com\/blog\/?page_id=22"},"modified":"2023-02-16T19:00:19","modified_gmt":"2023-02-16T18:00:19","slug":"galerie-carrera-2","status":"publish","type":"page","link":"http:\/\/www.1010votropticien.com\/blog\/lunettes-de-vue\/galerie-carrera-2\/","title":{"rendered":"Carrera"},"content":{"rendered":"<h3 style=\"text-align: justify;\">Voici un petit aper\u00e7u des mod\u00e8les de la collection Carrera &#8230; Venez vite en magasin les essayer et d\u00e9couvrir d&rsquo;autres mod\u00e8les!<\/h3>\n<p><img decoding=\"async\" loading=\"lazy\" class=\"alignleft size-thumbnail wp-image-11011\" src=\"http:\/\/www.1010votropticien.com\/blog\/wp-content\/uploads\/2023\/02\/InShot_20230215_181618487-293x200.jpg\" alt=\"\" width=\"293\" height=\"200\"> <img decoding=\"async\" loading=\"lazy\" class=\"alignleft size-thumbnail wp-image-11010\" src=\"http:\/\/www.1010votropticien.com\/blog\/wp-content\/uploads\/2023\/02\/InShot_20230215_181606424-293x200.jpg\" alt=\"\" width=\"293\" height=\"200\"> <img decoding=\"async\" loading=\"lazy\" class=\"alignleft size-thumbnail wp-image-11009\" src=\"http:\/\/www.1010votropticien.com\/blog\/wp-content\/uploads\/2023\/02\/InShot_20230215_181554509-293x200.jpg\" alt=\"\" width=\"293\" height=\"200\"> <img decoding=\"async\" loading=\"lazy\" class=\"alignleft size-thumbnail wp-image-11008\" src=\"http:\/\/www.1010votropticien.com\/blog\/wp-content\/uploads\/2023\/02\/InShot_20230215_181543232-293x200.jpg\" alt=\"\" width=\"293\" height=\"200\"> <img decoding=\"async\" loading=\"lazy\" class=\"alignleft size-thumbnail wp-image-11007\" src=\"http:\/\/www.1010votropticien.com\/blog\/wp-content\/uploads\/2023\/02\/InShot_20230215_181530131-293x200.jpg\" alt=\"\" width=\"293\" height=\"200\"> <img decoding=\"async\" loading=\"lazy\" class=\"alignleft size-thumbnail wp-image-11006\" src=\"http:\/\/www.1010votropticien.com\/blog\/wp-content\/uploads\/2023\/02\/InShot_20230215_181516054-293x200.jpg\" alt=\"\" width=\"293\" height=\"200\"> <img decoding=\"async\" loading=\"lazy\" class=\"alignleft size-thumbnail wp-image-11005\" src=\"http:\/\/www.1010votropticien.com\/blog\/wp-content\/uploads\/2023\/02\/InShot_20230215_181504315-293x200.jpg\" alt=\"\" width=\"293\" height=\"200\"> <img decoding=\"async\" loading=\"lazy\" class=\"alignleft size-thumbnail wp-image-11004\" src=\"http:\/\/www.1010votropticien.com\/blog\/wp-content\/uploads\/2023\/02\/InShot_20230215_181453717-293x200.jpg\" alt=\"\" width=\"293\" height=\"200\"><\/p>\n<p>&nbsp;<\/p>\n<h4>La <span style=\"color: #ff0000;\">collection<\/span>&nbsp;<span style=\"color: #ff0000;\">Carrera<\/span> combine les derni\u00e8res<span style=\"color: #ff0000;\"> tendances<\/span> \u00e0 l&rsquo;incomparable <span style=\"color: #ff0000;\">savoir-faire<\/span> propre au <span style=\"color: #ff0000;\">style italien<\/span>.<\/h4>\n<h4>Dans cette collection, on retrouve des <span style=\"color: #ff0000;\">montures souples et rondes<\/span> r\u00e9alis\u00e9es en <span style=\"color: #ff0000;\">acier inoxydable<\/span> <span style=\"color: #ff0000;\">couleur or<\/span> avec \u00e9l\u00e9ments en <span style=\"color: #ff0000;\">ac\u00e9tate \u00e9caille<\/span> et <span style=\"color: #ff0000;\">manchons<\/span> en ac\u00e9tate \u00e9caille qui cr\u00e9ent un agr\u00e9able <span style=\"color: #ff0000;\">contraste de couleurs<\/span>.<\/h4>\n<h4>D&rsquo;autres montures offrent un <span style=\"color: #ff0000;\">design<\/span> plus <span style=\"color: #ff0000;\">sophisqu\u00e9<\/span> avec une attention particuli\u00e8re port\u00e9e aux <span style=\"color: #ff0000;\">d\u00e9tails<\/span> donnent vie \u00e0 ces Carrera, montures <span style=\"color: #ff0000;\">l\u00e9g\u00e8res<\/span> et <span style=\"color: #ff0000;\">\u00e9lanc\u00e9es<\/span> en <span style=\"color: #ff0000;\">ac\u00e9tate doubl\u00e9<\/span> aux <span style=\"color: #ff0000;\">bords m\u00e9talliques<\/span>, avec la <span style=\"color: #ff0000;\">traditionnelle forme de goutte<\/span>, donne une <span style=\"color: #ff0000;\">touche vintage<\/span> quel que soit le <span style=\"color: #ff0000;\">look<\/span> sans renoncer au<span style=\"color: #ff0000;\"> confort<\/span> garantit par les <span style=\"color: #ff0000;\">mat\u00e9riaux de qualit\u00e9<\/span> et les plaquettes r\u00e9glables.<\/h4>\n<h4>D&rsquo;autres mod\u00e8les sont&nbsp;<span style=\"color: #ff0000;\">demi-cercl\u00e9s<\/span> : le contraste entre la partie sup\u00e9rieure de l&rsquo;avant de la lunette, les <span style=\"color: #ff0000;\">branches de caract\u00e8re<\/span> et la partie<span style=\"color: #ff0000;\"> inf\u00e9rieure m\u00e9tallique<\/span> rend ces <span style=\"color: #ff0000;\">mod\u00e8les l\u00e9gers<\/span> tout en \u00e9tant <span style=\"color: #ff0000;\">structur\u00e9s<\/span>.&nbsp;<\/h4>\n<p>&nbsp;<\/p>\n","protected":false},"excerpt":{"rendered":"<p>Voici un petit aper\u00e7u des mod\u00e8les de la collection Carrera &#8230; Venez vite en magasin les essayer et d\u00e9couvrir d&rsquo;autres mod\u00e8les! &nbsp; La collection&nbsp;Carrera combine les derni\u00e8res tendances \u00e0 l&rsquo;incomparable savoir-faire propre au style italien. Dans cette collection, on retrouve des montures souples et rondes r\u00e9alis\u00e9es en acier inoxydable couleur or avec \u00e9l\u00e9ments en ac\u00e9tate [&hellip;]<\/p>\n","protected":false},"author":1,"featured_media":0,"parent":1290,"menu_order":0,"comment_status":"open","ping_status":"closed","template":"","meta":{"ngg_post_thumbnail":0},"_links":{"self":[{"href":"http:\/\/www.1010votropticien.com\/blog\/wp-json\/wp\/v2\/pages\/22"}],"collection":[{"href":"http:\/\/www.1010votropticien.com\/blog\/wp-json\/wp\/v2\/pages"}],"about":[{"href":"http:\/\/www.1010votropticien.com\/blog\/wp-json\/wp\/v2\/types\/page"}],"author":[{"embeddable":true,"href":"http:\/\/www.1010votropticien.com\/blog\/wp-json\/wp\/v2\/users\/1"}],"replies":[{"embeddable":true,"href":"http:\/\/www.1010votropticien.com\/blog\/wp-json\/wp\/v2\/comments?post=22"}],"version-history":[{"count":1,"href":"http:\/\/www.1010votropticien.com\/blog\/wp-json\/wp\/v2\/pages\/22\/revisions"}],"predecessor-version":[{"id":11012,"href":"http:\/\/www.1010votropticien.com\/blog\/wp-json\/wp\/v2\/pages\/22\/revisions\/11012"}],"up":[{"embeddable":true,"href":"http:\/\/www.1010votropticien.com\/blog\/wp-json\/wp\/v2\/pages\/1290"}],"wp:attachment":[{"href":"http:\/\/www.1010votropticien.com\/blog\/wp-json\/wp\/v2\/media?parent=22"}],"curies":[{"name":"wp","href":"https:\/\/api.w.org\/{rel}","templated":true}]}}