{"id":1404,"date":"2015-03-16T12:22:06","date_gmt":"2015-03-16T11:22:06","guid":{"rendered":"http:\/\/www.1010votropticien.com\/blog\/?page_id=1404"},"modified":"2020-12-09T08:02:36","modified_gmt":"2020-12-09T07:02:36","slug":"karavan","status":"publish","type":"page","link":"http:\/\/www.1010votropticien.com\/blog\/lunettes-de-vue\/karavan\/","title":{"rendered":"Karavan"},"content":{"rendered":"\n<h2 class=\"wp-block-heading\">Voici un petit aper\u00e7u des mod\u00e8les de la collection Karavan &#8230; Venez vite en magasin les essayer et d\u00e9couvrir d&rsquo;autres mod\u00e8les!<\/h2>\n\n\n\n<figure class=\"wp-block-gallery columns-3 wp-block-gallery-1 is-layout-flex\"><ul class=\"blocks-gallery-grid\"><li class=\"blocks-gallery-item\"><figure><a href=\"http:\/\/www.1010votropticien.com\/blog\/lunettes-de-vue\/karavan\/karavan-ka0098-16417-optique-1010-faches-thumesnil\/\"><img decoding=\"async\" loading=\"lazy\" width=\"1920\" height=\"1920\" src=\"https:\/\/i0.wp.com\/www.1010votropticien.com\/blog\/wp-content\/uploads\/2020\/11\/KARAVAN-KA0098-16417-OPTIQUE-1010-F\u00e2ches-Thumesnil..jpg?fit=838%2C838\" alt=\"\" data-id=\"8570\" data-full-url=\"https:\/\/i0.wp.com\/www.1010votropticien.com\/blog\/wp-content\/uploads\/2020\/11\/KARAVAN-KA0098-16417-OPTIQUE-1010-F\u00e2ches-Thumesnil..jpg?fit=1920%2C1920\" data-link=\"http:\/\/www.1010votropticien.com\/blog\/lunettes-de-vue\/karavan\/karavan-ka0098-16417-optique-1010-faches-thumesnil\/\" class=\"wp-image-8570\" srcset=\"http:\/\/www.1010votropticien.com\/blog\/wp-content\/uploads\/2020\/11\/KARAVAN-KA0098-16417-OPTIQUE-1010-F\u00e2ches-Thumesnil..jpg 1920w, http:\/\/www.1010votropticien.com\/blog\/wp-content\/uploads\/2020\/11\/KARAVAN-KA0098-16417-OPTIQUE-1010-F\u00e2ches-Thumesnil.-300x300.jpg 300w, http:\/\/www.1010votropticien.com\/blog\/wp-content\/uploads\/2020\/11\/KARAVAN-KA0098-16417-OPTIQUE-1010-F\u00e2ches-Thumesnil.-1024x1024.jpg 1024w, http:\/\/www.1010votropticien.com\/blog\/wp-content\/uploads\/2020\/11\/KARAVAN-KA0098-16417-OPTIQUE-1010-F\u00e2ches-Thumesnil.-768x768.jpg 768w, http:\/\/www.1010votropticien.com\/blog\/wp-content\/uploads\/2020\/11\/KARAVAN-KA0098-16417-OPTIQUE-1010-F\u00e2ches-Thumesnil.-1536x1536.jpg 1536w, http:\/\/www.1010votropticien.com\/blog\/wp-content\/uploads\/2020\/11\/KARAVAN-KA0098-16417-OPTIQUE-1010-F\u00e2ches-Thumesnil.-160x160.jpg 160w, http:\/\/www.1010votropticien.com\/blog\/wp-content\/uploads\/2020\/11\/KARAVAN-KA0098-16417-OPTIQUE-1010-F\u00e2ches-Thumesnil.-240x240.jpg 240w, http:\/\/www.1010votropticien.com\/blog\/wp-content\/uploads\/2020\/11\/KARAVAN-KA0098-16417-OPTIQUE-1010-F\u00e2ches-Thumesnil.-60x60.jpg 60w, http:\/\/www.1010votropticien.com\/blog\/wp-content\/uploads\/2020\/11\/KARAVAN-KA0098-16417-OPTIQUE-1010-F\u00e2ches-Thumesnil.-184x184.jpg 184w, http:\/\/www.1010votropticien.com\/blog\/wp-content\/uploads\/2020\/11\/KARAVAN-KA0098-16417-OPTIQUE-1010-F\u00e2ches-Thumesnil.-50x50.jpg 50w\" sizes=\"(max-width: 1920px) 100vw, 1920px\" \/><\/a><\/figure><\/li><li class=\"blocks-gallery-item\"><figure><a href=\"http:\/\/www.1010votropticien.com\/blog\/lunettes-de-vue\/karavan\/karavan-ka0098-16417-optique-1010-faches-thumesnil-2\/\"><img decoding=\"async\" loading=\"lazy\" width=\"1920\" height=\"1920\" src=\"https:\/\/i0.wp.com\/www.1010votropticien.com\/blog\/wp-content\/uploads\/2020\/11\/KARAVAN-KA0098-16417-OPTIQUE-1010-F\u00e2ches-Thumesnil.jpg?fit=838%2C838\" alt=\"\" data-id=\"8571\" data-full-url=\"https:\/\/i0.wp.com\/www.1010votropticien.com\/blog\/wp-content\/uploads\/2020\/11\/KARAVAN-KA0098-16417-OPTIQUE-1010-F\u00e2ches-Thumesnil.jpg?fit=1920%2C1920\" data-link=\"http:\/\/www.1010votropticien.com\/blog\/lunettes-de-vue\/karavan\/karavan-ka0098-16417-optique-1010-faches-thumesnil-2\/\" class=\"wp-image-8571\" srcset=\"http:\/\/www.1010votropticien.com\/blog\/wp-content\/uploads\/2020\/11\/KARAVAN-KA0098-16417-OPTIQUE-1010-F\u00e2ches-Thumesnil.jpg 1920w, http:\/\/www.1010votropticien.com\/blog\/wp-content\/uploads\/2020\/11\/KARAVAN-KA0098-16417-OPTIQUE-1010-F\u00e2ches-Thumesnil-300x300.jpg 300w, http:\/\/www.1010votropticien.com\/blog\/wp-content\/uploads\/2020\/11\/KARAVAN-KA0098-16417-OPTIQUE-1010-F\u00e2ches-Thumesnil-1024x1024.jpg 1024w, http:\/\/www.1010votropticien.com\/blog\/wp-content\/uploads\/2020\/11\/KARAVAN-KA0098-16417-OPTIQUE-1010-F\u00e2ches-Thumesnil-768x768.jpg 768w, http:\/\/www.1010votropticien.com\/blog\/wp-content\/uploads\/2020\/11\/KARAVAN-KA0098-16417-OPTIQUE-1010-F\u00e2ches-Thumesnil-1536x1536.jpg 1536w, http:\/\/www.1010votropticien.com\/blog\/wp-content\/uploads\/2020\/11\/KARAVAN-KA0098-16417-OPTIQUE-1010-F\u00e2ches-Thumesnil-160x160.jpg 160w, http:\/\/www.1010votropticien.com\/blog\/wp-content\/uploads\/2020\/11\/KARAVAN-KA0098-16417-OPTIQUE-1010-F\u00e2ches-Thumesnil-240x240.jpg 240w, http:\/\/www.1010votropticien.com\/blog\/wp-content\/uploads\/2020\/11\/KARAVAN-KA0098-16417-OPTIQUE-1010-F\u00e2ches-Thumesnil-60x60.jpg 60w, http:\/\/www.1010votropticien.com\/blog\/wp-content\/uploads\/2020\/11\/KARAVAN-KA0098-16417-OPTIQUE-1010-F\u00e2ches-Thumesnil-184x184.jpg 184w, http:\/\/www.1010votropticien.com\/blog\/wp-content\/uploads\/2020\/11\/KARAVAN-KA0098-16417-OPTIQUE-1010-F\u00e2ches-Thumesnil-50x50.jpg 50w\" sizes=\"(max-width: 1920px) 100vw, 1920px\" \/><\/a><\/figure><\/li><li class=\"blocks-gallery-item\"><figure><a href=\"http:\/\/www.1010votropticien.com\/blog\/lunettes-de-vue\/karavan\/karavan-ka0098-16417-optique-1010-faches-thumesnil-3\/\"><img decoding=\"async\" loading=\"lazy\" width=\"1920\" height=\"1920\" src=\"https:\/\/i2.wp.com\/www.1010votropticien.com\/blog\/wp-content\/uploads\/2020\/11\/KARAVAN-KA0098-16417-OPTIQUE-1010-F\u00e2ches-Thumesnil-.jpg?fit=838%2C838\" alt=\"\" data-id=\"8572\" data-full-url=\"https:\/\/i2.wp.com\/www.1010votropticien.com\/blog\/wp-content\/uploads\/2020\/11\/KARAVAN-KA0098-16417-OPTIQUE-1010-F\u00e2ches-Thumesnil-.jpg?fit=1920%2C1920\" data-link=\"http:\/\/www.1010votropticien.com\/blog\/lunettes-de-vue\/karavan\/karavan-ka0098-16417-optique-1010-faches-thumesnil-3\/\" class=\"wp-image-8572\" srcset=\"http:\/\/www.1010votropticien.com\/blog\/wp-content\/uploads\/2020\/11\/KARAVAN-KA0098-16417-OPTIQUE-1010-F\u00e2ches-Thumesnil-.jpg 1920w, http:\/\/www.1010votropticien.com\/blog\/wp-content\/uploads\/2020\/11\/KARAVAN-KA0098-16417-OPTIQUE-1010-F\u00e2ches-Thumesnil--300x300.jpg 300w, http:\/\/www.1010votropticien.com\/blog\/wp-content\/uploads\/2020\/11\/KARAVAN-KA0098-16417-OPTIQUE-1010-F\u00e2ches-Thumesnil--1024x1024.jpg 1024w, http:\/\/www.1010votropticien.com\/blog\/wp-content\/uploads\/2020\/11\/KARAVAN-KA0098-16417-OPTIQUE-1010-F\u00e2ches-Thumesnil--768x768.jpg 768w, http:\/\/www.1010votropticien.com\/blog\/wp-content\/uploads\/2020\/11\/KARAVAN-KA0098-16417-OPTIQUE-1010-F\u00e2ches-Thumesnil--1536x1536.jpg 1536w, http:\/\/www.1010votropticien.com\/blog\/wp-content\/uploads\/2020\/11\/KARAVAN-KA0098-16417-OPTIQUE-1010-F\u00e2ches-Thumesnil--160x160.jpg 160w, http:\/\/www.1010votropticien.com\/blog\/wp-content\/uploads\/2020\/11\/KARAVAN-KA0098-16417-OPTIQUE-1010-F\u00e2ches-Thumesnil--240x240.jpg 240w, http:\/\/www.1010votropticien.com\/blog\/wp-content\/uploads\/2020\/11\/KARAVAN-KA0098-16417-OPTIQUE-1010-F\u00e2ches-Thumesnil--60x60.jpg 60w, http:\/\/www.1010votropticien.com\/blog\/wp-content\/uploads\/2020\/11\/KARAVAN-KA0098-16417-OPTIQUE-1010-F\u00e2ches-Thumesnil--184x184.jpg 184w, http:\/\/www.1010votropticien.com\/blog\/wp-content\/uploads\/2020\/11\/KARAVAN-KA0098-16417-OPTIQUE-1010-F\u00e2ches-Thumesnil--50x50.jpg 50w\" sizes=\"(max-width: 1920px) 100vw, 1920px\" \/><\/a><\/figure><\/li><li class=\"blocks-gallery-item\"><figure><a href=\"http:\/\/www.1010votropticien.com\/blog\/lunettes-de-vue\/karavan\/karavan-ka0118-16715-optique-1010-faches-thumesnil\/\"><img decoding=\"async\" loading=\"lazy\" width=\"1920\" height=\"1920\" src=\"https:\/\/i2.wp.com\/www.1010votropticien.com\/blog\/wp-content\/uploads\/2020\/11\/KARAVAN-KA0118-16715-OPTIQUE-1010-F\u00e2ches-Thumesnil.jpg?fit=838%2C838\" alt=\"\" data-id=\"8573\" data-full-url=\"https:\/\/i2.wp.com\/www.1010votropticien.com\/blog\/wp-content\/uploads\/2020\/11\/KARAVAN-KA0118-16715-OPTIQUE-1010-F\u00e2ches-Thumesnil.jpg?fit=1920%2C1920\" data-link=\"http:\/\/www.1010votropticien.com\/blog\/lunettes-de-vue\/karavan\/karavan-ka0118-16715-optique-1010-faches-thumesnil\/\" class=\"wp-image-8573\" srcset=\"http:\/\/www.1010votropticien.com\/blog\/wp-content\/uploads\/2020\/11\/KARAVAN-KA0118-16715-OPTIQUE-1010-F\u00e2ches-Thumesnil.jpg 1920w, http:\/\/www.1010votropticien.com\/blog\/wp-content\/uploads\/2020\/11\/KARAVAN-KA0118-16715-OPTIQUE-1010-F\u00e2ches-Thumesnil-300x300.jpg 300w, http:\/\/www.1010votropticien.com\/blog\/wp-content\/uploads\/2020\/11\/KARAVAN-KA0118-16715-OPTIQUE-1010-F\u00e2ches-Thumesnil-1024x1024.jpg 1024w, http:\/\/www.1010votropticien.com\/blog\/wp-content\/uploads\/2020\/11\/KARAVAN-KA0118-16715-OPTIQUE-1010-F\u00e2ches-Thumesnil-768x768.jpg 768w, http:\/\/www.1010votropticien.com\/blog\/wp-content\/uploads\/2020\/11\/KARAVAN-KA0118-16715-OPTIQUE-1010-F\u00e2ches-Thumesnil-1536x1536.jpg 1536w, http:\/\/www.1010votropticien.com\/blog\/wp-content\/uploads\/2020\/11\/KARAVAN-KA0118-16715-OPTIQUE-1010-F\u00e2ches-Thumesnil-160x160.jpg 160w, http:\/\/www.1010votropticien.com\/blog\/wp-content\/uploads\/2020\/11\/KARAVAN-KA0118-16715-OPTIQUE-1010-F\u00e2ches-Thumesnil-240x240.jpg 240w, http:\/\/www.1010votropticien.com\/blog\/wp-content\/uploads\/2020\/11\/KARAVAN-KA0118-16715-OPTIQUE-1010-F\u00e2ches-Thumesnil-60x60.jpg 60w, http:\/\/www.1010votropticien.com\/blog\/wp-content\/uploads\/2020\/11\/KARAVAN-KA0118-16715-OPTIQUE-1010-F\u00e2ches-Thumesnil-184x184.jpg 184w, http:\/\/www.1010votropticien.com\/blog\/wp-content\/uploads\/2020\/11\/KARAVAN-KA0118-16715-OPTIQUE-1010-F\u00e2ches-Thumesnil-50x50.jpg 50w\" sizes=\"(max-width: 1920px) 100vw, 1920px\" \/><\/a><\/figure><\/li><li class=\"blocks-gallery-item\"><figure><a href=\"http:\/\/www.1010votropticien.com\/blog\/lunettes-de-vue\/karavan\/karavan-ka3076-16439-optique-1010-faches-thumesnil\/\"><img decoding=\"async\" loading=\"lazy\" width=\"1920\" height=\"1920\" src=\"https:\/\/i2.wp.com\/www.1010votropticien.com\/blog\/wp-content\/uploads\/2020\/11\/KARAVAN-KA3076-16439-OPTIQUE-1010-F\u00e2ches-Thumesnil.jpg?fit=838%2C838\" alt=\"\" data-id=\"8574\" data-full-url=\"https:\/\/i2.wp.com\/www.1010votropticien.com\/blog\/wp-content\/uploads\/2020\/11\/KARAVAN-KA3076-16439-OPTIQUE-1010-F\u00e2ches-Thumesnil.jpg?fit=1920%2C1920\" data-link=\"http:\/\/www.1010votropticien.com\/blog\/lunettes-de-vue\/karavan\/karavan-ka3076-16439-optique-1010-faches-thumesnil\/\" class=\"wp-image-8574\" srcset=\"http:\/\/www.1010votropticien.com\/blog\/wp-content\/uploads\/2020\/11\/KARAVAN-KA3076-16439-OPTIQUE-1010-F\u00e2ches-Thumesnil.jpg 1920w, http:\/\/www.1010votropticien.com\/blog\/wp-content\/uploads\/2020\/11\/KARAVAN-KA3076-16439-OPTIQUE-1010-F\u00e2ches-Thumesnil-300x300.jpg 300w, http:\/\/www.1010votropticien.com\/blog\/wp-content\/uploads\/2020\/11\/KARAVAN-KA3076-16439-OPTIQUE-1010-F\u00e2ches-Thumesnil-1024x1024.jpg 1024w, http:\/\/www.1010votropticien.com\/blog\/wp-content\/uploads\/2020\/11\/KARAVAN-KA3076-16439-OPTIQUE-1010-F\u00e2ches-Thumesnil-768x768.jpg 768w, http:\/\/www.1010votropticien.com\/blog\/wp-content\/uploads\/2020\/11\/KARAVAN-KA3076-16439-OPTIQUE-1010-F\u00e2ches-Thumesnil-1536x1536.jpg 1536w, http:\/\/www.1010votropticien.com\/blog\/wp-content\/uploads\/2020\/11\/KARAVAN-KA3076-16439-OPTIQUE-1010-F\u00e2ches-Thumesnil-160x160.jpg 160w, http:\/\/www.1010votropticien.com\/blog\/wp-content\/uploads\/2020\/11\/KARAVAN-KA3076-16439-OPTIQUE-1010-F\u00e2ches-Thumesnil-240x240.jpg 240w, http:\/\/www.1010votropticien.com\/blog\/wp-content\/uploads\/2020\/11\/KARAVAN-KA3076-16439-OPTIQUE-1010-F\u00e2ches-Thumesnil-60x60.jpg 60w, http:\/\/www.1010votropticien.com\/blog\/wp-content\/uploads\/2020\/11\/KARAVAN-KA3076-16439-OPTIQUE-1010-F\u00e2ches-Thumesnil-184x184.jpg 184w, http:\/\/www.1010votropticien.com\/blog\/wp-content\/uploads\/2020\/11\/KARAVAN-KA3076-16439-OPTIQUE-1010-F\u00e2ches-Thumesnil-50x50.jpg 50w\" sizes=\"(max-width: 1920px) 100vw, 1920px\" \/><\/a><\/figure><\/li><li class=\"blocks-gallery-item\"><figure><a href=\"http:\/\/www.1010votropticien.com\/blog\/lunettes-de-vue\/karavan\/karavan-ka4095-16844-optique-1010-faches-thumesnil\/\"><img decoding=\"async\" loading=\"lazy\" width=\"1920\" height=\"1920\" src=\"https:\/\/i0.wp.com\/www.1010votropticien.com\/blog\/wp-content\/uploads\/2020\/11\/KARAVAN-KA4095-16844-OPTIQUE-1010-F\u00e2ches-Thumesnil.jpg?fit=838%2C838\" alt=\"\" data-id=\"8575\" data-full-url=\"https:\/\/i0.wp.com\/www.1010votropticien.com\/blog\/wp-content\/uploads\/2020\/11\/KARAVAN-KA4095-16844-OPTIQUE-1010-F\u00e2ches-Thumesnil.jpg?fit=1920%2C1920\" data-link=\"http:\/\/www.1010votropticien.com\/blog\/lunettes-de-vue\/karavan\/karavan-ka4095-16844-optique-1010-faches-thumesnil\/\" class=\"wp-image-8575\" srcset=\"http:\/\/www.1010votropticien.com\/blog\/wp-content\/uploads\/2020\/11\/KARAVAN-KA4095-16844-OPTIQUE-1010-F\u00e2ches-Thumesnil.jpg 1920w, http:\/\/www.1010votropticien.com\/blog\/wp-content\/uploads\/2020\/11\/KARAVAN-KA4095-16844-OPTIQUE-1010-F\u00e2ches-Thumesnil-300x300.jpg 300w, http:\/\/www.1010votropticien.com\/blog\/wp-content\/uploads\/2020\/11\/KARAVAN-KA4095-16844-OPTIQUE-1010-F\u00e2ches-Thumesnil-1024x1024.jpg 1024w, http:\/\/www.1010votropticien.com\/blog\/wp-content\/uploads\/2020\/11\/KARAVAN-KA4095-16844-OPTIQUE-1010-F\u00e2ches-Thumesnil-768x768.jpg 768w, http:\/\/www.1010votropticien.com\/blog\/wp-content\/uploads\/2020\/11\/KARAVAN-KA4095-16844-OPTIQUE-1010-F\u00e2ches-Thumesnil-1536x1536.jpg 1536w, http:\/\/www.1010votropticien.com\/blog\/wp-content\/uploads\/2020\/11\/KARAVAN-KA4095-16844-OPTIQUE-1010-F\u00e2ches-Thumesnil-160x160.jpg 160w, http:\/\/www.1010votropticien.com\/blog\/wp-content\/uploads\/2020\/11\/KARAVAN-KA4095-16844-OPTIQUE-1010-F\u00e2ches-Thumesnil-240x240.jpg 240w, http:\/\/www.1010votropticien.com\/blog\/wp-content\/uploads\/2020\/11\/KARAVAN-KA4095-16844-OPTIQUE-1010-F\u00e2ches-Thumesnil-60x60.jpg 60w, http:\/\/www.1010votropticien.com\/blog\/wp-content\/uploads\/2020\/11\/KARAVAN-KA4095-16844-OPTIQUE-1010-F\u00e2ches-Thumesnil-184x184.jpg 184w, http:\/\/www.1010votropticien.com\/blog\/wp-content\/uploads\/2020\/11\/KARAVAN-KA4095-16844-OPTIQUE-1010-F\u00e2ches-Thumesnil-50x50.jpg 50w\" sizes=\"(max-width: 1920px) 100vw, 1920px\" \/><\/a><\/figure><\/li><li class=\"blocks-gallery-item\"><figure><a href=\"http:\/\/www.1010votropticien.com\/blog\/lunettes-de-vue\/karavan\/karavan-ka4095-16844-optique-1010-faches-thumesnil-2\/\"><img decoding=\"async\" loading=\"lazy\" width=\"1920\" height=\"1920\" src=\"https:\/\/i0.wp.com\/www.1010votropticien.com\/blog\/wp-content\/uploads\/2020\/11\/KARAVAN-KA4095-16844-OPTIQUE-1010-F\u00e2ches-Thumesnil-.jpg?fit=838%2C838\" alt=\"\" data-id=\"8576\" data-full-url=\"https:\/\/i0.wp.com\/www.1010votropticien.com\/blog\/wp-content\/uploads\/2020\/11\/KARAVAN-KA4095-16844-OPTIQUE-1010-F\u00e2ches-Thumesnil-.jpg?fit=1920%2C1920\" data-link=\"http:\/\/www.1010votropticien.com\/blog\/lunettes-de-vue\/karavan\/karavan-ka4095-16844-optique-1010-faches-thumesnil-2\/\" class=\"wp-image-8576\" srcset=\"http:\/\/www.1010votropticien.com\/blog\/wp-content\/uploads\/2020\/11\/KARAVAN-KA4095-16844-OPTIQUE-1010-F\u00e2ches-Thumesnil-.jpg 1920w, http:\/\/www.1010votropticien.com\/blog\/wp-content\/uploads\/2020\/11\/KARAVAN-KA4095-16844-OPTIQUE-1010-F\u00e2ches-Thumesnil--300x300.jpg 300w, http:\/\/www.1010votropticien.com\/blog\/wp-content\/uploads\/2020\/11\/KARAVAN-KA4095-16844-OPTIQUE-1010-F\u00e2ches-Thumesnil--1024x1024.jpg 1024w, http:\/\/www.1010votropticien.com\/blog\/wp-content\/uploads\/2020\/11\/KARAVAN-KA4095-16844-OPTIQUE-1010-F\u00e2ches-Thumesnil--768x768.jpg 768w, http:\/\/www.1010votropticien.com\/blog\/wp-content\/uploads\/2020\/11\/KARAVAN-KA4095-16844-OPTIQUE-1010-F\u00e2ches-Thumesnil--1536x1536.jpg 1536w, http:\/\/www.1010votropticien.com\/blog\/wp-content\/uploads\/2020\/11\/KARAVAN-KA4095-16844-OPTIQUE-1010-F\u00e2ches-Thumesnil--160x160.jpg 160w, http:\/\/www.1010votropticien.com\/blog\/wp-content\/uploads\/2020\/11\/KARAVAN-KA4095-16844-OPTIQUE-1010-F\u00e2ches-Thumesnil--240x240.jpg 240w, http:\/\/www.1010votropticien.com\/blog\/wp-content\/uploads\/2020\/11\/KARAVAN-KA4095-16844-OPTIQUE-1010-F\u00e2ches-Thumesnil--60x60.jpg 60w, http:\/\/www.1010votropticien.com\/blog\/wp-content\/uploads\/2020\/11\/KARAVAN-KA4095-16844-OPTIQUE-1010-F\u00e2ches-Thumesnil--184x184.jpg 184w, http:\/\/www.1010votropticien.com\/blog\/wp-content\/uploads\/2020\/11\/KARAVAN-KA4095-16844-OPTIQUE-1010-F\u00e2ches-Thumesnil--50x50.jpg 50w\" sizes=\"(max-width: 1920px) 100vw, 1920px\" \/><\/a><\/figure><\/li><li class=\"blocks-gallery-item\"><figure><a href=\"http:\/\/www.1010votropticien.com\/blog\/lunettes-de-vue\/karavan\/karavan-ka4095-17032-optique-1010-faches-thumesnil\/\"><img decoding=\"async\" loading=\"lazy\" width=\"1920\" height=\"1920\" src=\"https:\/\/i2.wp.com\/www.1010votropticien.com\/blog\/wp-content\/uploads\/2020\/11\/KARAVAN-KA4095-17032-OPTIQUE-1010-F\u00e2ches-Thumesnil.jpg?fit=838%2C838\" alt=\"\" data-id=\"8577\" data-full-url=\"https:\/\/i2.wp.com\/www.1010votropticien.com\/blog\/wp-content\/uploads\/2020\/11\/KARAVAN-KA4095-17032-OPTIQUE-1010-F\u00e2ches-Thumesnil.jpg?fit=1920%2C1920\" data-link=\"http:\/\/www.1010votropticien.com\/blog\/lunettes-de-vue\/karavan\/karavan-ka4095-17032-optique-1010-faches-thumesnil\/\" class=\"wp-image-8577\" srcset=\"http:\/\/www.1010votropticien.com\/blog\/wp-content\/uploads\/2020\/11\/KARAVAN-KA4095-17032-OPTIQUE-1010-F\u00e2ches-Thumesnil.jpg 1920w, http:\/\/www.1010votropticien.com\/blog\/wp-content\/uploads\/2020\/11\/KARAVAN-KA4095-17032-OPTIQUE-1010-F\u00e2ches-Thumesnil-300x300.jpg 300w, http:\/\/www.1010votropticien.com\/blog\/wp-content\/uploads\/2020\/11\/KARAVAN-KA4095-17032-OPTIQUE-1010-F\u00e2ches-Thumesnil-1024x1024.jpg 1024w, http:\/\/www.1010votropticien.com\/blog\/wp-content\/uploads\/2020\/11\/KARAVAN-KA4095-17032-OPTIQUE-1010-F\u00e2ches-Thumesnil-768x768.jpg 768w, http:\/\/www.1010votropticien.com\/blog\/wp-content\/uploads\/2020\/11\/KARAVAN-KA4095-17032-OPTIQUE-1010-F\u00e2ches-Thumesnil-1536x1536.jpg 1536w, http:\/\/www.1010votropticien.com\/blog\/wp-content\/uploads\/2020\/11\/KARAVAN-KA4095-17032-OPTIQUE-1010-F\u00e2ches-Thumesnil-160x160.jpg 160w, http:\/\/www.1010votropticien.com\/blog\/wp-content\/uploads\/2020\/11\/KARAVAN-KA4095-17032-OPTIQUE-1010-F\u00e2ches-Thumesnil-240x240.jpg 240w, http:\/\/www.1010votropticien.com\/blog\/wp-content\/uploads\/2020\/11\/KARAVAN-KA4095-17032-OPTIQUE-1010-F\u00e2ches-Thumesnil-60x60.jpg 60w, http:\/\/www.1010votropticien.com\/blog\/wp-content\/uploads\/2020\/11\/KARAVAN-KA4095-17032-OPTIQUE-1010-F\u00e2ches-Thumesnil-184x184.jpg 184w, http:\/\/www.1010votropticien.com\/blog\/wp-content\/uploads\/2020\/11\/KARAVAN-KA4095-17032-OPTIQUE-1010-F\u00e2ches-Thumesnil-50x50.jpg 50w\" sizes=\"(max-width: 1920px) 100vw, 1920px\" \/><\/a><\/figure><\/li><li class=\"blocks-gallery-item\"><figure><a href=\"http:\/\/www.1010votropticien.com\/blog\/lunettes-de-vue\/karavan\/karavan-ka4095-17032-optique-1010-faches-thumesnil-2\/\"><img decoding=\"async\" loading=\"lazy\" width=\"1920\" height=\"1920\" src=\"https:\/\/i2.wp.com\/www.1010votropticien.com\/blog\/wp-content\/uploads\/2020\/11\/KARAVAN-KA4095-17032-OPTIQUE-1010-F\u00e2ches-Thumesnil-.jpg?fit=838%2C838\" alt=\"\" data-id=\"8578\" data-full-url=\"https:\/\/i2.wp.com\/www.1010votropticien.com\/blog\/wp-content\/uploads\/2020\/11\/KARAVAN-KA4095-17032-OPTIQUE-1010-F\u00e2ches-Thumesnil-.jpg?fit=1920%2C1920\" data-link=\"http:\/\/www.1010votropticien.com\/blog\/lunettes-de-vue\/karavan\/karavan-ka4095-17032-optique-1010-faches-thumesnil-2\/\" class=\"wp-image-8578\" srcset=\"http:\/\/www.1010votropticien.com\/blog\/wp-content\/uploads\/2020\/11\/KARAVAN-KA4095-17032-OPTIQUE-1010-F\u00e2ches-Thumesnil-.jpg 1920w, http:\/\/www.1010votropticien.com\/blog\/wp-content\/uploads\/2020\/11\/KARAVAN-KA4095-17032-OPTIQUE-1010-F\u00e2ches-Thumesnil--300x300.jpg 300w, http:\/\/www.1010votropticien.com\/blog\/wp-content\/uploads\/2020\/11\/KARAVAN-KA4095-17032-OPTIQUE-1010-F\u00e2ches-Thumesnil--1024x1024.jpg 1024w, http:\/\/www.1010votropticien.com\/blog\/wp-content\/uploads\/2020\/11\/KARAVAN-KA4095-17032-OPTIQUE-1010-F\u00e2ches-Thumesnil--768x768.jpg 768w, http:\/\/www.1010votropticien.com\/blog\/wp-content\/uploads\/2020\/11\/KARAVAN-KA4095-17032-OPTIQUE-1010-F\u00e2ches-Thumesnil--1536x1536.jpg 1536w, http:\/\/www.1010votropticien.com\/blog\/wp-content\/uploads\/2020\/11\/KARAVAN-KA4095-17032-OPTIQUE-1010-F\u00e2ches-Thumesnil--160x160.jpg 160w, http:\/\/www.1010votropticien.com\/blog\/wp-content\/uploads\/2020\/11\/KARAVAN-KA4095-17032-OPTIQUE-1010-F\u00e2ches-Thumesnil--240x240.jpg 240w, http:\/\/www.1010votropticien.com\/blog\/wp-content\/uploads\/2020\/11\/KARAVAN-KA4095-17032-OPTIQUE-1010-F\u00e2ches-Thumesnil--60x60.jpg 60w, http:\/\/www.1010votropticien.com\/blog\/wp-content\/uploads\/2020\/11\/KARAVAN-KA4095-17032-OPTIQUE-1010-F\u00e2ches-Thumesnil--184x184.jpg 184w, http:\/\/www.1010votropticien.com\/blog\/wp-content\/uploads\/2020\/11\/KARAVAN-KA4095-17032-OPTIQUE-1010-F\u00e2ches-Thumesnil--50x50.jpg 50w\" sizes=\"(max-width: 1920px) 100vw, 1920px\" \/><\/a><\/figure><\/li><li class=\"blocks-gallery-item\"><figure><a href=\"http:\/\/www.1010votropticien.com\/blog\/lunettes-de-vue\/karavan\/karavan-ka4096-16419-optique-1010-faches-thumesnil\/\"><img decoding=\"async\" loading=\"lazy\" width=\"1920\" height=\"1920\" src=\"https:\/\/i0.wp.com\/www.1010votropticien.com\/blog\/wp-content\/uploads\/2020\/11\/KARAVAN-KA4096-16419-OPTIQUE-1010-F\u00e2ches-Thumesnil.jpg?fit=838%2C838\" alt=\"\" data-id=\"8579\" data-full-url=\"https:\/\/i0.wp.com\/www.1010votropticien.com\/blog\/wp-content\/uploads\/2020\/11\/KARAVAN-KA4096-16419-OPTIQUE-1010-F\u00e2ches-Thumesnil.jpg?fit=1920%2C1920\" data-link=\"http:\/\/www.1010votropticien.com\/blog\/lunettes-de-vue\/karavan\/karavan-ka4096-16419-optique-1010-faches-thumesnil\/\" class=\"wp-image-8579\" srcset=\"http:\/\/www.1010votropticien.com\/blog\/wp-content\/uploads\/2020\/11\/KARAVAN-KA4096-16419-OPTIQUE-1010-F\u00e2ches-Thumesnil.jpg 1920w, http:\/\/www.1010votropticien.com\/blog\/wp-content\/uploads\/2020\/11\/KARAVAN-KA4096-16419-OPTIQUE-1010-F\u00e2ches-Thumesnil-300x300.jpg 300w, http:\/\/www.1010votropticien.com\/blog\/wp-content\/uploads\/2020\/11\/KARAVAN-KA4096-16419-OPTIQUE-1010-F\u00e2ches-Thumesnil-1024x1024.jpg 1024w, http:\/\/www.1010votropticien.com\/blog\/wp-content\/uploads\/2020\/11\/KARAVAN-KA4096-16419-OPTIQUE-1010-F\u00e2ches-Thumesnil-768x768.jpg 768w, http:\/\/www.1010votropticien.com\/blog\/wp-content\/uploads\/2020\/11\/KARAVAN-KA4096-16419-OPTIQUE-1010-F\u00e2ches-Thumesnil-1536x1536.jpg 1536w, http:\/\/www.1010votropticien.com\/blog\/wp-content\/uploads\/2020\/11\/KARAVAN-KA4096-16419-OPTIQUE-1010-F\u00e2ches-Thumesnil-160x160.jpg 160w, http:\/\/www.1010votropticien.com\/blog\/wp-content\/uploads\/2020\/11\/KARAVAN-KA4096-16419-OPTIQUE-1010-F\u00e2ches-Thumesnil-240x240.jpg 240w, http:\/\/www.1010votropticien.com\/blog\/wp-content\/uploads\/2020\/11\/KARAVAN-KA4096-16419-OPTIQUE-1010-F\u00e2ches-Thumesnil-60x60.jpg 60w, http:\/\/www.1010votropticien.com\/blog\/wp-content\/uploads\/2020\/11\/KARAVAN-KA4096-16419-OPTIQUE-1010-F\u00e2ches-Thumesnil-184x184.jpg 184w, http:\/\/www.1010votropticien.com\/blog\/wp-content\/uploads\/2020\/11\/KARAVAN-KA4096-16419-OPTIQUE-1010-F\u00e2ches-Thumesnil-50x50.jpg 50w\" sizes=\"(max-width: 1920px) 100vw, 1920px\" \/><\/a><\/figure><\/li><\/ul><\/figure>\n\n\n<h3 style=\"text-align: justify;\">&nbsp;<\/h3>\n<p>&nbsp;<\/p>\n<h4 style=\"text-align: justify;\">&#8211; Une marque <span style=\"color: #ff0000;\">moderne<\/span> et <span style=\"color: #ff0000;\">design<\/span> au caract\u00e8re particulier !<\/h4>\n<h4>&#8211; Une <span style=\"color: #ff0000;\">marque<\/span> qui s\u2019affiche au travers de jeux de <span style=\"color: #ff0000;\">mati\u00e8res<\/span> et de <span style=\"color: #ff0000;\">couleurs<\/span><span style=\"color: #ff0000;\"> originales<\/span> au plus pr\u00e8s des <span style=\"color: #ff0000;\">tendances<\/span> de la <span style=\"color: #ff0000;\">mode<\/span>!<\/h4>\n<h4>&#8211; Une marque aux<span style=\"color: #ff0000;\"> lignes \u00e9pur\u00e9es<\/span> et <span style=\"color: #ff0000;\">identifiables<\/span> !<\/h4>\n<h4>&#8211; Une marque<span style=\"color: #ff0000;\"> innovante<\/span> et <span style=\"color: #ff0000;\">technique<\/span> !<\/h4>\n<h4>&#8211; Une marque<span style=\"color: #ff0000;\"> fiable<\/span> et de <span style=\"color: #ff0000;\">qualit\u00e9<\/span> !<\/h4>\n<h4>&#8211; Une <span style=\"color: #ff0000;\">marque fabriqu\u00e9e en France<\/span> et issue du <span style=\"color: #ff0000;\">patrimoine<\/span> &amp; du<span style=\"color: #ff0000;\"> savoir-faire<\/span> lunetier <span style=\"color: #ff0000;\">Fran\u00e7ais<\/span> <span style=\"color: #ff0000;\">\u00ab l\u2019amour des lunettes et l\u2019exigence du travail bien fait \u00bb<\/span><\/h4>\n<h5>&nbsp;<\/h5>","protected":false},"excerpt":{"rendered":"<p>Voici un petit aper\u00e7u des mod\u00e8les de la collection Karavan &#8230; Venez vite en magasin les essayer et d\u00e9couvrir d&rsquo;autres mod\u00e8les! &nbsp; &nbsp; &#8211; Une marque moderne et design au caract\u00e8re particulier ! &#8211; Une marque qui s\u2019affiche au travers de jeux de mati\u00e8res et de couleurs originales au plus pr\u00e8s des tendances de la [&hellip;]<\/p>\n","protected":false},"author":2,"featured_media":0,"parent":1290,"menu_order":0,"comment_status":"open","ping_status":"open","template":"","meta":{"ngg_post_thumbnail":0},"_links":{"self":[{"href":"http:\/\/www.1010votropticien.com\/blog\/wp-json\/wp\/v2\/pages\/1404"}],"collection":[{"href":"http:\/\/www.1010votropticien.com\/blog\/wp-json\/wp\/v2\/pages"}],"about":[{"href":"http:\/\/www.1010votropticien.com\/blog\/wp-json\/wp\/v2\/types\/page"}],"author":[{"embeddable":true,"href":"http:\/\/www.1010votropticien.com\/blog\/wp-json\/wp\/v2\/users\/2"}],"replies":[{"embeddable":true,"href":"http:\/\/www.1010votropticien.com\/blog\/wp-json\/wp\/v2\/comments?post=1404"}],"version-history":[{"count":2,"href":"http:\/\/www.1010votropticien.com\/blog\/wp-json\/wp\/v2\/pages\/1404\/revisions"}],"predecessor-version":[{"id":8702,"href":"http:\/\/www.1010votropticien.com\/blog\/wp-json\/wp\/v2\/pages\/1404\/revisions\/8702"}],"up":[{"embeddable":true,"href":"http:\/\/www.1010votropticien.com\/blog\/wp-json\/wp\/v2\/pages\/1290"}],"wp:attachment":[{"href":"http:\/\/www.1010votropticien.com\/blog\/wp-json\/wp\/v2\/media?parent=1404"}],"curies":[{"name":"wp","href":"https:\/\/api.w.org\/{rel}","templated":true}]}}