{"id":1369,"date":"2015-03-16T12:01:07","date_gmt":"2015-03-16T11:01:07","guid":{"rendered":"http:\/\/www.1010votropticien.com\/blog\/?page_id=1369"},"modified":"2021-01-08T18:08:41","modified_gmt":"2021-01-08T17:08:41","slug":"zadig-et-voltaire","status":"publish","type":"page","link":"http:\/\/www.1010votropticien.com\/blog\/lunettes-de-vue\/zadig-et-voltaire\/","title":{"rendered":"Zadig et Voltaire"},"content":{"rendered":"<p>&nbsp;<\/p>\n<h3>Voici un petit aper\u00e7u des mod\u00e8les de la collection <span style=\"color: #ff0000;\">Zadig et Voltaire<\/span> &#8230; Venez vite en magasin les essayer et d\u00e9couvrir d&rsquo;autres mod\u00e8les!<\/h3>\n\n\t\t<style type=\"text\/css\">\n\t\t\t#gallery-1 {\n\t\t\t\tmargin: auto;\n\t\t\t}\n\t\t\t#gallery-1 .gallery-item {\n\t\t\t\tfloat: left;\n\t\t\t\tmargin-top: 10px;\n\t\t\t\ttext-align: center;\n\t\t\t\twidth: 33%;\n\t\t\t}\n\t\t\t#gallery-1 img {\n\t\t\t\tborder: 2px solid #cfcfcf;\n\t\t\t}\n\t\t\t#gallery-1 .gallery-caption {\n\t\t\t\tmargin-left: 0;\n\t\t\t}\n\t\t\t\/* see gallery_shortcode() in wp-includes\/media.php *\/\n\t\t<\/style>\n\t\t<div id='gallery-1' class='gallery galleryid-1369 gallery-columns-3 gallery-size-thumbnail'><dl class='gallery-item'>\n\t\t\t<dt class='gallery-icon landscape'>\n\t\t\t\t<a href='http:\/\/www.1010votropticien.com\/blog\/lunettes-de-vue\/zadig-et-voltaire\/zadig-voltaire-vzv215-optique-1010-faches-thumesnil-ref-17831\/'><img width=\"293\" height=\"200\" src=\"http:\/\/www.1010votropticien.com\/blog\/wp-content\/uploads\/2021\/01\/Zadig-Voltaire-VZV215-OPTIQUE-1010-FACHES-THUMESNIL-R\u00e9f-17831-293x200.jpg\" class=\"attachment-thumbnail size-thumbnail\" alt=\"Zadig &amp; Voltaire VZV215 OPTIQUE 1010 FACHES THUMESNIL R\u00e9f 17831\" decoding=\"async\" loading=\"lazy\" aria-describedby=\"gallery-1-9114\" \/><\/a>\n\t\t\t<\/dt>\n\t\t\t\t<dd class='wp-caption-text gallery-caption' id='gallery-1-9114'>\n\t\t\t\tZadig &#038; Voltaire VZV215 OPTIQUE 1010 FACHES THUMESNIL R\u00e9f 17831\n\t\t\t\t<\/dd><\/dl><dl class='gallery-item'>\n\t\t\t<dt class='gallery-icon landscape'>\n\t\t\t\t<a href='http:\/\/www.1010votropticien.com\/blog\/lunettes-de-vue\/zadig-et-voltaire\/zadig-voltaire-vzv215f-optique-1010-faches-thumesnil-ref-17831\/'><img width=\"293\" height=\"200\" src=\"http:\/\/www.1010votropticien.com\/blog\/wp-content\/uploads\/2021\/01\/Zadig-Voltaire-VZV215F-OPTIQUE-1010-FACHES-THUMESNIL-R\u00e9f-17831-293x200.jpg\" class=\"attachment-thumbnail size-thumbnail\" alt=\"Zadig &amp; Voltaire VZV215F OPTIQUE 1010 FACHES THUMESNIL R\u00e9f 17831\" decoding=\"async\" loading=\"lazy\" aria-describedby=\"gallery-1-9115\" \/><\/a>\n\t\t\t<\/dt>\n\t\t\t\t<dd class='wp-caption-text gallery-caption' id='gallery-1-9115'>\n\t\t\t\tZadig &#038; Voltaire VZV215F OPTIQUE 1010 FACHES THUMESNIL R\u00e9f 17831\n\t\t\t\t<\/dd><\/dl><dl class='gallery-item'>\n\t\t\t<dt class='gallery-icon landscape'>\n\t\t\t\t<a href='http:\/\/www.1010votropticien.com\/blog\/lunettes-de-vue\/zadig-et-voltaire\/zadig-voltaire-vzv235-optique-1010-faches-thumesnil-ref-17840\/'><img width=\"293\" height=\"200\" src=\"http:\/\/www.1010votropticien.com\/blog\/wp-content\/uploads\/2021\/01\/Zadig-Voltaire-VZV235-OPTIQUE-1010-FACHES-THUMESNIL-R\u00e9f-17840-293x200.jpg\" class=\"attachment-thumbnail size-thumbnail\" alt=\"Zadig &amp; Voltaire VZV235 OPTIQUE 1010 FACHES THUMESNIL R\u00e9f 17840\" decoding=\"async\" loading=\"lazy\" aria-describedby=\"gallery-1-9116\" \/><\/a>\n\t\t\t<\/dt>\n\t\t\t\t<dd class='wp-caption-text gallery-caption' id='gallery-1-9116'>\n\t\t\t\tZadig &#038; Voltaire VZV235 OPTIQUE 1010 FACHES THUMESNIL R\u00e9f 17840\n\t\t\t\t<\/dd><\/dl><br style=\"clear: both\" \/><dl class='gallery-item'>\n\t\t\t<dt class='gallery-icon landscape'>\n\t\t\t\t<a href='http:\/\/www.1010votropticien.com\/blog\/lunettes-de-vue\/zadig-et-voltaire\/zadig-voltaire-vzv246-optique-1010-faches-thumesnil-ref-17830\/'><img width=\"293\" height=\"200\" src=\"http:\/\/www.1010votropticien.com\/blog\/wp-content\/uploads\/2021\/01\/Zadig-Voltaire-VZV246-OPTIQUE-1010-FACHES-THUMESNIL-R\u00e9f-17830-293x200.jpg\" class=\"attachment-thumbnail size-thumbnail\" alt=\"Zadig &amp; Voltaire VZV246 OPTIQUE 1010 FACHES THUMESNIL R\u00e9f 17830\" decoding=\"async\" loading=\"lazy\" aria-describedby=\"gallery-1-9117\" \/><\/a>\n\t\t\t<\/dt>\n\t\t\t\t<dd class='wp-caption-text gallery-caption' id='gallery-1-9117'>\n\t\t\t\tZadig &#038; Voltaire VZV246 OPTIQUE 1010 FACHES THUMESNIL R\u00e9f 17830\n\t\t\t\t<\/dd><\/dl><dl class='gallery-item'>\n\t\t\t<dt class='gallery-icon landscape'>\n\t\t\t\t<a href='http:\/\/www.1010votropticien.com\/blog\/lunettes-de-vue\/zadig-et-voltaire\/zadig-voltaire-vzv257-optique-1010-faches-thumesnil-ref-17839\/'><img width=\"293\" height=\"200\" src=\"http:\/\/www.1010votropticien.com\/blog\/wp-content\/uploads\/2021\/01\/Zadig-Voltaire-VZV257-OPTIQUE-1010-FACHES-THUMESNIL-R\u00e9f-17839-293x200.jpg\" class=\"attachment-thumbnail size-thumbnail\" alt=\"Zadig &amp; Voltaire VZV257 OPTIQUE 1010 FACHES THUMESNIL R\u00e9f 17839\" decoding=\"async\" loading=\"lazy\" aria-describedby=\"gallery-1-9118\" \/><\/a>\n\t\t\t<\/dt>\n\t\t\t\t<dd class='wp-caption-text gallery-caption' id='gallery-1-9118'>\n\t\t\t\tZadig &#038; Voltaire VZV257 OPTIQUE  1010 FACHES THUMESNIL R\u00e9f 17839\n\t\t\t\t<\/dd><\/dl><dl class='gallery-item'>\n\t\t\t<dt class='gallery-icon landscape'>\n\t\t\t\t<a href='http:\/\/www.1010votropticien.com\/blog\/lunettes-de-vue\/zadig-et-voltaire\/zadig-voltaire-vzv257f-optique-1010-faches-thumesnil-ref-17839\/'><img width=\"293\" height=\"200\" src=\"http:\/\/www.1010votropticien.com\/blog\/wp-content\/uploads\/2021\/01\/Zadig-Voltaire-VZV257F-OPTIQUE-1010-FACHES-THUMESNIL-R\u00e9f-17839-293x200.jpg\" class=\"attachment-thumbnail size-thumbnail\" alt=\"Zadig &amp; Voltaire VZV257F OPTIQUE 1010 FACHES THUMESNIL R\u00e9f 17839\" decoding=\"async\" loading=\"lazy\" aria-describedby=\"gallery-1-9120\" \/><\/a>\n\t\t\t<\/dt>\n\t\t\t\t<dd class='wp-caption-text gallery-caption' id='gallery-1-9120'>\n\t\t\t\tZadig &#038; Voltaire VZV257F OPTIQUE 1010 FACHES THUMESNIL R\u00e9f 17839\n\t\t\t\t<\/dd><\/dl><br style=\"clear: both\" \/><dl class='gallery-item'>\n\t\t\t<dt class='gallery-icon landscape'>\n\t\t\t\t<a href='http:\/\/www.1010votropticien.com\/blog\/lunettes-de-vue\/zadig-et-voltaire\/zadig-voltaire-vzv259-optique-1010-faches-thumesnil-ref-17833\/'><img width=\"293\" height=\"200\" src=\"http:\/\/www.1010votropticien.com\/blog\/wp-content\/uploads\/2021\/01\/Zadig-Voltaire-VZV259-OPTIQUE-1010-FACHES-THUMESNIL-R\u00e9f-17833-293x200.jpg\" class=\"attachment-thumbnail size-thumbnail\" alt=\"Zadig &amp; Voltaire VZV259 OPTIQUE 1010 FACHES THUMESNIL R\u00e9f 17833\" decoding=\"async\" loading=\"lazy\" aria-describedby=\"gallery-1-9121\" \/><\/a>\n\t\t\t<\/dt>\n\t\t\t\t<dd class='wp-caption-text gallery-caption' id='gallery-1-9121'>\n\t\t\t\tZadig &#038; Voltaire VZV259 OPTIQUE 1010 FACHES THUMESNIL R\u00e9f 17833\n\t\t\t\t<\/dd><\/dl><dl class='gallery-item'>\n\t\t\t<dt class='gallery-icon landscape'>\n\t\t\t\t<a href='http:\/\/www.1010votropticien.com\/blog\/lunettes-de-vue\/zadig-et-voltaire\/zadig-voltaire-vzv259b-optique-1010-faches-thumesnil-ref-17833\/'><img width=\"293\" height=\"200\" src=\"http:\/\/www.1010votropticien.com\/blog\/wp-content\/uploads\/2021\/01\/Zadig-Voltaire-VZV259B-OPTIQUE-1010-FACHES-THUMESNIL-R\u00e9f-17833-293x200.jpg\" class=\"attachment-thumbnail size-thumbnail\" alt=\"Zadig &amp; Voltaire VZV259B OPTIQUE 1010 FACHES THUMESNIL R\u00e9f 17833\" decoding=\"async\" loading=\"lazy\" aria-describedby=\"gallery-1-9122\" \/><\/a>\n\t\t\t<\/dt>\n\t\t\t\t<dd class='wp-caption-text gallery-caption' id='gallery-1-9122'>\n\t\t\t\tZadig &#038; Voltaire VZV259B OPTIQUE 1010 FACHES THUMESNIL R\u00e9f 17833\n\t\t\t\t<\/dd><\/dl><dl class='gallery-item'>\n\t\t\t<dt class='gallery-icon landscape'>\n\t\t\t\t<a href='http:\/\/www.1010votropticien.com\/blog\/lunettes-de-vue\/zadig-et-voltaire\/zadig-voltaire-vzv271-optique-1010-faches-thumesnil-ref-17841\/'><img width=\"293\" height=\"200\" src=\"http:\/\/www.1010votropticien.com\/blog\/wp-content\/uploads\/2021\/01\/Zadig-Voltaire-VZV271-OPTIQUE-1010-FACHES-THUMESNIL-R\u00e9f-17841-293x200.jpg\" class=\"attachment-thumbnail size-thumbnail\" alt=\"Zadig &amp; Voltaire VZV271 OPTIQUE 1010 FACHES THUMESNIL R\u00e9f 17841\" decoding=\"async\" loading=\"lazy\" aria-describedby=\"gallery-1-9123\" \/><\/a>\n\t\t\t<\/dt>\n\t\t\t\t<dd class='wp-caption-text gallery-caption' id='gallery-1-9123'>\n\t\t\t\tZadig &#038; Voltaire VZV271 OPTIQUE 1010 FACHES THUMESNIL R\u00e9f 17841\n\t\t\t\t<\/dd><\/dl><br style=\"clear: both\" \/><dl class='gallery-item'>\n\t\t\t<dt class='gallery-icon landscape'>\n\t\t\t\t<a href='http:\/\/www.1010votropticien.com\/blog\/lunettes-de-vue\/zadig-et-voltaire\/zadig-voltaire-vzv271f-optique-1010-faches-thumesnil-ref-17841\/'><img width=\"293\" height=\"200\" src=\"http:\/\/www.1010votropticien.com\/blog\/wp-content\/uploads\/2021\/01\/Zadig-Voltaire-VZV271F-OPTIQUE-1010-FACHES-THUMESNIL-R\u00e9f-17841-293x200.jpg\" class=\"attachment-thumbnail size-thumbnail\" alt=\"Zadig &amp; Voltaire VZV271F OPTIQUE 1010 FACHES THUMESNIL R\u00e9f 17841\" decoding=\"async\" loading=\"lazy\" aria-describedby=\"gallery-1-9124\" \/><\/a>\n\t\t\t<\/dt>\n\t\t\t\t<dd class='wp-caption-text gallery-caption' id='gallery-1-9124'>\n\t\t\t\tZadig &#038; Voltaire VZV271F OPTIQUE 1010 FACHES THUMESNIL R\u00e9f 17841\n\t\t\t\t<\/dd><\/dl><dl class='gallery-item'>\n\t\t\t<dt class='gallery-icon landscape'>\n\t\t\t\t<a href='http:\/\/www.1010votropticien.com\/blog\/lunettes-de-vue\/zadig-et-voltaire\/zadig-voltaire-vzv275-optique-1010-faches-thumesnil-ref-17842\/'><img width=\"293\" height=\"200\" src=\"http:\/\/www.1010votropticien.com\/blog\/wp-content\/uploads\/2021\/01\/Zadig-Voltaire-VZV275-OPTIQUE-1010-FACHES-THUMESNIL-R\u00e9f-17842-293x200.jpg\" class=\"attachment-thumbnail size-thumbnail\" alt=\"Zadig &amp; Voltaire VZV275 OPTIQUE 1010 FACHES THUMESNIL R\u00e9f 17842\" decoding=\"async\" loading=\"lazy\" aria-describedby=\"gallery-1-9125\" \/><\/a>\n\t\t\t<\/dt>\n\t\t\t\t<dd class='wp-caption-text gallery-caption' id='gallery-1-9125'>\n\t\t\t\tZadig &#038; Voltaire VZV275 OPTIQUE 1010 FACHES THUMESNIL R\u00e9f 17842\n\t\t\t\t<\/dd><\/dl>\n\t\t\t<br style='clear: both' \/>\n\t\t<\/div>\n\n<h4><span style=\"color: #ff0000;\">Zadig et Voltaire<\/span>, la c\u00e9l\u00e8bre marque de <span style=\"color: #ff0000;\">pr\u00eat \u00e0 porter<\/span> dont le nom est tir\u00e9 du roman \u00ab\u00a0Zadig ou la destin\u00e9e\u00a0\u00bb de Voltaire vous pr\u00e9sente sa nouvelle collection qui conserve ses <span style=\"color: #ff0000;\">\u00e9l\u00e9ments signature<\/span>: la <span style=\"color: #ff0000;\">t\u00eate de mort<\/span> et l&rsquo;<span style=\"color: #ff0000;\">ange<\/span>.<\/h4>\n<p>&nbsp;<\/p>\n<h4><span style=\"color: #ff0000;\">Rac\u00e9<\/span> et <span style=\"color: #ff0000;\">moderne<\/span>, le <span style=\"color: #ff0000;\">design<\/span> des nouvelles lunettes Zadig&amp;Voltaire incarne pleinement l\u2019<span style=\"color: #ff0000;\">urban style<\/span> de la marque, dont la <span style=\"color: #ff0000;\">philosophie \u201crock at heart\u201d<\/span> a acquis une <span style=\"color: #ff0000;\">r\u00e9putation<\/span> internationale.<\/h4>\n<h4>&nbsp;<\/h4>\n<h4><span style=\"color: #ff0000;\">Design sophistiqu\u00e9<\/span> et <span style=\"color: #ff0000;\">d\u00e9tails soign\u00e9s<\/span> sont donc au programme de ces montures en <span style=\"color: #ff0000;\">ac\u00e9tate et m\u00e9tal<\/span>, destin\u00e9es aux <span style=\"color: #ff0000;\">femmes et aux hommes \u00e0 forte personnalit\u00e9.<\/span><\/h4>\n<p>&nbsp;<\/p>\n<h5><a href=\"https:\/\/www.zadig-et-voltaire.com\/eu\/fr\/\" target=\"_blank\" rel=\"noopener noreferrer\"><span style=\"color: #ff6600;\">Retrouvez ici l&rsquo;univers de Zadig et Voltaire.<\/span><\/a><\/h5>\n<p>&nbsp;<\/p>\n","protected":false},"excerpt":{"rendered":"<p>&nbsp; Voici un petit aper\u00e7u des mod\u00e8les de la collection Zadig et Voltaire &#8230; Venez vite en magasin les essayer et d\u00e9couvrir d&rsquo;autres mod\u00e8les! Zadig et Voltaire, la c\u00e9l\u00e8bre marque de pr\u00eat \u00e0 porter dont le nom est tir\u00e9 du roman \u00ab\u00a0Zadig ou la destin\u00e9e\u00a0\u00bb de Voltaire vous pr\u00e9sente sa nouvelle collection qui conserve ses [&hellip;]<\/p>\n","protected":false},"author":2,"featured_media":0,"parent":1290,"menu_order":0,"comment_status":"open","ping_status":"open","template":"","meta":{"ngg_post_thumbnail":0},"_links":{"self":[{"href":"http:\/\/www.1010votropticien.com\/blog\/wp-json\/wp\/v2\/pages\/1369"}],"collection":[{"href":"http:\/\/www.1010votropticien.com\/blog\/wp-json\/wp\/v2\/pages"}],"about":[{"href":"http:\/\/www.1010votropticien.com\/blog\/wp-json\/wp\/v2\/types\/page"}],"author":[{"embeddable":true,"href":"http:\/\/www.1010votropticien.com\/blog\/wp-json\/wp\/v2\/users\/2"}],"replies":[{"embeddable":true,"href":"http:\/\/www.1010votropticien.com\/blog\/wp-json\/wp\/v2\/comments?post=1369"}],"version-history":[{"count":2,"href":"http:\/\/www.1010votropticien.com\/blog\/wp-json\/wp\/v2\/pages\/1369\/revisions"}],"predecessor-version":[{"id":9126,"href":"http:\/\/www.1010votropticien.com\/blog\/wp-json\/wp\/v2\/pages\/1369\/revisions\/9126"}],"up":[{"embeddable":true,"href":"http:\/\/www.1010votropticien.com\/blog\/wp-json\/wp\/v2\/pages\/1290"}],"wp:attachment":[{"href":"http:\/\/www.1010votropticien.com\/blog\/wp-json\/wp\/v2\/media?parent=1369"}],"curies":[{"name":"wp","href":"https:\/\/api.w.org\/{rel}","templated":true}]}}