{"id":10635,"date":"2022-07-23T14:42:54","date_gmt":"2022-07-23T12:42:54","guid":{"rendered":"http:\/\/www.1010votropticien.com\/blog\/?page_id=10635"},"modified":"2024-10-10T17:48:14","modified_gmt":"2024-10-10T15:48:14","slug":"prada-solaires","status":"publish","type":"page","link":"http:\/\/www.1010votropticien.com\/blog\/prada-solaires\/","title":{"rendered":"PRADA SOLAIRES"},"content":{"rendered":"\n<p>Achetez votre solaire directement en ligne, livraison \u00e0 domicile ou retrait en magasin au drive sans frais ou en cliquant directement <span class=\"has-inline-color has-vivid-red-color\">ici<\/span><\/p>\n\n\n\n<p>Voici un petit aper\u00e7u des mod\u00e8les de la collection Prada &#8230; Venez vite en magasin les essayer et d\u00e9couvrir d&rsquo;autres mod\u00e8les!<\/p>\n\n\n\n<p><\/p>\n\n\n\n<p><\/p>\n\n\n\n<p><\/p>\n\n\n\n<p><\/p>\n\n\n\n<figure class=\"wp-block-gallery columns-3 is-cropped wp-block-gallery-1 is-layout-flex\"><ul class=\"blocks-gallery-grid\"><li class=\"blocks-gallery-item\"><figure><img decoding=\"async\" loading=\"lazy\" width=\"655\" height=\"368\" src=\"https:\/\/www.1010votropticien.com\/blog\/wp-content\/uploads\/2024\/10\/PR-14-WS-18N01T.png\" alt=\"\" data-id=\"11292\" data-full-url=\"https:\/\/www.1010votropticien.com\/blog\/wp-content\/uploads\/2024\/10\/PR-14-WS-18N01T.png\" data-link=\"https:\/\/www.1010votropticien.com\/blog\/prada-solaires\/pr-14-ws-18n01t\/\" class=\"wp-image-11292\" srcset=\"http:\/\/www.1010votropticien.com\/blog\/wp-content\/uploads\/2024\/10\/PR-14-WS-18N01T.png 655w, http:\/\/www.1010votropticien.com\/blog\/wp-content\/uploads\/2024\/10\/PR-14-WS-18N01T-300x169.png 300w\" sizes=\"(max-width: 655px) 100vw, 655px\" \/><\/figure><\/li><li class=\"blocks-gallery-item\"><figure><img decoding=\"async\" loading=\"lazy\" width=\"657\" height=\"367\" src=\"https:\/\/www.1010votropticien.com\/blog\/wp-content\/uploads\/2024\/10\/PR-17S-1AB09S.png\" alt=\"\" data-id=\"11293\" data-full-url=\"https:\/\/www.1010votropticien.com\/blog\/wp-content\/uploads\/2024\/10\/PR-17S-1AB09S.png\" data-link=\"https:\/\/www.1010votropticien.com\/blog\/prada-solaires\/pr-17s-1ab09s\/\" class=\"wp-image-11293\" srcset=\"http:\/\/www.1010votropticien.com\/blog\/wp-content\/uploads\/2024\/10\/PR-17S-1AB09S.png 657w, http:\/\/www.1010votropticien.com\/blog\/wp-content\/uploads\/2024\/10\/PR-17S-1AB09S-300x168.png 300w\" sizes=\"(max-width: 657px) 100vw, 657px\" \/><\/figure><\/li><li class=\"blocks-gallery-item\"><figure><img decoding=\"async\" loading=\"lazy\" width=\"699\" height=\"381\" src=\"https:\/\/www.1010votropticien.com\/blog\/wp-content\/uploads\/2024\/10\/PR-22YS-1AB5S0.png\" alt=\"\" data-id=\"11294\" data-full-url=\"https:\/\/www.1010votropticien.com\/blog\/wp-content\/uploads\/2024\/10\/PR-22YS-1AB5S0.png\" data-link=\"https:\/\/www.1010votropticien.com\/blog\/prada-solaires\/pr-22ys-1ab5s0\/\" class=\"wp-image-11294\" srcset=\"http:\/\/www.1010votropticien.com\/blog\/wp-content\/uploads\/2024\/10\/PR-22YS-1AB5S0.png 699w, http:\/\/www.1010votropticien.com\/blog\/wp-content\/uploads\/2024\/10\/PR-22YS-1AB5S0-300x164.png 300w\" sizes=\"(max-width: 699px) 100vw, 699px\" \/><\/figure><\/li><li class=\"blocks-gallery-item\"><figure><img decoding=\"async\" loading=\"lazy\" width=\"667\" height=\"351\" src=\"https:\/\/www.1010votropticien.com\/blog\/wp-content\/uploads\/2024\/10\/PR-10ZS-1AB5S0.png\" alt=\"\" data-id=\"11295\" data-full-url=\"https:\/\/www.1010votropticien.com\/blog\/wp-content\/uploads\/2024\/10\/PR-10ZS-1AB5S0.png\" data-link=\"https:\/\/www.1010votropticien.com\/blog\/prada-solaires\/pr-10zs-1ab5s0\/\" class=\"wp-image-11295\" srcset=\"http:\/\/www.1010votropticien.com\/blog\/wp-content\/uploads\/2024\/10\/PR-10ZS-1AB5S0.png 667w, http:\/\/www.1010votropticien.com\/blog\/wp-content\/uploads\/2024\/10\/PR-10ZS-1AB5S0-300x158.png 300w\" sizes=\"(max-width: 667px) 100vw, 667px\" \/><\/figure><\/li><li class=\"blocks-gallery-item\"><figure><img decoding=\"async\" loading=\"lazy\" width=\"681\" height=\"353\" src=\"https:\/\/www.1010votropticien.com\/blog\/wp-content\/uploads\/2024\/10\/PR-13ZS-1AB5S0.png\" alt=\"\" data-id=\"11296\" data-full-url=\"https:\/\/www.1010votropticien.com\/blog\/wp-content\/uploads\/2024\/10\/PR-13ZS-1AB5S0.png\" data-link=\"https:\/\/www.1010votropticien.com\/blog\/prada-solaires\/pr-13zs-1ab5s0\/\" class=\"wp-image-11296\" srcset=\"http:\/\/www.1010votropticien.com\/blog\/wp-content\/uploads\/2024\/10\/PR-13ZS-1AB5S0.png 681w, http:\/\/www.1010votropticien.com\/blog\/wp-content\/uploads\/2024\/10\/PR-13ZS-1AB5S0-300x156.png 300w\" sizes=\"(max-width: 681px) 100vw, 681px\" \/><\/figure><\/li><li class=\"blocks-gallery-item\"><figure><img decoding=\"async\" loading=\"lazy\" width=\"660\" height=\"353\" src=\"https:\/\/www.1010votropticien.com\/blog\/wp-content\/uploads\/2024\/10\/PR-17WS-1AB5S0.png\" alt=\"\" data-id=\"11297\" data-full-url=\"https:\/\/www.1010votropticien.com\/blog\/wp-content\/uploads\/2024\/10\/PR-17WS-1AB5S0.png\" data-link=\"https:\/\/www.1010votropticien.com\/blog\/prada-solaires\/pr-17ws-1ab5s0\/\" class=\"wp-image-11297\" srcset=\"http:\/\/www.1010votropticien.com\/blog\/wp-content\/uploads\/2024\/10\/PR-17WS-1AB5S0.png 660w, http:\/\/www.1010votropticien.com\/blog\/wp-content\/uploads\/2024\/10\/PR-17WS-1AB5S0-300x160.png 300w\" sizes=\"(max-width: 660px) 100vw, 660px\" \/><\/figure><\/li><li class=\"blocks-gallery-item\"><figure><img decoding=\"async\" loading=\"lazy\" width=\"705\" height=\"326\" src=\"https:\/\/www.1010votropticien.com\/blog\/wp-content\/uploads\/2024\/10\/PR-17WS-1AB2B0.png\" alt=\"\" data-id=\"11299\" data-full-url=\"https:\/\/www.1010votropticien.com\/blog\/wp-content\/uploads\/2024\/10\/PR-17WS-1AB2B0.png\" data-link=\"https:\/\/www.1010votropticien.com\/blog\/prada-solaires\/pr-17ws-1ab2b0\/\" class=\"wp-image-11299\" srcset=\"http:\/\/www.1010votropticien.com\/blog\/wp-content\/uploads\/2024\/10\/PR-17WS-1AB2B0.png 705w, http:\/\/www.1010votropticien.com\/blog\/wp-content\/uploads\/2024\/10\/PR-17WS-1AB2B0-300x139.png 300w\" sizes=\"(max-width: 705px) 100vw, 705px\" \/><\/figure><\/li><li class=\"blocks-gallery-item\"><figure><img decoding=\"async\" loading=\"lazy\" width=\"626\" height=\"336\" src=\"https:\/\/www.1010votropticien.com\/blog\/wp-content\/uploads\/2024\/10\/PR-15WS-09Q5SO.png\" alt=\"\" data-id=\"11300\" data-full-url=\"https:\/\/www.1010votropticien.com\/blog\/wp-content\/uploads\/2024\/10\/PR-15WS-09Q5SO.png\" data-link=\"https:\/\/www.1010votropticien.com\/blog\/prada-solaires\/pr-15ws-09q5so\/\" class=\"wp-image-11300\" srcset=\"http:\/\/www.1010votropticien.com\/blog\/wp-content\/uploads\/2024\/10\/PR-15WS-09Q5SO.png 626w, http:\/\/www.1010votropticien.com\/blog\/wp-content\/uploads\/2024\/10\/PR-15WS-09Q5SO-300x161.png 300w\" sizes=\"(max-width: 626px) 100vw, 626px\" \/><\/figure><\/li><\/ul><\/figure>\n","protected":false},"excerpt":{"rendered":"<p>Achetez votre solaire directement en ligne, livraison \u00e0 domicile ou retrait en magasin au drive sans frais ou en cliquant directement ici Voici un petit aper\u00e7u des mod\u00e8les de la collection Prada &#8230; Venez vite en magasin les essayer et d\u00e9couvrir d&rsquo;autres mod\u00e8les!<\/p>\n","protected":false},"author":4,"featured_media":0,"parent":0,"menu_order":0,"comment_status":"closed","ping_status":"closed","template":"","meta":{"ngg_post_thumbnail":0},"_links":{"self":[{"href":"http:\/\/www.1010votropticien.com\/blog\/wp-json\/wp\/v2\/pages\/10635"}],"collection":[{"href":"http:\/\/www.1010votropticien.com\/blog\/wp-json\/wp\/v2\/pages"}],"about":[{"href":"http:\/\/www.1010votropticien.com\/blog\/wp-json\/wp\/v2\/types\/page"}],"author":[{"embeddable":true,"href":"http:\/\/www.1010votropticien.com\/blog\/wp-json\/wp\/v2\/users\/4"}],"replies":[{"embeddable":true,"href":"http:\/\/www.1010votropticien.com\/blog\/wp-json\/wp\/v2\/comments?post=10635"}],"version-history":[{"count":2,"href":"http:\/\/www.1010votropticien.com\/blog\/wp-json\/wp\/v2\/pages\/10635\/revisions"}],"predecessor-version":[{"id":11302,"href":"http:\/\/www.1010votropticien.com\/blog\/wp-json\/wp\/v2\/pages\/10635\/revisions\/11302"}],"wp:attachment":[{"href":"http:\/\/www.1010votropticien.com\/blog\/wp-json\/wp\/v2\/media?parent=10635"}],"curies":[{"name":"wp","href":"https:\/\/api.w.org\/{rel}","templated":true}]}}