{"id":10289,"date":"2021-04-14T08:36:39","date_gmt":"2021-04-14T06:36:39","guid":{"rendered":"http:\/\/www.1010votropticien.com\/blog\/?page_id=10289"},"modified":"2021-04-14T22:26:07","modified_gmt":"2021-04-14T20:26:07","slug":"lou-solaires","status":"publish","type":"page","link":"http:\/\/www.1010votropticien.com\/blog\/lou-solaires\/","title":{"rendered":"Lou solaires"},"content":{"rendered":"\n<h3 class=\"wp-block-heading\"><span style=\"color:#fd0808\" class=\"has-inline-color\">Nouveau :<\/span> Achetez votre Lou directement en ligne, livraison \u00e0 domicile ou retrait en magasin ou au drive sans frais en cliquant directement<span style=\"color:#fd0505\" class=\"has-inline-color\"> <\/span><a rel=\"noreferrer noopener\" href=\"https:\/\/optique-10-10.myshopify.com\/search?q=Lou&amp;options%5Bprefix%5D=last\" target=\"_blank\"><span style=\"color:#f90606\" class=\"has-inline-color\">ici<\/span><\/a><\/h3>\n\n\n\n<h4 class=\"wp-block-heading\">Voici un petit aper\u00e7u des mod\u00e8les de la collection Calvin Klein &#8230; Venez vite en magasin les essayer et d\u00e9couvrir d&rsquo;autres mod\u00e8les!<\/h4>\n\n\n\n<figure class=\"wp-block-gallery columns-3 is-cropped wp-block-gallery-1 is-layout-flex\"><ul class=\"blocks-gallery-grid\"><li class=\"blocks-gallery-item\"><figure><img decoding=\"async\" loading=\"lazy\" width=\"1024\" height=\"1024\" src=\"http:\/\/www.1010votropticien.com\/blog\/wp-content\/uploads\/2021\/04\/Lunettes-de-soleil-Lou-D-R\u00e9f-16613-1024x1024.jpg\" alt=\"Lunettes de soleil Lou D R\u00e9f 16613\" data-id=\"10290\" data-full-url=\"http:\/\/www.1010votropticien.com\/blog\/wp-content\/uploads\/2021\/04\/Lunettes-de-soleil-Lou-D-R\u00e9f-16613.jpg\" data-link=\"http:\/\/www.1010votropticien.com\/blog\/?attachment_id=10290\" class=\"wp-image-10290\" srcset=\"http:\/\/www.1010votropticien.com\/blog\/wp-content\/uploads\/2021\/04\/Lunettes-de-soleil-Lou-D-R\u00e9f-16613-1024x1024.jpg 1024w, http:\/\/www.1010votropticien.com\/blog\/wp-content\/uploads\/2021\/04\/Lunettes-de-soleil-Lou-D-R\u00e9f-16613-300x300.jpg 300w, http:\/\/www.1010votropticien.com\/blog\/wp-content\/uploads\/2021\/04\/Lunettes-de-soleil-Lou-D-R\u00e9f-16613-768x768.jpg 768w, http:\/\/www.1010votropticien.com\/blog\/wp-content\/uploads\/2021\/04\/Lunettes-de-soleil-Lou-D-R\u00e9f-16613-1536x1536.jpg 1536w, http:\/\/www.1010votropticien.com\/blog\/wp-content\/uploads\/2021\/04\/Lunettes-de-soleil-Lou-D-R\u00e9f-16613-160x160.jpg 160w, http:\/\/www.1010votropticien.com\/blog\/wp-content\/uploads\/2021\/04\/Lunettes-de-soleil-Lou-D-R\u00e9f-16613-240x240.jpg 240w, http:\/\/www.1010votropticien.com\/blog\/wp-content\/uploads\/2021\/04\/Lunettes-de-soleil-Lou-D-R\u00e9f-16613-60x60.jpg 60w, http:\/\/www.1010votropticien.com\/blog\/wp-content\/uploads\/2021\/04\/Lunettes-de-soleil-Lou-D-R\u00e9f-16613-184x184.jpg 184w, http:\/\/www.1010votropticien.com\/blog\/wp-content\/uploads\/2021\/04\/Lunettes-de-soleil-Lou-D-R\u00e9f-16613-50x50.jpg 50w, http:\/\/www.1010votropticien.com\/blog\/wp-content\/uploads\/2021\/04\/Lunettes-de-soleil-Lou-D-R\u00e9f-16613.jpg 1920w\" sizes=\"(max-width: 1024px) 100vw, 1024px\" \/><\/figure><\/li><li class=\"blocks-gallery-item\"><figure><img decoding=\"async\" loading=\"lazy\" width=\"1024\" height=\"1024\" src=\"http:\/\/www.1010votropticien.com\/blog\/wp-content\/uploads\/2021\/04\/Lunettes-de-soleil-Lou-D-R\u00e9f-16616-1024x1024.jpg\" alt=\"Lunettes de soleil Lou D R\u00e9f 16616\" data-id=\"10291\" data-full-url=\"http:\/\/www.1010votropticien.com\/blog\/wp-content\/uploads\/2021\/04\/Lunettes-de-soleil-Lou-D-R\u00e9f-16616.jpg\" data-link=\"http:\/\/www.1010votropticien.com\/blog\/?attachment_id=10291\" class=\"wp-image-10291\" srcset=\"http:\/\/www.1010votropticien.com\/blog\/wp-content\/uploads\/2021\/04\/Lunettes-de-soleil-Lou-D-R\u00e9f-16616-1024x1024.jpg 1024w, http:\/\/www.1010votropticien.com\/blog\/wp-content\/uploads\/2021\/04\/Lunettes-de-soleil-Lou-D-R\u00e9f-16616-300x300.jpg 300w, http:\/\/www.1010votropticien.com\/blog\/wp-content\/uploads\/2021\/04\/Lunettes-de-soleil-Lou-D-R\u00e9f-16616-768x768.jpg 768w, http:\/\/www.1010votropticien.com\/blog\/wp-content\/uploads\/2021\/04\/Lunettes-de-soleil-Lou-D-R\u00e9f-16616-1536x1536.jpg 1536w, http:\/\/www.1010votropticien.com\/blog\/wp-content\/uploads\/2021\/04\/Lunettes-de-soleil-Lou-D-R\u00e9f-16616-160x160.jpg 160w, http:\/\/www.1010votropticien.com\/blog\/wp-content\/uploads\/2021\/04\/Lunettes-de-soleil-Lou-D-R\u00e9f-16616-240x240.jpg 240w, http:\/\/www.1010votropticien.com\/blog\/wp-content\/uploads\/2021\/04\/Lunettes-de-soleil-Lou-D-R\u00e9f-16616-60x60.jpg 60w, http:\/\/www.1010votropticien.com\/blog\/wp-content\/uploads\/2021\/04\/Lunettes-de-soleil-Lou-D-R\u00e9f-16616-184x184.jpg 184w, http:\/\/www.1010votropticien.com\/blog\/wp-content\/uploads\/2021\/04\/Lunettes-de-soleil-Lou-D-R\u00e9f-16616-50x50.jpg 50w, http:\/\/www.1010votropticien.com\/blog\/wp-content\/uploads\/2021\/04\/Lunettes-de-soleil-Lou-D-R\u00e9f-16616.jpg 1920w\" sizes=\"(max-width: 1024px) 100vw, 1024px\" \/><\/figure><\/li><li class=\"blocks-gallery-item\"><figure><img decoding=\"async\" loading=\"lazy\" width=\"1024\" height=\"1024\" src=\"http:\/\/www.1010votropticien.com\/blog\/wp-content\/uploads\/2021\/04\/Lunettes-de-soleil-Lou-D-R\u00e9f-17304-1024x1024.jpg\" alt=\"Lunettes de soleil Lou D R\u00e9f 17304\" data-id=\"10292\" data-full-url=\"http:\/\/www.1010votropticien.com\/blog\/wp-content\/uploads\/2021\/04\/Lunettes-de-soleil-Lou-D-R\u00e9f-17304.jpg\" data-link=\"http:\/\/www.1010votropticien.com\/blog\/?attachment_id=10292\" class=\"wp-image-10292\" srcset=\"http:\/\/www.1010votropticien.com\/blog\/wp-content\/uploads\/2021\/04\/Lunettes-de-soleil-Lou-D-R\u00e9f-17304-1024x1024.jpg 1024w, http:\/\/www.1010votropticien.com\/blog\/wp-content\/uploads\/2021\/04\/Lunettes-de-soleil-Lou-D-R\u00e9f-17304-300x300.jpg 300w, http:\/\/www.1010votropticien.com\/blog\/wp-content\/uploads\/2021\/04\/Lunettes-de-soleil-Lou-D-R\u00e9f-17304-768x768.jpg 768w, http:\/\/www.1010votropticien.com\/blog\/wp-content\/uploads\/2021\/04\/Lunettes-de-soleil-Lou-D-R\u00e9f-17304-1536x1536.jpg 1536w, http:\/\/www.1010votropticien.com\/blog\/wp-content\/uploads\/2021\/04\/Lunettes-de-soleil-Lou-D-R\u00e9f-17304-160x160.jpg 160w, http:\/\/www.1010votropticien.com\/blog\/wp-content\/uploads\/2021\/04\/Lunettes-de-soleil-Lou-D-R\u00e9f-17304-240x240.jpg 240w, http:\/\/www.1010votropticien.com\/blog\/wp-content\/uploads\/2021\/04\/Lunettes-de-soleil-Lou-D-R\u00e9f-17304-60x60.jpg 60w, http:\/\/www.1010votropticien.com\/blog\/wp-content\/uploads\/2021\/04\/Lunettes-de-soleil-Lou-D-R\u00e9f-17304-184x184.jpg 184w, http:\/\/www.1010votropticien.com\/blog\/wp-content\/uploads\/2021\/04\/Lunettes-de-soleil-Lou-D-R\u00e9f-17304-50x50.jpg 50w, http:\/\/www.1010votropticien.com\/blog\/wp-content\/uploads\/2021\/04\/Lunettes-de-soleil-Lou-D-R\u00e9f-17304.jpg 1920w\" sizes=\"(max-width: 1024px) 100vw, 1024px\" \/><\/figure><\/li><li class=\"blocks-gallery-item\"><figure><img decoding=\"async\" loading=\"lazy\" width=\"1024\" height=\"1024\" src=\"http:\/\/www.1010votropticien.com\/blog\/wp-content\/uploads\/2021\/04\/Lunettes-de-soleil-Lou-R\u00e9f-16611-1024x1024.jpg\" alt=\"Lunettes de soleil Lou R\u00e9f 16611\" data-id=\"10293\" data-full-url=\"http:\/\/www.1010votropticien.com\/blog\/wp-content\/uploads\/2021\/04\/Lunettes-de-soleil-Lou-R\u00e9f-16611.jpg\" data-link=\"http:\/\/www.1010votropticien.com\/blog\/?attachment_id=10293\" class=\"wp-image-10293\" srcset=\"http:\/\/www.1010votropticien.com\/blog\/wp-content\/uploads\/2021\/04\/Lunettes-de-soleil-Lou-R\u00e9f-16611-1024x1024.jpg 1024w, http:\/\/www.1010votropticien.com\/blog\/wp-content\/uploads\/2021\/04\/Lunettes-de-soleil-Lou-R\u00e9f-16611-300x300.jpg 300w, http:\/\/www.1010votropticien.com\/blog\/wp-content\/uploads\/2021\/04\/Lunettes-de-soleil-Lou-R\u00e9f-16611-768x768.jpg 768w, http:\/\/www.1010votropticien.com\/blog\/wp-content\/uploads\/2021\/04\/Lunettes-de-soleil-Lou-R\u00e9f-16611-1536x1536.jpg 1536w, http:\/\/www.1010votropticien.com\/blog\/wp-content\/uploads\/2021\/04\/Lunettes-de-soleil-Lou-R\u00e9f-16611-160x160.jpg 160w, http:\/\/www.1010votropticien.com\/blog\/wp-content\/uploads\/2021\/04\/Lunettes-de-soleil-Lou-R\u00e9f-16611-240x240.jpg 240w, http:\/\/www.1010votropticien.com\/blog\/wp-content\/uploads\/2021\/04\/Lunettes-de-soleil-Lou-R\u00e9f-16611-60x60.jpg 60w, http:\/\/www.1010votropticien.com\/blog\/wp-content\/uploads\/2021\/04\/Lunettes-de-soleil-Lou-R\u00e9f-16611-184x184.jpg 184w, http:\/\/www.1010votropticien.com\/blog\/wp-content\/uploads\/2021\/04\/Lunettes-de-soleil-Lou-R\u00e9f-16611-50x50.jpg 50w, http:\/\/www.1010votropticien.com\/blog\/wp-content\/uploads\/2021\/04\/Lunettes-de-soleil-Lou-R\u00e9f-16611.jpg 1920w\" sizes=\"(max-width: 1024px) 100vw, 1024px\" \/><\/figure><\/li><li class=\"blocks-gallery-item\"><figure><img decoding=\"async\" loading=\"lazy\" width=\"1024\" height=\"1024\" src=\"http:\/\/www.1010votropticien.com\/blog\/wp-content\/uploads\/2021\/04\/Lunettes-de-soleil-Lou-R\u00e9f-16613-1024x1024.jpg\" alt=\"Lunettes de soleil Lou R\u00e9f 16613\" data-id=\"10294\" data-full-url=\"http:\/\/www.1010votropticien.com\/blog\/wp-content\/uploads\/2021\/04\/Lunettes-de-soleil-Lou-R\u00e9f-16613.jpg\" data-link=\"http:\/\/www.1010votropticien.com\/blog\/?attachment_id=10294\" class=\"wp-image-10294\" srcset=\"http:\/\/www.1010votropticien.com\/blog\/wp-content\/uploads\/2021\/04\/Lunettes-de-soleil-Lou-R\u00e9f-16613-1024x1024.jpg 1024w, http:\/\/www.1010votropticien.com\/blog\/wp-content\/uploads\/2021\/04\/Lunettes-de-soleil-Lou-R\u00e9f-16613-300x300.jpg 300w, http:\/\/www.1010votropticien.com\/blog\/wp-content\/uploads\/2021\/04\/Lunettes-de-soleil-Lou-R\u00e9f-16613-768x768.jpg 768w, http:\/\/www.1010votropticien.com\/blog\/wp-content\/uploads\/2021\/04\/Lunettes-de-soleil-Lou-R\u00e9f-16613-1536x1536.jpg 1536w, http:\/\/www.1010votropticien.com\/blog\/wp-content\/uploads\/2021\/04\/Lunettes-de-soleil-Lou-R\u00e9f-16613-160x160.jpg 160w, http:\/\/www.1010votropticien.com\/blog\/wp-content\/uploads\/2021\/04\/Lunettes-de-soleil-Lou-R\u00e9f-16613-240x240.jpg 240w, http:\/\/www.1010votropticien.com\/blog\/wp-content\/uploads\/2021\/04\/Lunettes-de-soleil-Lou-R\u00e9f-16613-60x60.jpg 60w, http:\/\/www.1010votropticien.com\/blog\/wp-content\/uploads\/2021\/04\/Lunettes-de-soleil-Lou-R\u00e9f-16613-184x184.jpg 184w, http:\/\/www.1010votropticien.com\/blog\/wp-content\/uploads\/2021\/04\/Lunettes-de-soleil-Lou-R\u00e9f-16613-50x50.jpg 50w, http:\/\/www.1010votropticien.com\/blog\/wp-content\/uploads\/2021\/04\/Lunettes-de-soleil-Lou-R\u00e9f-16613.jpg 1920w\" sizes=\"(max-width: 1024px) 100vw, 1024px\" \/><\/figure><\/li><li class=\"blocks-gallery-item\"><figure><img decoding=\"async\" loading=\"lazy\" width=\"1024\" height=\"1024\" src=\"http:\/\/www.1010votropticien.com\/blog\/wp-content\/uploads\/2021\/04\/Lunettes-de-soleil-Lou-R\u00e9f-16614-1024x1024.jpg\" alt=\"Lunettes de soleil Lou R\u00e9f 16614\" data-id=\"10295\" data-full-url=\"http:\/\/www.1010votropticien.com\/blog\/wp-content\/uploads\/2021\/04\/Lunettes-de-soleil-Lou-R\u00e9f-16614.jpg\" data-link=\"http:\/\/www.1010votropticien.com\/blog\/?attachment_id=10295\" class=\"wp-image-10295\" srcset=\"http:\/\/www.1010votropticien.com\/blog\/wp-content\/uploads\/2021\/04\/Lunettes-de-soleil-Lou-R\u00e9f-16614-1024x1024.jpg 1024w, http:\/\/www.1010votropticien.com\/blog\/wp-content\/uploads\/2021\/04\/Lunettes-de-soleil-Lou-R\u00e9f-16614-300x300.jpg 300w, http:\/\/www.1010votropticien.com\/blog\/wp-content\/uploads\/2021\/04\/Lunettes-de-soleil-Lou-R\u00e9f-16614-768x768.jpg 768w, http:\/\/www.1010votropticien.com\/blog\/wp-content\/uploads\/2021\/04\/Lunettes-de-soleil-Lou-R\u00e9f-16614-1536x1536.jpg 1536w, http:\/\/www.1010votropticien.com\/blog\/wp-content\/uploads\/2021\/04\/Lunettes-de-soleil-Lou-R\u00e9f-16614-160x160.jpg 160w, http:\/\/www.1010votropticien.com\/blog\/wp-content\/uploads\/2021\/04\/Lunettes-de-soleil-Lou-R\u00e9f-16614-240x240.jpg 240w, http:\/\/www.1010votropticien.com\/blog\/wp-content\/uploads\/2021\/04\/Lunettes-de-soleil-Lou-R\u00e9f-16614-60x60.jpg 60w, http:\/\/www.1010votropticien.com\/blog\/wp-content\/uploads\/2021\/04\/Lunettes-de-soleil-Lou-R\u00e9f-16614-184x184.jpg 184w, http:\/\/www.1010votropticien.com\/blog\/wp-content\/uploads\/2021\/04\/Lunettes-de-soleil-Lou-R\u00e9f-16614-50x50.jpg 50w, http:\/\/www.1010votropticien.com\/blog\/wp-content\/uploads\/2021\/04\/Lunettes-de-soleil-Lou-R\u00e9f-16614.jpg 1920w\" sizes=\"(max-width: 1024px) 100vw, 1024px\" \/><\/figure><\/li><li class=\"blocks-gallery-item\"><figure><img decoding=\"async\" loading=\"lazy\" width=\"1024\" height=\"1024\" src=\"http:\/\/www.1010votropticien.com\/blog\/wp-content\/uploads\/2021\/04\/Lunettes-de-soleil-Lou-R\u00e9f-16616-1024x1024.jpg\" alt=\"Lunettes de soleil Lou R\u00e9f 16616\" data-id=\"10296\" data-full-url=\"http:\/\/www.1010votropticien.com\/blog\/wp-content\/uploads\/2021\/04\/Lunettes-de-soleil-Lou-R\u00e9f-16616.jpg\" data-link=\"http:\/\/www.1010votropticien.com\/blog\/?attachment_id=10296\" class=\"wp-image-10296\" srcset=\"http:\/\/www.1010votropticien.com\/blog\/wp-content\/uploads\/2021\/04\/Lunettes-de-soleil-Lou-R\u00e9f-16616-1024x1024.jpg 1024w, http:\/\/www.1010votropticien.com\/blog\/wp-content\/uploads\/2021\/04\/Lunettes-de-soleil-Lou-R\u00e9f-16616-300x300.jpg 300w, http:\/\/www.1010votropticien.com\/blog\/wp-content\/uploads\/2021\/04\/Lunettes-de-soleil-Lou-R\u00e9f-16616-768x768.jpg 768w, http:\/\/www.1010votropticien.com\/blog\/wp-content\/uploads\/2021\/04\/Lunettes-de-soleil-Lou-R\u00e9f-16616-1536x1536.jpg 1536w, http:\/\/www.1010votropticien.com\/blog\/wp-content\/uploads\/2021\/04\/Lunettes-de-soleil-Lou-R\u00e9f-16616-160x160.jpg 160w, http:\/\/www.1010votropticien.com\/blog\/wp-content\/uploads\/2021\/04\/Lunettes-de-soleil-Lou-R\u00e9f-16616-240x240.jpg 240w, http:\/\/www.1010votropticien.com\/blog\/wp-content\/uploads\/2021\/04\/Lunettes-de-soleil-Lou-R\u00e9f-16616-60x60.jpg 60w, http:\/\/www.1010votropticien.com\/blog\/wp-content\/uploads\/2021\/04\/Lunettes-de-soleil-Lou-R\u00e9f-16616-184x184.jpg 184w, http:\/\/www.1010votropticien.com\/blog\/wp-content\/uploads\/2021\/04\/Lunettes-de-soleil-Lou-R\u00e9f-16616-50x50.jpg 50w, http:\/\/www.1010votropticien.com\/blog\/wp-content\/uploads\/2021\/04\/Lunettes-de-soleil-Lou-R\u00e9f-16616.jpg 1920w\" sizes=\"(max-width: 1024px) 100vw, 1024px\" \/><\/figure><\/li><li class=\"blocks-gallery-item\"><figure><img decoding=\"async\" loading=\"lazy\" width=\"1024\" height=\"1024\" src=\"http:\/\/www.1010votropticien.com\/blog\/wp-content\/uploads\/2021\/04\/Lunettes-de-soleil-Lou-R\u00e9f-17304-1024x1024.jpg\" alt=\"Lunettes de soleil Lou R\u00e9f 17304\" data-id=\"10297\" data-full-url=\"http:\/\/www.1010votropticien.com\/blog\/wp-content\/uploads\/2021\/04\/Lunettes-de-soleil-Lou-R\u00e9f-17304.jpg\" data-link=\"http:\/\/www.1010votropticien.com\/blog\/?attachment_id=10297\" class=\"wp-image-10297\" srcset=\"http:\/\/www.1010votropticien.com\/blog\/wp-content\/uploads\/2021\/04\/Lunettes-de-soleil-Lou-R\u00e9f-17304-1024x1024.jpg 1024w, http:\/\/www.1010votropticien.com\/blog\/wp-content\/uploads\/2021\/04\/Lunettes-de-soleil-Lou-R\u00e9f-17304-300x300.jpg 300w, http:\/\/www.1010votropticien.com\/blog\/wp-content\/uploads\/2021\/04\/Lunettes-de-soleil-Lou-R\u00e9f-17304-768x768.jpg 768w, http:\/\/www.1010votropticien.com\/blog\/wp-content\/uploads\/2021\/04\/Lunettes-de-soleil-Lou-R\u00e9f-17304-1536x1536.jpg 1536w, http:\/\/www.1010votropticien.com\/blog\/wp-content\/uploads\/2021\/04\/Lunettes-de-soleil-Lou-R\u00e9f-17304-160x160.jpg 160w, http:\/\/www.1010votropticien.com\/blog\/wp-content\/uploads\/2021\/04\/Lunettes-de-soleil-Lou-R\u00e9f-17304-240x240.jpg 240w, http:\/\/www.1010votropticien.com\/blog\/wp-content\/uploads\/2021\/04\/Lunettes-de-soleil-Lou-R\u00e9f-17304-60x60.jpg 60w, http:\/\/www.1010votropticien.com\/blog\/wp-content\/uploads\/2021\/04\/Lunettes-de-soleil-Lou-R\u00e9f-17304-184x184.jpg 184w, http:\/\/www.1010votropticien.com\/blog\/wp-content\/uploads\/2021\/04\/Lunettes-de-soleil-Lou-R\u00e9f-17304-50x50.jpg 50w, http:\/\/www.1010votropticien.com\/blog\/wp-content\/uploads\/2021\/04\/Lunettes-de-soleil-Lou-R\u00e9f-17304.jpg 1920w\" sizes=\"(max-width: 1024px) 100vw, 1024px\" \/><\/figure><\/li><li class=\"blocks-gallery-item\"><figure><img decoding=\"async\" loading=\"lazy\" width=\"1024\" height=\"1024\" src=\"http:\/\/www.1010votropticien.com\/blog\/wp-content\/uploads\/2021\/04\/Lunettes-de-soleil-Lou-R\u00e9f-17309-1024x1024.jpg\" alt=\"Lunettes de soleil Lou R\u00e9f 17309\" data-id=\"10298\" data-full-url=\"http:\/\/www.1010votropticien.com\/blog\/wp-content\/uploads\/2021\/04\/Lunettes-de-soleil-Lou-R\u00e9f-17309.jpg\" data-link=\"http:\/\/www.1010votropticien.com\/blog\/?attachment_id=10298\" class=\"wp-image-10298\" srcset=\"http:\/\/www.1010votropticien.com\/blog\/wp-content\/uploads\/2021\/04\/Lunettes-de-soleil-Lou-R\u00e9f-17309-1024x1024.jpg 1024w, http:\/\/www.1010votropticien.com\/blog\/wp-content\/uploads\/2021\/04\/Lunettes-de-soleil-Lou-R\u00e9f-17309-300x300.jpg 300w, http:\/\/www.1010votropticien.com\/blog\/wp-content\/uploads\/2021\/04\/Lunettes-de-soleil-Lou-R\u00e9f-17309-768x768.jpg 768w, http:\/\/www.1010votropticien.com\/blog\/wp-content\/uploads\/2021\/04\/Lunettes-de-soleil-Lou-R\u00e9f-17309-1536x1536.jpg 1536w, http:\/\/www.1010votropticien.com\/blog\/wp-content\/uploads\/2021\/04\/Lunettes-de-soleil-Lou-R\u00e9f-17309-160x160.jpg 160w, http:\/\/www.1010votropticien.com\/blog\/wp-content\/uploads\/2021\/04\/Lunettes-de-soleil-Lou-R\u00e9f-17309-240x240.jpg 240w, http:\/\/www.1010votropticien.com\/blog\/wp-content\/uploads\/2021\/04\/Lunettes-de-soleil-Lou-R\u00e9f-17309-60x60.jpg 60w, http:\/\/www.1010votropticien.com\/blog\/wp-content\/uploads\/2021\/04\/Lunettes-de-soleil-Lou-R\u00e9f-17309-184x184.jpg 184w, http:\/\/www.1010votropticien.com\/blog\/wp-content\/uploads\/2021\/04\/Lunettes-de-soleil-Lou-R\u00e9f-17309-50x50.jpg 50w, http:\/\/www.1010votropticien.com\/blog\/wp-content\/uploads\/2021\/04\/Lunettes-de-soleil-Lou-R\u00e9f-17309.jpg 1920w\" sizes=\"(max-width: 1024px) 100vw, 1024px\" \/><\/figure><\/li><li class=\"blocks-gallery-item\"><figure><img decoding=\"async\" loading=\"lazy\" width=\"1024\" height=\"1024\" src=\"http:\/\/www.1010votropticien.com\/blog\/wp-content\/uploads\/2021\/04\/Lunettes-de-soleil-Lou-V-R\u00e9f-16611-1024x1024.jpg\" alt=\"Lunettes de soleil Lou V R\u00e9f 16611\" data-id=\"10299\" data-full-url=\"http:\/\/www.1010votropticien.com\/blog\/wp-content\/uploads\/2021\/04\/Lunettes-de-soleil-Lou-V-R\u00e9f-16611.jpg\" data-link=\"http:\/\/www.1010votropticien.com\/blog\/?attachment_id=10299\" class=\"wp-image-10299\" srcset=\"http:\/\/www.1010votropticien.com\/blog\/wp-content\/uploads\/2021\/04\/Lunettes-de-soleil-Lou-V-R\u00e9f-16611-1024x1024.jpg 1024w, http:\/\/www.1010votropticien.com\/blog\/wp-content\/uploads\/2021\/04\/Lunettes-de-soleil-Lou-V-R\u00e9f-16611-300x300.jpg 300w, http:\/\/www.1010votropticien.com\/blog\/wp-content\/uploads\/2021\/04\/Lunettes-de-soleil-Lou-V-R\u00e9f-16611-768x768.jpg 768w, http:\/\/www.1010votropticien.com\/blog\/wp-content\/uploads\/2021\/04\/Lunettes-de-soleil-Lou-V-R\u00e9f-16611-1536x1536.jpg 1536w, http:\/\/www.1010votropticien.com\/blog\/wp-content\/uploads\/2021\/04\/Lunettes-de-soleil-Lou-V-R\u00e9f-16611-160x160.jpg 160w, http:\/\/www.1010votropticien.com\/blog\/wp-content\/uploads\/2021\/04\/Lunettes-de-soleil-Lou-V-R\u00e9f-16611-240x240.jpg 240w, http:\/\/www.1010votropticien.com\/blog\/wp-content\/uploads\/2021\/04\/Lunettes-de-soleil-Lou-V-R\u00e9f-16611-60x60.jpg 60w, http:\/\/www.1010votropticien.com\/blog\/wp-content\/uploads\/2021\/04\/Lunettes-de-soleil-Lou-V-R\u00e9f-16611-184x184.jpg 184w, http:\/\/www.1010votropticien.com\/blog\/wp-content\/uploads\/2021\/04\/Lunettes-de-soleil-Lou-V-R\u00e9f-16611-50x50.jpg 50w, http:\/\/www.1010votropticien.com\/blog\/wp-content\/uploads\/2021\/04\/Lunettes-de-soleil-Lou-V-R\u00e9f-16611.jpg 1920w\" sizes=\"(max-width: 1024px) 100vw, 1024px\" \/><\/figure><\/li><li class=\"blocks-gallery-item\"><figure><img decoding=\"async\" loading=\"lazy\" width=\"1024\" height=\"1024\" src=\"http:\/\/www.1010votropticien.com\/blog\/wp-content\/uploads\/2021\/04\/Lunettes-de-soleil-Lou-V-R\u00e9f-16614-1024x1024.jpg\" alt=\"Lunettes de soleil Lou V R\u00e9f 16614\" data-id=\"10300\" data-full-url=\"http:\/\/www.1010votropticien.com\/blog\/wp-content\/uploads\/2021\/04\/Lunettes-de-soleil-Lou-V-R\u00e9f-16614.jpg\" data-link=\"http:\/\/www.1010votropticien.com\/blog\/?attachment_id=10300\" class=\"wp-image-10300\" srcset=\"http:\/\/www.1010votropticien.com\/blog\/wp-content\/uploads\/2021\/04\/Lunettes-de-soleil-Lou-V-R\u00e9f-16614-1024x1024.jpg 1024w, http:\/\/www.1010votropticien.com\/blog\/wp-content\/uploads\/2021\/04\/Lunettes-de-soleil-Lou-V-R\u00e9f-16614-300x300.jpg 300w, http:\/\/www.1010votropticien.com\/blog\/wp-content\/uploads\/2021\/04\/Lunettes-de-soleil-Lou-V-R\u00e9f-16614-768x768.jpg 768w, http:\/\/www.1010votropticien.com\/blog\/wp-content\/uploads\/2021\/04\/Lunettes-de-soleil-Lou-V-R\u00e9f-16614-1536x1536.jpg 1536w, http:\/\/www.1010votropticien.com\/blog\/wp-content\/uploads\/2021\/04\/Lunettes-de-soleil-Lou-V-R\u00e9f-16614-160x160.jpg 160w, http:\/\/www.1010votropticien.com\/blog\/wp-content\/uploads\/2021\/04\/Lunettes-de-soleil-Lou-V-R\u00e9f-16614-240x240.jpg 240w, http:\/\/www.1010votropticien.com\/blog\/wp-content\/uploads\/2021\/04\/Lunettes-de-soleil-Lou-V-R\u00e9f-16614-60x60.jpg 60w, http:\/\/www.1010votropticien.com\/blog\/wp-content\/uploads\/2021\/04\/Lunettes-de-soleil-Lou-V-R\u00e9f-16614-184x184.jpg 184w, http:\/\/www.1010votropticien.com\/blog\/wp-content\/uploads\/2021\/04\/Lunettes-de-soleil-Lou-V-R\u00e9f-16614-50x50.jpg 50w, http:\/\/www.1010votropticien.com\/blog\/wp-content\/uploads\/2021\/04\/Lunettes-de-soleil-Lou-V-R\u00e9f-16614.jpg 1920w\" sizes=\"(max-width: 1024px) 100vw, 1024px\" \/><\/figure><\/li><\/ul><\/figure>\n","protected":false},"excerpt":{"rendered":"<p>Nouveau : Achetez votre Lou directement en ligne, livraison \u00e0 domicile ou retrait en magasin ou au drive sans frais en cliquant directement ici Voici un petit aper\u00e7u des mod\u00e8les de la collection Calvin Klein &#8230; Venez vite en magasin les essayer et d\u00e9couvrir d&rsquo;autres mod\u00e8les!<\/p>\n","protected":false},"author":4,"featured_media":0,"parent":0,"menu_order":0,"comment_status":"closed","ping_status":"closed","template":"","meta":{"ngg_post_thumbnail":0},"_links":{"self":[{"href":"http:\/\/www.1010votropticien.com\/blog\/wp-json\/wp\/v2\/pages\/10289"}],"collection":[{"href":"http:\/\/www.1010votropticien.com\/blog\/wp-json\/wp\/v2\/pages"}],"about":[{"href":"http:\/\/www.1010votropticien.com\/blog\/wp-json\/wp\/v2\/types\/page"}],"author":[{"embeddable":true,"href":"http:\/\/www.1010votropticien.com\/blog\/wp-json\/wp\/v2\/users\/4"}],"replies":[{"embeddable":true,"href":"http:\/\/www.1010votropticien.com\/blog\/wp-json\/wp\/v2\/comments?post=10289"}],"version-history":[{"count":2,"href":"http:\/\/www.1010votropticien.com\/blog\/wp-json\/wp\/v2\/pages\/10289\/revisions"}],"predecessor-version":[{"id":10374,"href":"http:\/\/www.1010votropticien.com\/blog\/wp-json\/wp\/v2\/pages\/10289\/revisions\/10374"}],"wp:attachment":[{"href":"http:\/\/www.1010votropticien.com\/blog\/wp-json\/wp\/v2\/media?parent=10289"}],"curies":[{"name":"wp","href":"https:\/\/api.w.org\/{rel}","templated":true}]}}